{"id":781938,"date":"2026-02-01T14:37:27","date_gmt":"2026-02-01T11:37:27","guid":{"rendered":"https:\/\/roveyayinevi.com.tr\/index.php\/urun\/hafizam-cerkesce\/"},"modified":"2026-04-16T02:34:45","modified_gmt":"2026-04-15T23:34:45","slug":"hafizam-cerkesce","status":"publish","type":"product","link":"https:\/\/roveyayinevi.com.tr\/index.php\/urun\/hafizam-cerkesce\/","title":{"rendered":"Haf\u0131zam \u00c7erkes\u00e7e"},"content":{"rendered":"<p>\u201c\u00c7erkesli\u011fimiz \u00e7ok g\u00fczel bir \u015feydi yavrum&#8230; Bir b\u00fcy\u00fck girince b\u00f6yle, insan aya\u011fa kalkmaz m\u0131, mesela? Zor olan \u015feylerimiz de vard\u0131 tabii. Hani konu\u015fmazd\u0131 kay\u0131nbabayla, ama geri kalan\u0131n\u0131n hepsi \u00e7ok g\u00fczeldi. Sayg\u0131l\u0131yd\u0131, \u00e7ok g\u00fczeldi. \u0130nsan\u0131 yorar m\u0131, yormazd\u0131\u2026 Bir ya\u015fl\u0131n\u0131n \u00f6n\u00fcn\u00fc kesmiyorduk&#8230; \u015eimdi unuttuk, \u015fimdi unuttuk!\u201d T\u00fcrkiye\u2019deki \u00c7erkeslere, \u201cbir bilmeyene anlat\u0131r gibi kendini, \u00c7erkesli\u011fi\u201d anlatt\u0131r\u0131yor Ula\u015f Sunata. Farkl\u0131 ya\u015f ve cinsiyet gruplar\u0131ndan, farkl\u0131 co\u011frafi b\u00f6l gelerden, k\u0131rdan ve kentten, farkl\u0131 siyasi g\u00f6r\u00fc\u015flerden \u00c7erkes bireyler, \u00c7erkesler ve \u00c7erkeslik hak k\u0131ndaki alg\u0131lar\u0131n\u0131 yans\u0131t\u0131yorlar. Yakla\u015f\u0131k 150 y\u0131l \u00f6nce anavatanlar\u0131ndan zorunlu bir g\u00f6\u00e7le gelerek bir diaspora olu\u015fturan \u00c7erkeslerin \u201ckonma\u201d tecr\u00fcbesi, ya\u015fad\u0131klar\u0131 mahrumiyetler&#8230; Eski-yerlilerle, Ermenilerle, Rumlarla \u201ckar\u015f\u0131la\u015fmalar\u0131\u201d\u2026 Soyluluk ve k\u00f6lelik ger\u00e7e\u011fi\u2026 \u201cAt h\u0131rs\u0131zl\u0131\u011f\u0131\u201d gururu\u2026 Gelenekler\u2026 Kad\u0131n-erkek ili\u015fkileri, \u201cb\u00fcy\u00fckler\u201dle ili\u015fkiler ve\u201ca\u015f\u0131r\u0131 sayg\u0131\u201d ahl\u00e2k\u0131\u2026 Anlayan\u0131 belki \u00e7\u0131ksa da, \u00e7o\u011funlukla konu\u015fulmaz hale gelen dil\u2026 Din\u00ee kimlik ve T\u00fcrk milliyet\u00e7ili\u011fiyle eklemlenme meselesi\u2026 Ve b\u00fct\u00fcn bunlara dair hem dayan\u0131kl\u0131l\u0131\u011f\u0131n\u0131 koruyan hem farkl\u0131la\u015fan haf\u0131za. G\u00f6rm\u00fc\u015f ge\u00e7irmi\u015f bir kolektif haf\u0131zan\u0131n d\u00f6k\u00fcm\u00fc&#8230;<\/p>\n","protected":false},"excerpt":{"rendered":"<p>\u201c\u00c7erkesli\u011fimiz \u00e7ok g\u00fczel bir \u015feydi yavrum&#8230; Bir b\u00fcy\u00fck girince b\u00f6yle, insan aya\u011fa kalkmaz m\u0131, mesela? Zor olan \u015feylerimiz de vard\u0131 tabii. Hani konu\u015fmazd\u0131 kay\u0131nbabayla, ama geri<span class=\"excerpt-hellip\"> [\u2026]<\/span><\/p>\n","protected":false},"featured_media":0,"template":"","meta":{"_monsterinsights_skip_tracking":false,"_monsterinsights_sitenote_active":false,"_monsterinsights_sitenote_note":"","_monsterinsights_sitenote_category":0},"product_brand":[],"product_cat":[12370,12304],"product_tag":[],"class_list":{"0":"post-781938","1":"product","2":"type-product","3":"status-publish","5":"product_cat-arastirma-inceleme","6":"product_cat-tarih","7":"pa_cilt-ciltsiz","8":"pa_tur-kitap","9":"pa_yayinevi-iletisim-yayinlari","10":"pa_yazar-ulas-sunata","12":"first","13":"instock","14":"sale","15":"shipping-taxable","16":"purchasable","17":"product-type-simple"},"_links":{"self":[{"href":"https:\/\/roveyayinevi.com.tr\/index.php\/wp-json\/wp\/v2\/product\/781938","targetHints":{"allow":["GET"]}}],"collection":[{"href":"https:\/\/roveyayinevi.com.tr\/index.php\/wp-json\/wp\/v2\/product"}],"about":[{"href":"https:\/\/roveyayinevi.com.tr\/index.php\/wp-json\/wp\/v2\/types\/product"}],"wp:attachment":[{"href":"https:\/\/roveyayinevi.com.tr\/index.php\/wp-json\/wp\/v2\/media?parent=781938"}],"wp:term":[{"taxonomy":"product_brand","embeddable":true,"href":"https:\/\/roveyayinevi.com.tr\/index.php\/wp-json\/wp\/v2\/product_brand?post=781938"},{"taxonomy":"product_cat","embeddable":true,"href":"https:\/\/roveyayinevi.com.tr\/index.php\/wp-json\/wp\/v2\/product_cat?post=781938"},{"taxonomy":"product_tag","embeddable":true,"href":"https:\/\/roveyayinevi.com.tr\/index.php\/wp-json\/wp\/v2\/product_tag?post=781938"}],"curies":[{"name":"wp","href":"https:\/\/api.w.org\/{rel}","templated":true}]}}