{"id":781935,"date":"2026-02-01T14:35:48","date_gmt":"2026-02-01T11:35:48","guid":{"rendered":"https:\/\/roveyayinevi.com.tr\/index.php\/urun\/algoritmalar-ne-ister\/"},"modified":"2026-04-16T02:33:38","modified_gmt":"2026-04-15T23:33:38","slug":"algoritmalar-ne-ister","status":"publish","type":"product","link":"https:\/\/roveyayinevi.com.tr\/index.php\/urun\/algoritmalar-ne-ister\/","title":{"rendered":"Algoritmalar Ne \u0130ster?"},"content":{"rendered":"<p>Hesaplamal\u0131 sistemlerin bug\u00fcnk\u00fc d\u00fcnyam\u0131z\u0131 nas\u0131l d\u00f6n\u00fc\u015ft\u00fcrd\u00fcklerini anlamak amac\u0131yla algoritma hakk\u0131nda daha derin bir kavray\u0131\u015fa sahip olmam\u0131z gerekti\u011fini s\u00f6yleyen Ed Finn, Neal Stephenson\u2019\u0131n Parazit\u2019inden Diderot&#8217;nun Ansiklopedi\u2019sine, Adam Smith\u2019ten Star Trek bilgisayar\u0131na kadar \u00e7e\u015fitli kaynaklardan yararlanarak teorik fikirler ile pragmatik komutlar aras\u0131ndaki bo\u015flu\u011fu ara\u015ft\u0131r\u0131yor. Siri gibi ak\u0131ll\u0131 yard\u0131mc\u0131lar\u0131n geli\u015ftirili\u015fini, Netflix\u2019te algoritmik esteti\u011fin y\u00fckseli\u015fini, Ian Bogost\u2019un satirik Facebook oyunu Cow Clicker\u2019\u0131 ve Bitcoin\u2019in devrim niteli\u011findeki ekonomisini inceliyor. Google\u2019\u0131n sorular\u0131m\u0131z\u0131 nas\u0131l tahmin etmeye \u00e7al\u0131\u015ft\u0131\u011f\u0131n\u0131, Uber\u2019in \u00e7izgi haritalar\u0131n\u0131, Facebook\u2019un programlanabilir de\u011fer konusundaki giri\u015fimlerini ele al\u0131yor.Algoritmalar Ne \u0130ster? soyutlama ve da\u011f\u0131n\u0131k ger\u00e7eklik aras\u0131ndaki bo\u015flu\u011fu anlamak i\u00e7in yeni deneysel be\u015feri bilimlere \u00f6nc\u00fcl\u00fck eden algoritmik okuma ve modelleme konular\u0131na \u0131\u015f\u0131k tutacak.<\/p>\n","protected":false},"excerpt":{"rendered":"<p>Hesaplamal\u0131 sistemlerin bug\u00fcnk\u00fc d\u00fcnyam\u0131z\u0131 nas\u0131l d\u00f6n\u00fc\u015ft\u00fcrd\u00fcklerini anlamak amac\u0131yla algoritma hakk\u0131nda daha derin bir kavray\u0131\u015fa sahip olmam\u0131z gerekti\u011fini s\u00f6yleyen Ed Finn, Neal Stephenson\u2019\u0131n Parazit\u2019inden Diderot&#8217;nun Ansiklopedi\u2019sine, Adam<span class=\"excerpt-hellip\"> [\u2026]<\/span><\/p>\n","protected":false},"featured_media":0,"template":"","meta":{"_monsterinsights_skip_tracking":false,"_monsterinsights_sitenote_active":false,"_monsterinsights_sitenote_note":"","_monsterinsights_sitenote_category":0},"product_brand":[],"product_cat":[13005,37328],"product_tag":[],"class_list":{"0":"post-781935","1":"product","2":"type-product","3":"status-publish","5":"product_cat-bilim-muhendislik","6":"product_cat-diger-bilim-muhendislik","7":"pa_cilt-ciltsiz","8":"pa_tur-kitap","9":"pa_yayinevi-tellekt","10":"pa_yazar-ed-finn","12":"first","13":"instock","14":"sale","15":"shipping-taxable","16":"purchasable","17":"product-type-simple"},"_links":{"self":[{"href":"https:\/\/roveyayinevi.com.tr\/index.php\/wp-json\/wp\/v2\/product\/781935","targetHints":{"allow":["GET"]}}],"collection":[{"href":"https:\/\/roveyayinevi.com.tr\/index.php\/wp-json\/wp\/v2\/product"}],"about":[{"href":"https:\/\/roveyayinevi.com.tr\/index.php\/wp-json\/wp\/v2\/types\/product"}],"wp:attachment":[{"href":"https:\/\/roveyayinevi.com.tr\/index.php\/wp-json\/wp\/v2\/media?parent=781935"}],"wp:term":[{"taxonomy":"product_brand","embeddable":true,"href":"https:\/\/roveyayinevi.com.tr\/index.php\/wp-json\/wp\/v2\/product_brand?post=781935"},{"taxonomy":"product_cat","embeddable":true,"href":"https:\/\/roveyayinevi.com.tr\/index.php\/wp-json\/wp\/v2\/product_cat?post=781935"},{"taxonomy":"product_tag","embeddable":true,"href":"https:\/\/roveyayinevi.com.tr\/index.php\/wp-json\/wp\/v2\/product_tag?post=781935"}],"curies":[{"name":"wp","href":"https:\/\/api.w.org\/{rel}","templated":true}]}}