{"id":781932,"date":"2026-02-01T14:35:02","date_gmt":"2026-02-01T11:35:02","guid":{"rendered":"https:\/\/roveyayinevi.com.tr\/index.php\/urun\/evelyn-hardcastlein-yedi-olumu\/"},"modified":"2026-04-16T02:32:50","modified_gmt":"2026-04-15T23:32:50","slug":"evelyn-hardcastlein-yedi-olumu","status":"publish","type":"product","link":"https:\/\/roveyayinevi.com.tr\/index.php\/urun\/evelyn-hardcastlein-yedi-olumu\/","title":{"rendered":"Evelyn Hardcastle\u2019\u0131n Yedi \u00d6l\u00fcm\u00fc"},"content":{"rendered":"<p>2018 COSTA K\u0130TAP \u00d6D\u00dcLLER\u0130 EN \u0130Y\u0130 \u0130LK ROMANVarl\u0131kl\u0131, mazisi karanl\u0131k bir ailenin gen\u00e7 ve g\u00fczel k\u0131z\u0131 olan Evelyn Hardcastle bu gece \u00f6lecek. Yar\u0131n da.Ertesi g\u00fcn de.Blackheath Malik\u00e2nesi\u2019nde bir kutlama i\u00e7in toplanan kalabal\u0131k, partinin keyfini \u00e7\u0131kar\u0131rken Evelyn son nefesini verecek.Tekrar, tekrar ve tekrar. Katilin kim oldu\u011funu bulmas\u0131 gereken ve her g\u00fcn malik\u00e2nedeki ba\u015fka biri olarak uyanankahraman\u0131m\u0131z ise kendi ismini dahi hat\u0131rlam\u0131yor. Gizem gittik\u00e7e karma\u015f\u0131kla\u015f\u0131yor: Bug\u00fcn neden ve nas\u0131l s\u00fcrekli tekrarediyor? Salg\u0131n doktoru k\u0131l\u0131kl\u0131 adam kahraman\u0131m\u0131za neden yard\u0131m ediyor? Ayak\u00e7\u0131 ne istiyor? Anna kim? Hardcastle ailesineler sakl\u0131yor? Bu cehennemden kurtulmak m\u00fcmk\u00fcn m\u00fc?Stuart Turton, t\u00fcm d\u00fcnyada ilgiyle kar\u015f\u0131lanan, \u0130ngiltere\u2019de iki y\u00fcz binden fazla satan ilk roman\u0131nda tekrarlanan g\u00fcnfikrini \u00e7etrefil bir polisiye hik\u00e2yeyle harmanl\u0131yor. Agatha Christie romanlar\u0131n\u0131 ve Bug\u00fcn Asl\u0131nda D\u00fcnd\u00fc filmini hat\u0131rlatanbu bulmacay\u0131 \u00e7\u00f6zerken her hamlede \u015fa\u015f\u0131racaks\u0131n\u0131z ve oyun hi\u00e7 beklemedi\u011finiz bir noktada bitecek.Evelyn Hardcastle bu gece \u00f6lecek. Peki yar\u0131n?\u201cKara bir komedi; ak\u0131l yakan ters k\u00f6\u015feleri ve inan\u0131lmaz tuhaf karakterleriyle, bamba\u015fka bir kapal\u0131 oda gizemi.\u201d\u2013Sarah Pinborough, Sunday Times \u00e7oksatan\u0131 G\u00f6zlerinin Ard\u0131nda\u2019n\u0131n yazar\u0131\u201cBa\u015f d\u00f6nd\u00fcr\u00fcc\u00fc. Orijinalli\u011fi k\u0131\u015fk\u0131rt\u0131c\u0131, dehas\u0131 ise \u015feytani. \u015eimdiye kadar okudu\u011fum hi\u00e7bir \u015feye benzemiyor, hepsindendaha iyi.\u201d \u2013A. J. Finn, New York Times \u00e7oksatan\u0131 Penceredeki Kad\u0131n\u2019\u0131n yazar\u0131\u201cB\u00fcy\u00fcleyici, bir ha*vai fi\u015fek g\u00f6sterisi gibi sona eriyor.\u201d \u2013The Guardian<\/p>\n","protected":false},"excerpt":{"rendered":"<p>2018 COSTA K\u0130TAP \u00d6D\u00dcLLER\u0130 EN \u0130Y\u0130 \u0130LK ROMANVarl\u0131kl\u0131, mazisi karanl\u0131k bir ailenin gen\u00e7 ve g\u00fczel k\u0131z\u0131 olan Evelyn Hardcastle bu gece \u00f6lecek. Yar\u0131n da.Ertesi g\u00fcn de.Blackheath<span class=\"excerpt-hellip\"> [\u2026]<\/span><\/p>\n","protected":false},"featured_media":0,"template":"","meta":{"_monsterinsights_skip_tracking":false,"_monsterinsights_sitenote_active":false,"_monsterinsights_sitenote_note":"","_monsterinsights_sitenote_category":0},"product_brand":[],"product_cat":[12291,14777],"product_tag":[],"class_list":{"0":"post-781932","1":"product","2":"type-product","3":"status-publish","5":"product_cat-edebiyat","6":"product_cat-fantastik","7":"pa_cilt-ciltsiz","8":"pa_tur-kitap","9":"pa_yayinevi-ithaki-yayinlari","10":"pa_yazar-stuart-turton","12":"first","13":"instock","14":"sale","15":"shipping-taxable","16":"purchasable","17":"product-type-simple"},"_links":{"self":[{"href":"https:\/\/roveyayinevi.com.tr\/index.php\/wp-json\/wp\/v2\/product\/781932","targetHints":{"allow":["GET"]}}],"collection":[{"href":"https:\/\/roveyayinevi.com.tr\/index.php\/wp-json\/wp\/v2\/product"}],"about":[{"href":"https:\/\/roveyayinevi.com.tr\/index.php\/wp-json\/wp\/v2\/types\/product"}],"wp:attachment":[{"href":"https:\/\/roveyayinevi.com.tr\/index.php\/wp-json\/wp\/v2\/media?parent=781932"}],"wp:term":[{"taxonomy":"product_brand","embeddable":true,"href":"https:\/\/roveyayinevi.com.tr\/index.php\/wp-json\/wp\/v2\/product_brand?post=781932"},{"taxonomy":"product_cat","embeddable":true,"href":"https:\/\/roveyayinevi.com.tr\/index.php\/wp-json\/wp\/v2\/product_cat?post=781932"},{"taxonomy":"product_tag","embeddable":true,"href":"https:\/\/roveyayinevi.com.tr\/index.php\/wp-json\/wp\/v2\/product_tag?post=781932"}],"curies":[{"name":"wp","href":"https:\/\/api.w.org\/{rel}","templated":true}]}}