{"id":781926,"date":"2026-02-01T14:29:29","date_gmt":"2026-02-01T11:29:29","guid":{"rendered":"https:\/\/roveyayinevi.com.tr\/index.php\/urun\/seffaf\/"},"modified":"2026-02-03T02:42:05","modified_gmt":"2026-02-02T23:42:05","slug":"seffaf","status":"publish","type":"product","link":"https:\/\/roveyayinevi.com.tr\/index.php\/urun\/seffaf\/","title":{"rendered":"\u015eeffaf"},"content":{"rendered":"<p>D\u00fcn gece ge\u00e7 vakit ve \u00f6nceki gece, Kap\u0131ya Vuran Tommy\u2019ler, Kap\u0131ya Vuran Tommy\u2019ler kap\u0131ya vurdular\u2026Her \u015fey tan\u0131d\u0131k g\u00f6r\u00fcnse de art\u0131k hi\u00e7bir \u015fey ayn\u0131 de\u011fildi.Bir yaz g\u00fcn\u00fc ormanda gezinen Bobbi Anderson daha \u00f6nce defalarca ge\u00e7ti\u011fi yerde bir \u015feye tak\u0131l\u0131r. Onun ve t\u00fcm kasaban\u0131n kaderini de\u011fi\u015ftirecek bir \u015feye&#8230;O s\u0131rada \u00e7ok uzaklarda olan Jim Gardener (\u015fair, alkolik ve intihara meyilli) arkada\u015f\u0131 Bobbi\u2019nin sesini (kendi zihninde) duyup geri d\u00f6nd\u00fc\u011f\u00fcnde \u201cde\u011fi\u015fen\u201d ve \u201cgeli\u015fen\u201d bir kasabayla kar\u015f\u0131la\u015f\u0131r.Belki bin y\u0131ld\u0131r topra\u011f\u0131n alt\u0131nda g\u00f6m\u00fcl\u00fc kalm\u0131\u015f bu gizemli, metal cisim kasabadaki herkesin bedenini\u2026 akl\u0131n\u0131 ve\u2026 ruhunu tek tek ele ge\u00e7irmektedir.<\/p>\n","protected":false},"excerpt":{"rendered":"<p>D\u00fcn gece ge\u00e7 vakit ve \u00f6nceki gece, Kap\u0131ya Vuran Tommy\u2019ler, Kap\u0131ya Vuran Tommy\u2019ler kap\u0131ya vurdular\u2026Her \u015fey tan\u0131d\u0131k g\u00f6r\u00fcnse de art\u0131k hi\u00e7bir \u015fey ayn\u0131 de\u011fildi.Bir yaz g\u00fcn\u00fc<span class=\"excerpt-hellip\"> [\u2026]<\/span><\/p>\n","protected":false},"featured_media":0,"template":"","meta":{"_monsterinsights_skip_tracking":false,"_monsterinsights_sitenote_active":false,"_monsterinsights_sitenote_note":"","_monsterinsights_sitenote_category":0},"product_brand":[],"product_cat":[12291,17033],"product_tag":[],"class_list":{"0":"post-781926","1":"product","2":"type-product","3":"status-publish","5":"product_cat-edebiyat","6":"product_cat-korku-gerilim","7":"pa_cilt-ciltsiz","8":"pa_tur-kitap","9":"pa_yayinevi-altin-kitaplar","10":"pa_yazar-stephen-king","12":"first","13":"instock","14":"sale","15":"shipping-taxable","16":"purchasable","17":"product-type-simple"},"_links":{"self":[{"href":"https:\/\/roveyayinevi.com.tr\/index.php\/wp-json\/wp\/v2\/product\/781926","targetHints":{"allow":["GET"]}}],"collection":[{"href":"https:\/\/roveyayinevi.com.tr\/index.php\/wp-json\/wp\/v2\/product"}],"about":[{"href":"https:\/\/roveyayinevi.com.tr\/index.php\/wp-json\/wp\/v2\/types\/product"}],"wp:attachment":[{"href":"https:\/\/roveyayinevi.com.tr\/index.php\/wp-json\/wp\/v2\/media?parent=781926"}],"wp:term":[{"taxonomy":"product_brand","embeddable":true,"href":"https:\/\/roveyayinevi.com.tr\/index.php\/wp-json\/wp\/v2\/product_brand?post=781926"},{"taxonomy":"product_cat","embeddable":true,"href":"https:\/\/roveyayinevi.com.tr\/index.php\/wp-json\/wp\/v2\/product_cat?post=781926"},{"taxonomy":"product_tag","embeddable":true,"href":"https:\/\/roveyayinevi.com.tr\/index.php\/wp-json\/wp\/v2\/product_tag?post=781926"}],"curies":[{"name":"wp","href":"https:\/\/api.w.org\/{rel}","templated":true}]}}