{"id":781917,"date":"2026-02-01T14:26:55","date_gmt":"2026-02-01T11:26:55","guid":{"rendered":"https:\/\/roveyayinevi.com.tr\/index.php\/urun\/alti-yaprak-ustu-bulut\/"},"modified":"2026-02-03T02:39:58","modified_gmt":"2026-02-02T23:39:58","slug":"alti-yaprak-ustu-bulut","status":"publish","type":"product","link":"https:\/\/roveyayinevi.com.tr\/index.php\/urun\/alti-yaprak-ustu-bulut\/","title":{"rendered":"Alt\u0131 Yaprak \u00dcst\u00fc Bulut"},"content":{"rendered":"<p>\u201cHer \u00fclkenin zenginli\u011fi ba\u015fka yavrum. Ama hakl\u0131s\u0131n, kimileri b\u00fct\u00fcn d\u00fcnyay\u0131 kendinin say\u0131p her yere el at\u0131yor.\u201d Hasan G\u00f6ren, ses getiren ilk roman\u0131 Zan\u2019\u0131n ard\u0131ndan bu sefer daha geni\u015f bir co\u011frafya ve zamana yay\u0131lan ve yine bir su\u00e7 hik\u00e2yesi olarak okunabilecek roman\u0131yla \u00e7\u0131k\u0131yorokurunun kar\u015f\u0131s\u0131na. J\u00fcrgen, \u0130kinci D\u00fcnya Sava\u015f\u0131 s\u0131ras\u0131nda Bulgaristan\u2019da konumlanm\u0131\u015f Nazi birliklerinde g\u00f6revli bir askerdir. Elinde bir define haritas\u0131yla T\u00fcrkiye\u2019ye ge\u00e7er ve ormanda gizlenerek g\u00f6m\u00fc aray\u0131\u015f\u0131na giri\u015fir. J\u00fcrgen bu haritay\u0131 zaman\u0131nda T\u00fcrkiye\u2019de Truva hazinesini bulup yurtd\u0131\u015f\u0131naka\u00e7\u0131ran Schliemann\u2019\u0131n ekibinde doktorluk yapm\u0131\u015f dedesi Marcus\u2019tan temin etmi\u015ftir. G\u00f6z\u00fcn\u00fc b\u00fcr\u00fcyen zenginlik h\u0131rs\u0131yla insanl\u0131\u011f\u0131n\u0131 g\u00fcnbeg\u00fcn yitiren J\u00fcrgen, emeline ula\u015fmak i\u00e7in masumlar\u0131n can\u0131na kast etmekten hi\u00e7 \u00e7ekinmez. \u0130ki nesle yay\u0131lan ve d\u00f6nemin ko\u015fullar\u0131 i\u00e7inde Alman yay\u0131lmac\u0131l\u0131\u011f\u0131n\u0131n Anadolu topraklar\u0131 \u00fczerindeki ars\u0131z emellerinin bir alegorisi olarak okunabilecek roman, kurdu\u011fu tekinsiz atmosferin \u00fcst\u00fcne basarak y\u00fckseliyorsa da Trakya k\u00f6yl\u00fcs\u00fc, k\u00f6y ya\u015fam\u0131, T\u00fcrk insan\u0131n\u0131n safl\u0131\u011f\u0131 ve \u00e7aresizli\u011fi \u00fczerine i\u00e7 burkan, s\u0131cak ayr\u0131nt\u0131lar da ta\u015f\u0131yor. <\/p>\n","protected":false},"excerpt":{"rendered":"<p>\u201cHer \u00fclkenin zenginli\u011fi ba\u015fka yavrum. Ama hakl\u0131s\u0131n, kimileri b\u00fct\u00fcn d\u00fcnyay\u0131 kendinin say\u0131p her yere el at\u0131yor.\u201d Hasan G\u00f6ren, ses getiren ilk roman\u0131 Zan\u2019\u0131n ard\u0131ndan bu sefer<span class=\"excerpt-hellip\"> [\u2026]<\/span><\/p>\n","protected":false},"featured_media":0,"template":"","meta":{"_monsterinsights_skip_tracking":false,"_monsterinsights_sitenote_active":false,"_monsterinsights_sitenote_note":"","_monsterinsights_sitenote_category":0},"product_brand":[],"product_cat":[12291,12292],"product_tag":[],"class_list":{"0":"post-781917","1":"product","2":"type-product","3":"status-publish","5":"product_cat-edebiyat","6":"product_cat-turk-edebiyati","7":"pa_cilt-ciltsiz","8":"pa_tur-kitap","9":"pa_yayinevi-yapi-kredi-yayinlari","10":"pa_yazar-hasan-goren","12":"first","13":"instock","14":"sale","15":"shipping-taxable","16":"purchasable","17":"product-type-simple"},"_links":{"self":[{"href":"https:\/\/roveyayinevi.com.tr\/index.php\/wp-json\/wp\/v2\/product\/781917","targetHints":{"allow":["GET"]}}],"collection":[{"href":"https:\/\/roveyayinevi.com.tr\/index.php\/wp-json\/wp\/v2\/product"}],"about":[{"href":"https:\/\/roveyayinevi.com.tr\/index.php\/wp-json\/wp\/v2\/types\/product"}],"wp:attachment":[{"href":"https:\/\/roveyayinevi.com.tr\/index.php\/wp-json\/wp\/v2\/media?parent=781917"}],"wp:term":[{"taxonomy":"product_brand","embeddable":true,"href":"https:\/\/roveyayinevi.com.tr\/index.php\/wp-json\/wp\/v2\/product_brand?post=781917"},{"taxonomy":"product_cat","embeddable":true,"href":"https:\/\/roveyayinevi.com.tr\/index.php\/wp-json\/wp\/v2\/product_cat?post=781917"},{"taxonomy":"product_tag","embeddable":true,"href":"https:\/\/roveyayinevi.com.tr\/index.php\/wp-json\/wp\/v2\/product_tag?post=781917"}],"curies":[{"name":"wp","href":"https:\/\/api.w.org\/{rel}","templated":true}]}}