{"id":781905,"date":"2026-02-01T14:18:25","date_gmt":"2026-02-01T11:18:25","guid":{"rendered":"https:\/\/roveyayinevi.com.tr\/index.php\/urun\/iki-soz-2\/"},"modified":"2026-04-02T02:24:52","modified_gmt":"2026-04-01T23:24:52","slug":"iki-soz-2","status":"publish","type":"product","link":"https:\/\/roveyayinevi.com.tr\/index.php\/urun\/iki-soz-2\/","title":{"rendered":"\u0130ki S\u00f6z"},"content":{"rendered":"<p>A\u015fkta \u00f6zg\u00fcrce u\u00e7abilmesi i\u00e7in sedeften kanatlar takt\u0131m ona. Ama o, benim verdi\u011fim kanatlarla benden gitti. D\u00fc\u015f\u00fcn\u00fcyorum da\u2026 Kanat takmak yerine gitmesin diye bir a\u011fa\u00e7 gibi k\u00f6kleriyle ba\u011flasa m\u0131yd\u0131m kendime? Ama ne fayda\u2026 Gitmeyecek olan kanad\u0131 olsa da kal\u0131r. Gidecek olana zincir vursan da kanatlan\u0131r. O \u015fimdi ne mi yap\u0131yor? Benden saklad\u0131\u011f\u0131 ellerini ba\u015fkalar\u0131na uzat\u0131yor. Benimse ellerim buz tutarken kalbim cay\u0131r cay\u0131r yan\u0131yor. Peki sonunda ne mi oldu?\u2026 Ben onun i\u00e7in zaman kayb\u0131, o benim i\u00e7in a\u015fk ay\u0131b\u0131.  Hayat bana neleri \u00f6\u011fretti biliyor musun? Sen onu insan yerine koyarken o seni aptal yerine koyuyorsa yapaca\u011f\u0131n tek \u015fey onu hayat\u0131ndan def etmektir. E\u011fer bunu yapamam\u0131\u015fsan o hakl\u0131 demektir. Sizi sevmeyenleri ve size de\u011fer vermeyenleri ge\u00e7mi\u015fte b\u0131rak\u0131n. Asla geriye d\u00f6n\u00fcp bakmay\u0131n. \u0130nan\u0131n gelecek g\u00fcnler daha ayd\u0131nl\u0131kt\u0131r. Ve ge\u00e7mi\u015fe tak\u0131l\u0131 kalmak bir gelece\u011fi harcamakt\u0131r. Hayat ayakta kaz\u0131klanmak de\u011fil, yedi\u011fin kaz\u0131klara ra\u011fmen ayakta kalabilmektir. Ger\u00e7ek m\u00fccadele ise se\u00e7tiklerinle ayn\u0131 yolda y\u00fcr\u00fcmekten \u00e7ok, se\u00e7mediklerinin yolunuza ta\u015f koymas\u0131na kar\u015f\u0131 durabilmektir. Kimi insan arad\u0131\u011f\u0131 ki\u015finin yanl\u0131\u015f ki\u015fi oldu\u011funu onu bulur bulmaz anlar. Kimi insansa buldu\u011fu ki\u015finin do\u011fru ki\u015fi oldu\u011funu onu kaybetti\u011finde anlar. Bu y\u00fczden baz\u0131 insanlar reddetti\u011fi i\u00e7in de\u011fil, tercih etti\u011fi i\u00e7in yaln\u0131zd\u0131r. Hayat istedi\u011fimiz her \u015feyi vermez kolay kolay. Kalbinin kap\u0131s\u0131n\u0131 bekledi\u011fin ki\u015fi i\u00e7in a\u00e7\u0131k tutars\u0131n ama i\u00e7erisi beklemediklerinle dolar. Bir insan\u0131 as\u0131l \u00fczen ellerinin bombo\u015f kalmas\u0131 de\u011fil, ba\u015fka bir eli tutabilecekken art\u0131k tutamamas\u0131d\u0131r. Sonradan \u00fcz\u00fclmek istemiyorsan\u0131z aman dikkat edin. Zihniniz da\u011f\u0131lmas\u0131n. Bug\u00fcn y\u00fcz\u00fcn\u00fcz\u00fc g\u00fcld\u00fcren yar\u0131n y\u00fcre\u011finizi a\u011flatmas\u0131n. Akl\u0131nda olsun\u2026 E\u011fer hayat\u0131na giren ki\u015fi sana ge\u00e7mi\u015fini unutturuyorsa, o art\u0131k senin gelece\u011findir. Ve \u015funu da unutma! Hayat\u0131n\u0131za \u00e7ok sevdi\u011finiz biri girdi\u011finde yola onunla devam etmek u\u011fruna sizi siz yapan de\u011ferleri harcamay\u0131n. \u00c7\u00fcnk\u00fc o de\u011ferler en \u00e7ok yola onsuz devam etmek zorunda kald\u0131\u011f\u0131n\u0131z zamanlarda size laz\u0131m olacak. Bu y\u00fczden sak\u0131n bir ba\u015fkas\u0131 i\u00e7in kendinizi terk etmeyin. Siz en \u00e7ok onsuzken size laz\u0131ms\u0131n\u0131z. <\/p>\n","protected":false},"excerpt":{"rendered":"<p>A\u015fkta \u00f6zg\u00fcrce u\u00e7abilmesi i\u00e7in sedeften kanatlar takt\u0131m ona. Ama o, benim verdi\u011fim kanatlarla benden gitti. D\u00fc\u015f\u00fcn\u00fcyorum da\u2026 Kanat takmak yerine gitmesin diye bir a\u011fa\u00e7 gibi k\u00f6kleriyle<span class=\"excerpt-hellip\"> [\u2026]<\/span><\/p>\n","protected":false},"featured_media":0,"template":"","meta":{"_monsterinsights_skip_tracking":false,"_monsterinsights_sitenote_active":false,"_monsterinsights_sitenote_note":"","_monsterinsights_sitenote_category":0},"product_brand":[],"product_cat":[12777,12291],"product_tag":[],"class_list":{"0":"post-781905","1":"product","2":"type-product","3":"status-publish","5":"product_cat-deneme","6":"product_cat-edebiyat","7":"pa_cilt-ciltsiz","8":"pa_tur-kitap","9":"pa_yayinevi-destek-yayinlari","10":"pa_yazar-kahraman-tazeoglu","12":"first","13":"instock","14":"sale","15":"shipping-taxable","16":"purchasable","17":"product-type-simple"},"_links":{"self":[{"href":"https:\/\/roveyayinevi.com.tr\/index.php\/wp-json\/wp\/v2\/product\/781905","targetHints":{"allow":["GET"]}}],"collection":[{"href":"https:\/\/roveyayinevi.com.tr\/index.php\/wp-json\/wp\/v2\/product"}],"about":[{"href":"https:\/\/roveyayinevi.com.tr\/index.php\/wp-json\/wp\/v2\/types\/product"}],"wp:attachment":[{"href":"https:\/\/roveyayinevi.com.tr\/index.php\/wp-json\/wp\/v2\/media?parent=781905"}],"wp:term":[{"taxonomy":"product_brand","embeddable":true,"href":"https:\/\/roveyayinevi.com.tr\/index.php\/wp-json\/wp\/v2\/product_brand?post=781905"},{"taxonomy":"product_cat","embeddable":true,"href":"https:\/\/roveyayinevi.com.tr\/index.php\/wp-json\/wp\/v2\/product_cat?post=781905"},{"taxonomy":"product_tag","embeddable":true,"href":"https:\/\/roveyayinevi.com.tr\/index.php\/wp-json\/wp\/v2\/product_tag?post=781905"}],"curies":[{"name":"wp","href":"https:\/\/api.w.org\/{rel}","templated":true}]}}