{"id":781866,"date":"2026-02-01T13:59:12","date_gmt":"2026-02-01T10:59:12","guid":{"rendered":"https:\/\/roveyayinevi.com.tr\/index.php\/urun\/nazim-hikmet-butun-siirleri-delta\/"},"modified":"2026-04-16T02:03:57","modified_gmt":"2026-04-15T23:03:57","slug":"nazim-hikmet-butun-siirleri-delta","status":"publish","type":"product","link":"https:\/\/roveyayinevi.com.tr\/index.php\/urun\/nazim-hikmet-butun-siirleri-delta\/","title":{"rendered":"Naz\u0131m Hikmet B\u00fct\u00fcn \u015eiirleri (Delta)"},"content":{"rendered":"<p>Tek kitap la kitapl\u0131klar kuran Delta Dizisi, bu kez d\u00fcnya \u015fairi N\u00e2z\u0131m Hikmet&#8217;i a\u011f\u0131rl\u0131yor.\u015eairin B\u00fct\u00fcn \u015eiirleri, eksiksiz olarak tek bir ciltte bir araya geliyor. Farkl\u0131 tasar\u0131m\u0131 ve bask\u0131 kalitesiyle be\u011feni toplayan Delta Dizisi, T\u00fcrk \u015fiirinin yata\u011f\u0131n\u0131 de\u011fi\u015ftiren bu b\u00fcy\u00fck dizelerin tamam\u0131n\u0131 avucunuza b\u0131rak\u0131yor, sekiz kitab\u0131 elinize s\u0131\u011fd\u0131r\u0131yor&#8230; \u00c7a\u011fda\u015f \u015fiirimizde bir klasik olan, d\u00fcnya \u015fairi N\u00e2z\u0131m Hikmet&#8217;in kaynak metinler temelinde yeniden g\u00f6zden ge\u00e7irilerek yay\u0131mlanan \u015fiirleri, Delta Dizisi&#8217;yle \u015fimdi bir arada. <\/p>\n","protected":false},"excerpt":{"rendered":"<p>Tek kitap la kitapl\u0131klar kuran Delta Dizisi, bu kez d\u00fcnya \u015fairi N\u00e2z\u0131m Hikmet&#8217;i a\u011f\u0131rl\u0131yor.\u015eairin B\u00fct\u00fcn \u015eiirleri, eksiksiz olarak tek bir ciltte bir araya geliyor. Farkl\u0131 tasar\u0131m\u0131<span class=\"excerpt-hellip\"> [\u2026]<\/span><\/p>\n","protected":false},"featured_media":0,"template":"","meta":{"_monsterinsights_skip_tracking":false,"_monsterinsights_sitenote_active":false,"_monsterinsights_sitenote_note":"","_monsterinsights_sitenote_category":0},"product_brand":[],"product_cat":[12291,12509],"product_tag":[],"class_list":{"0":"post-781866","1":"product","2":"type-product","3":"status-publish","5":"product_cat-edebiyat","6":"product_cat-siir","7":"pa_cilt-ciltli","8":"pa_tur-kitap","9":"pa_yayinevi-yapi-kredi-yayinlari","10":"pa_yazar-nazim-hikmet-ran","12":"first","13":"instock","14":"sale","15":"shipping-taxable","16":"purchasable","17":"product-type-simple"},"_links":{"self":[{"href":"https:\/\/roveyayinevi.com.tr\/index.php\/wp-json\/wp\/v2\/product\/781866","targetHints":{"allow":["GET"]}}],"collection":[{"href":"https:\/\/roveyayinevi.com.tr\/index.php\/wp-json\/wp\/v2\/product"}],"about":[{"href":"https:\/\/roveyayinevi.com.tr\/index.php\/wp-json\/wp\/v2\/types\/product"}],"wp:attachment":[{"href":"https:\/\/roveyayinevi.com.tr\/index.php\/wp-json\/wp\/v2\/media?parent=781866"}],"wp:term":[{"taxonomy":"product_brand","embeddable":true,"href":"https:\/\/roveyayinevi.com.tr\/index.php\/wp-json\/wp\/v2\/product_brand?post=781866"},{"taxonomy":"product_cat","embeddable":true,"href":"https:\/\/roveyayinevi.com.tr\/index.php\/wp-json\/wp\/v2\/product_cat?post=781866"},{"taxonomy":"product_tag","embeddable":true,"href":"https:\/\/roveyayinevi.com.tr\/index.php\/wp-json\/wp\/v2\/product_tag?post=781866"}],"curies":[{"name":"wp","href":"https:\/\/api.w.org\/{rel}","templated":true}]}}