{"id":781770,"date":"2026-01-29T04:21:44","date_gmt":"2026-01-29T01:21:44","guid":{"rendered":"https:\/\/roveyayinevi.com.tr\/index.php\/urun\/bayan-baykusun-orman-okulu-eglenceli-bir-gun\/"},"modified":"2026-04-15T03:45:35","modified_gmt":"2026-04-15T00:45:35","slug":"bayan-baykusun-orman-okulu-eglenceli-bir-gun","status":"publish","type":"product","link":"https:\/\/roveyayinevi.com.tr\/index.php\/urun\/bayan-baykusun-orman-okulu-eglenceli-bir-gun\/","title":{"rendered":"Bayan Bayku\u015f\u2019un Orman Okulu-E\u011flenceli Bir G\u00fcn"},"content":{"rendered":"<p>Orman\u0131n derinliklerinde, a\u011fa\u00e7lar\u0131n alt\u0131nda, yavru hayvanlar toplan\u0131yordu. \u00c7\u00fcnk\u00fc Bayan Bayku\u015f\u2019un Orman Okulu zaman\u0131yd\u0131!   Bir bar\u0131nak yapmak i\u00e7in i\u015fe koyulan Fare, Sincap, Tilki ile Tav\u015fan\u2019a kat\u0131l\u0131n, yeni bilgiler \u00f6\u011frenin, yarat\u0131c\u0131 olun ve arkada\u015f edinin! Bu kitap, k\u00fc\u00e7\u00fcklerin d\u0131\u015far\u0131 \u00e7\u0131k\u0131p yeni maceralar ya\u015famak i\u00e7in can atmas\u0131n\u0131 sa\u011flayacak. Bu kitap ormanda \u00e7ocuk bak\u0131m\u0131 uzmanlar\u0131yla birlikte yaz\u0131lm\u0131\u015f ve bir izci lideri taraf\u0131ndan \u00e7izilmi\u015ftir.<\/p>\n","protected":false},"excerpt":{"rendered":"<p>Orman\u0131n derinliklerinde, a\u011fa\u00e7lar\u0131n alt\u0131nda, yavru hayvanlar toplan\u0131yordu. \u00c7\u00fcnk\u00fc Bayan Bayku\u015f\u2019un Orman Okulu zaman\u0131yd\u0131! Bir bar\u0131nak yapmak i\u00e7in i\u015fe koyulan Fare, Sincap, Tilki ile Tav\u015fan\u2019a kat\u0131l\u0131n, yeni<span class=\"excerpt-hellip\"> [\u2026]<\/span><\/p>\n","protected":false},"featured_media":0,"template":"","meta":{"_monsterinsights_skip_tracking":false,"_monsterinsights_sitenote_active":false,"_monsterinsights_sitenote_note":"","_monsterinsights_sitenote_category":0},"product_brand":[],"product_cat":[12274,12284],"product_tag":[],"class_list":{"0":"post-781770","1":"product","2":"type-product","3":"status-publish","5":"product_cat-cocuk-ve-genclik-kitaplari","6":"product_cat-hikayeler","7":"pa_cilt-ciltsiz","8":"pa_tur-kitap","9":"pa_yayinevi-eksik-parca-yayinlari","10":"pa_yazar-ruth-symons","12":"first","13":"instock","14":"sale","15":"shipping-taxable","16":"purchasable","17":"product-type-simple"},"_links":{"self":[{"href":"https:\/\/roveyayinevi.com.tr\/index.php\/wp-json\/wp\/v2\/product\/781770","targetHints":{"allow":["GET"]}}],"collection":[{"href":"https:\/\/roveyayinevi.com.tr\/index.php\/wp-json\/wp\/v2\/product"}],"about":[{"href":"https:\/\/roveyayinevi.com.tr\/index.php\/wp-json\/wp\/v2\/types\/product"}],"wp:attachment":[{"href":"https:\/\/roveyayinevi.com.tr\/index.php\/wp-json\/wp\/v2\/media?parent=781770"}],"wp:term":[{"taxonomy":"product_brand","embeddable":true,"href":"https:\/\/roveyayinevi.com.tr\/index.php\/wp-json\/wp\/v2\/product_brand?post=781770"},{"taxonomy":"product_cat","embeddable":true,"href":"https:\/\/roveyayinevi.com.tr\/index.php\/wp-json\/wp\/v2\/product_cat?post=781770"},{"taxonomy":"product_tag","embeddable":true,"href":"https:\/\/roveyayinevi.com.tr\/index.php\/wp-json\/wp\/v2\/product_tag?post=781770"}],"curies":[{"name":"wp","href":"https:\/\/api.w.org\/{rel}","templated":true}]}}