{"id":781757,"date":"2026-01-29T03:05:24","date_gmt":"2026-01-29T00:05:24","guid":{"rendered":"https:\/\/roveyayinevi.com.tr\/index.php\/urun\/dunyanin-en-korkunc-okul-gezisi-koca-burun\/"},"modified":"2026-02-03T02:52:27","modified_gmt":"2026-02-02T23:52:27","slug":"dunyanin-en-korkunc-okul-gezisi-koca-burun","status":"publish","type":"product","link":"https:\/\/roveyayinevi.com.tr\/index.php\/urun\/dunyanin-en-korkunc-okul-gezisi-koca-burun\/","title":{"rendered":"D\u00fcnyan\u0131n En Korkun\u00e7 Okul Gezisi &#8211; Koca Burun"},"content":{"rendered":"<p>Ah, Olamaz!Bunu Y\u00fcksek Sesle S\u00f6yledi\u011fime \u0130nanam\u0131yorum!O tuhaf d\u00fckk\u00e2ndaki tuhaf makinenin i\u00e7ine girdi\u011fimden bari yalan s\u00f6yleyemiyorum. Ger\u00e7ekleri s\u00f6yledi\u011fim i\u00e7in ba\u015f\u0131m\u0131n s\u00fcrekli belaya girmesi yetmezmi\u015f gibi heyecanla bekledi\u011fim okul gezisi de fiyaskoyla sonu\u00e7lan\u0131yor. \u201c\u00d6\u011frenme Diyar\u0131\u201dn\u0131n s\u0131k\u0131c\u0131 bir okul m\u00fcd\u00fcr\u00fc taraf\u0131ndan tasarland\u0131\u011f\u0131na eminim! \u00dcstelik, bu s\u0131k\u0131c\u0131 gezide bana okulun en zorba \u00f6\u011frencisi Wayne e\u015flik ediyor. Pe\u015fimizi b\u0131rakmayan korkun\u00e7 palya\u00e7o, beni pataklamaya ant i\u00e7mi\u015f zorba Wayne ve her k\u00f6\u015fe ba\u015f\u0131nda kar\u015f\u0131ma \u00e7\u0131kan \u00f6\u011fretici temalar aras\u0131nda kalakald\u0131m.Of! Nas\u0131l kurtulaca\u011f\u0131m?<\/p>\n","protected":false},"excerpt":{"rendered":"<p>Ah, Olamaz!Bunu Y\u00fcksek Sesle S\u00f6yledi\u011fime \u0130nanam\u0131yorum!O tuhaf d\u00fckk\u00e2ndaki tuhaf makinenin i\u00e7ine girdi\u011fimden bari yalan s\u00f6yleyemiyorum. Ger\u00e7ekleri s\u00f6yledi\u011fim i\u00e7in ba\u015f\u0131m\u0131n s\u00fcrekli belaya girmesi yetmezmi\u015f gibi heyecanla bekledi\u011fim<span class=\"excerpt-hellip\"> [\u2026]<\/span><\/p>\n","protected":false},"featured_media":0,"template":"","meta":{"_monsterinsights_skip_tracking":false,"_monsterinsights_sitenote_active":false,"_monsterinsights_sitenote_note":"","_monsterinsights_sitenote_category":0},"product_brand":[],"product_cat":[12275,12274],"product_tag":[],"class_list":{"0":"post-781757","1":"product","2":"type-product","3":"status-publish","5":"product_cat-6-12-yas-kitaplari","6":"product_cat-cocuk-ve-genclik-kitaplari","7":"pa_cilt-ciltsiz","8":"pa_tur-kitap","9":"pa_yayinevi-kirmizi-kedi-yayinevi","10":"pa_yazar-barry-hutchison","12":"first","13":"instock","14":"sale","15":"shipping-taxable","16":"purchasable","17":"product-type-simple"},"_links":{"self":[{"href":"https:\/\/roveyayinevi.com.tr\/index.php\/wp-json\/wp\/v2\/product\/781757","targetHints":{"allow":["GET"]}}],"collection":[{"href":"https:\/\/roveyayinevi.com.tr\/index.php\/wp-json\/wp\/v2\/product"}],"about":[{"href":"https:\/\/roveyayinevi.com.tr\/index.php\/wp-json\/wp\/v2\/types\/product"}],"wp:attachment":[{"href":"https:\/\/roveyayinevi.com.tr\/index.php\/wp-json\/wp\/v2\/media?parent=781757"}],"wp:term":[{"taxonomy":"product_brand","embeddable":true,"href":"https:\/\/roveyayinevi.com.tr\/index.php\/wp-json\/wp\/v2\/product_brand?post=781757"},{"taxonomy":"product_cat","embeddable":true,"href":"https:\/\/roveyayinevi.com.tr\/index.php\/wp-json\/wp\/v2\/product_cat?post=781757"},{"taxonomy":"product_tag","embeddable":true,"href":"https:\/\/roveyayinevi.com.tr\/index.php\/wp-json\/wp\/v2\/product_tag?post=781757"}],"curies":[{"name":"wp","href":"https:\/\/api.w.org\/{rel}","templated":true}]}}