{"id":781756,"date":"2026-01-29T03:04:44","date_gmt":"2026-01-29T00:04:44","guid":{"rendered":"https:\/\/roveyayinevi.com.tr\/index.php\/urun\/ayi-nerede-ciltli\/"},"modified":"2026-02-03T02:51:50","modified_gmt":"2026-02-02T23:51:50","slug":"ayi-nerede-ciltli","status":"publish","type":"product","link":"https:\/\/roveyayinevi.com.tr\/index.php\/urun\/ayi-nerede-ciltli\/","title":{"rendered":"Ay\u0131 Nerede? (Ciltli)"},"content":{"rendered":"<p>Ay\u0131 nerede? Nerede olabilir acaba? Masan\u0131n \u00fcst\u00fcnde mi? \u00c7ekmecenin i\u00e7inde mi?Siz ay\u0131y\u0131 g\u00f6rd\u00fcn\u00fcz m\u00fc?Sevilen yazar ve \u00e7izer Jonathan Bentley\u2019den miniklere, uyku \u00f6ncesi, s\u00fcrpriz sonlu bir hik\u00e2ye.<\/p>\n","protected":false},"excerpt":{"rendered":"<p>Ay\u0131 nerede? Nerede olabilir acaba? Masan\u0131n \u00fcst\u00fcnde mi? \u00c7ekmecenin i\u00e7inde mi?Siz ay\u0131y\u0131 g\u00f6rd\u00fcn\u00fcz m\u00fc?Sevilen yazar ve \u00e7izer Jonathan Bentley\u2019den miniklere, uyku \u00f6ncesi, s\u00fcrpriz sonlu bir hik\u00e2ye.<\/p>\n","protected":false},"featured_media":0,"template":"","meta":{"_monsterinsights_skip_tracking":false,"_monsterinsights_sitenote_active":false,"_monsterinsights_sitenote_note":"","_monsterinsights_sitenote_category":0},"product_brand":[],"product_cat":[12274,12284],"product_tag":[],"class_list":{"0":"post-781756","1":"product","2":"type-product","3":"status-publish","5":"product_cat-cocuk-ve-genclik-kitaplari","6":"product_cat-hikayeler","7":"pa_cilt-ciltli","8":"pa_tur-kitap","9":"pa_yayinevi-beyaz-balina-yayinlari","10":"pa_yazar-jonathan-bentley","12":"first","13":"instock","14":"sale","15":"shipping-taxable","16":"purchasable","17":"product-type-simple"},"_links":{"self":[{"href":"https:\/\/roveyayinevi.com.tr\/index.php\/wp-json\/wp\/v2\/product\/781756","targetHints":{"allow":["GET"]}}],"collection":[{"href":"https:\/\/roveyayinevi.com.tr\/index.php\/wp-json\/wp\/v2\/product"}],"about":[{"href":"https:\/\/roveyayinevi.com.tr\/index.php\/wp-json\/wp\/v2\/types\/product"}],"wp:attachment":[{"href":"https:\/\/roveyayinevi.com.tr\/index.php\/wp-json\/wp\/v2\/media?parent=781756"}],"wp:term":[{"taxonomy":"product_brand","embeddable":true,"href":"https:\/\/roveyayinevi.com.tr\/index.php\/wp-json\/wp\/v2\/product_brand?post=781756"},{"taxonomy":"product_cat","embeddable":true,"href":"https:\/\/roveyayinevi.com.tr\/index.php\/wp-json\/wp\/v2\/product_cat?post=781756"},{"taxonomy":"product_tag","embeddable":true,"href":"https:\/\/roveyayinevi.com.tr\/index.php\/wp-json\/wp\/v2\/product_tag?post=781756"}],"curies":[{"name":"wp","href":"https:\/\/api.w.org\/{rel}","templated":true}]}}