{"id":781734,"date":"2026-01-28T04:09:27","date_gmt":"2026-01-28T01:09:27","guid":{"rendered":"https:\/\/roveyayinevi.com.tr\/index.php\/urun\/ve-maymun-parayi-buldu\/"},"modified":"2026-04-15T03:46:06","modified_gmt":"2026-04-15T00:46:06","slug":"ve-maymun-parayi-buldu","status":"publish","type":"product","link":"https:\/\/roveyayinevi.com.tr\/index.php\/urun\/ve-maymun-parayi-buldu\/","title":{"rendered":"Ve Maymun Paray\u0131 Buldu"},"content":{"rendered":"<p>Bu kitapta ekonomi dersi yok. Ama \u00f6\u011frendikleriniz biraz can\u0131n\u0131z\u0131 yakabilir\u2026 sonra da kahkaha att\u0131rabilir. Paran\u0131n hayat\u0131m\u0131za nas\u0131l s\u0131zd\u0131\u011f\u0131n\u0131, zamanla nas\u0131l her \u015feyin \u00f6l\u00e7\u00fcs\u00fc h\u00e2line geldi\u011fini hi\u00e7 merak ettiniz mi? Peki ya ayn\u0131 i\u015fi yapan iki insan\u0131n neden farkl\u0131 maa\u015f ald\u0131\u011f\u0131n\u0131, zenginli\u011fin kime g\u00f6re \u201cba\u015far\u0131\u201d say\u0131ld\u0131\u011f\u0131n\u0131? Ve Maymun Paray\u0131 Buldu! sizi s\u0131k\u0131c\u0131 teorilerle bo\u011fmadan; g\u00fcld\u00fcrerek d\u00fc\u015f\u00fcnd\u00fcren, d\u00fc\u015f\u00fcnd\u00fcr\u00fcrken hafiften d\u00fcrten bir yolculu\u011fa \u00e7\u0131kar\u0131yor. \u00c7ocukluk an\u0131lar\u0131ndan market raflar\u0131na, ofis sohbetlerinden tarihin tozlu sayfalar\u0131na uzanan bu anlat\u0131, paran\u0131n hayat\u0131m\u0131zdaki yerini sorgularken asl\u0131nda \u015funu soruyor: \u201cBiz neye ne kadar de\u011fer bi\u00e7iyoruz?\u201d Kendinizi kand\u0131r\u0131lm\u0131\u015f gibi hissedebilirsiniz \u2014 ama g\u00fcl\u00fcmseyerek. \u00c7\u00fcnk\u00fc bu kitap, kapitalizmi anlat\u0131rken sizi sisteme \u00f6fkelenmeye veya ele\u015ftirmeye davet etmenin \u00f6tesinde, asl\u0131nda kendinizle y\u00fczle\u015fmeniz, kendinizi daha iyi anlaman\u0131z i\u00e7in yaz\u0131ld\u0131. Keyifle okunacak, zihinde kalacak, sohbetlerde konu\u015fulacak bir kitap\u2026 Hadi, siz de o maymunun izinden gidin. Belki de arad\u0131\u011f\u0131n\u0131z cevap, cebinizdeki parada de\u011fil; paraya y\u00fckledi\u011finiz anlamdad\u0131r.<\/p>\n","protected":false},"excerpt":{"rendered":"<p>Bu kitapta ekonomi dersi yok. Ama \u00f6\u011frendikleriniz biraz can\u0131n\u0131z\u0131 yakabilir\u2026 sonra da kahkaha att\u0131rabilir. Paran\u0131n hayat\u0131m\u0131za nas\u0131l s\u0131zd\u0131\u011f\u0131n\u0131, zamanla nas\u0131l her \u015feyin \u00f6l\u00e7\u00fcs\u00fc h\u00e2line geldi\u011fini hi\u00e7<span class=\"excerpt-hellip\"> [\u2026]<\/span><\/p>\n","protected":false},"featured_media":0,"template":"","meta":{"_monsterinsights_skip_tracking":false,"_monsterinsights_sitenote_active":false,"_monsterinsights_sitenote_note":"","_monsterinsights_sitenote_category":0},"product_brand":[],"product_cat":[14841,13043],"product_tag":[],"class_list":{"0":"post-781734","1":"product","2":"type-product","3":"status-publish","5":"product_cat-arastirma-inceleme-kuram","6":"product_cat-ekonomi","7":"pa_cilt-ciltsiz","8":"pa_tur-kitap","9":"pa_yayinevi-kuraldisi-yayinevi","10":"pa_yazar-kjell-a-nordstrom","12":"first","13":"instock","14":"sale","15":"shipping-taxable","16":"purchasable","17":"product-type-simple"},"_links":{"self":[{"href":"https:\/\/roveyayinevi.com.tr\/index.php\/wp-json\/wp\/v2\/product\/781734","targetHints":{"allow":["GET"]}}],"collection":[{"href":"https:\/\/roveyayinevi.com.tr\/index.php\/wp-json\/wp\/v2\/product"}],"about":[{"href":"https:\/\/roveyayinevi.com.tr\/index.php\/wp-json\/wp\/v2\/types\/product"}],"wp:attachment":[{"href":"https:\/\/roveyayinevi.com.tr\/index.php\/wp-json\/wp\/v2\/media?parent=781734"}],"wp:term":[{"taxonomy":"product_brand","embeddable":true,"href":"https:\/\/roveyayinevi.com.tr\/index.php\/wp-json\/wp\/v2\/product_brand?post=781734"},{"taxonomy":"product_cat","embeddable":true,"href":"https:\/\/roveyayinevi.com.tr\/index.php\/wp-json\/wp\/v2\/product_cat?post=781734"},{"taxonomy":"product_tag","embeddable":true,"href":"https:\/\/roveyayinevi.com.tr\/index.php\/wp-json\/wp\/v2\/product_tag?post=781734"}],"curies":[{"name":"wp","href":"https:\/\/api.w.org\/{rel}","templated":true}]}}