{"id":781692,"date":"2026-01-28T03:04:36","date_gmt":"2026-01-28T00:04:36","guid":{"rendered":"https:\/\/roveyayinevi.com.tr\/index.php\/urun\/denizler-altinda-yirmi-bin-fersah-sen-de-oku\/"},"modified":"2026-02-02T02:39:45","modified_gmt":"2026-02-01T23:39:45","slug":"denizler-altinda-yirmi-bin-fersah-sen-de-oku","status":"publish","type":"product","link":"https:\/\/roveyayinevi.com.tr\/index.php\/urun\/denizler-altinda-yirmi-bin-fersah-sen-de-oku\/","title":{"rendered":"Denizler Alt\u0131nda Yirmi Bin Fersah &#8211; Sen de Oku"},"content":{"rendered":"<p>Denizler Alt\u0131nda Yirmi Bin Fersah&#8217;a &#8221;SEN de OKU&#8221; dokunu\u015fu\u2026T\u00fcrk\u00e7e \u00e7evirilerinden tan\u0131d\u0131\u011f\u0131m\u0131z edit\u00f6r \u00dcmit Mutlu, bilimkurgunun babas\u0131 olarak an\u0131lan Jules Verne&#8217;in y\u00fczy\u0131llara meydan okuyan klasi\u011fi Denizler Alt\u0131nda Yirmi Bin Fersah&#8217;\u0131n\u0131, sinematografik bir \u00fcslupla yeniden anlat\u0131yor.\u00d6zenli ve titiz bir edisyonla &#8221;SEN de OKU Klasikler&#8221; koleksiyonundaki yerini alan bu s\u00fcr\u00fckleyici fantazya, zaman\u0131n\u0131n \u00e7ok \u00f6tesindeki kurgusuyla, bilimsel ve teknolojik geli\u015fmelerin bireyler ve toplum \u00fczerindeki etkilerine odaklan\u0131yor.Delilikle d\u00e2hili\u011fin kesi\u015fti\u011fi ger\u00e7ek\u00fcst\u00fc bir d\u00fcnyaya d\u00fcmen k\u0131ran roman, engin sular\u0131n dibinde yatan reng\u00e2renk deniz canl\u0131lar\u0131 ve bilimin kalbinde saklad\u0131\u011f\u0131 mucizeleri g\u00fcn y\u00fcz\u00fcne \u00e7\u0131kararak hayal g\u00fcc\u00fcn\u00fcn s\u0131n\u0131rlar\u0131n\u0131 zorluyor.Gemiciler, kendilerine kar\u015f\u0131 sinsice yol alan me\u00e7hul bir \u015fey y\u00fcz\u00fcnden korku dolu g\u00fcnler ge\u00e7iriyordur. H\u0131zla ilerleyen ve \u0131\u015f\u0131klar sa\u00e7an kimli\u011fi belirsiz bir &#8221;yarat\u0131k&#8221; denizlerde ans\u0131z\u0131n belirip kayboluyor; koca gemileri ya yutuyor ya da kazaya s\u00fcr\u00fckl\u00fcyordur. Ya\u015fananlar herkes gibi bilim insanlar\u0131n\u0131n da merak\u0131n\u0131 tetiklemektedir. Abraham Lincoln adl\u0131 gemi, deh\u015fet sa\u00e7an yarat\u0131\u011f\u0131n izini s\u00fcrmek i\u00e7in \u00f6zel bir sefer d\u00fczenler. Frans\u0131z bilim insan\u0131 Profes\u00f6r Aronnax da yard\u0131mc\u0131s\u0131 Conseil ve z\u0131pk\u0131nc\u0131 Ned Land ile seferdedir. Tam izini s\u00fcrd\u00fckleri avdan umudu kestikleri s\u0131rada, ba\u015flar\u0131na bir felaket gelir ve yollar\u0131, yarat\u0131k sand\u0131klar\u0131 Nautilus adl\u0131 bir gemiye d\u00fc\u015fer. Daha \u00f6nce hi\u00e7 g\u00f6rmedikleri bu gizemli deniz arac\u0131n\u0131n esrarengiz sahibi Kaptan Nemo, pek ho\u015fnut kalmasa da, bu &#8221;zoraki&#8221; ziyareti \u00e7aresizce kabullenir. Profes\u00f6r Aronnax ve arkada\u015flar\u0131n\u0131n \u00f6n\u00fcnde iki se\u00e7enek vard\u0131r: Ya ka\u00e7mak (ki bu nerdeyse imk\u00e2ns\u0131zd\u0131r) ya da kaptanla birlikte bamba\u015fka ser\u00fcvenlere at\u0131l\u0131p, Pasifik, K\u0131z\u0131ldeniz, Akdeniz ve G\u00fcney Kutbu&#8217;nu da i\u00e7eren bir g\u00fczerg\u00e2hta, denizler alt\u0131nda yirmi bin fersah yol kat etmek&#8230;\u00c7\u0131\u011f\u0131r a\u00e7an yap\u0131tlar\u0131yla, say\u0131s\u0131z bilim insan\u0131na, mucide, m\u00fchendise ve yazara esin kayna\u011f\u0131 olan Jules Verne bu kitab\u0131nda, \u00fcstelik de elektrik g\u00fcc\u00fcyle seyreden denizalt\u0131lar hen\u00fcz fantastik bir hayalken, \u00f6nemli bir icad\u0131 en ince detaylar\u0131yla tasvir etmi\u015f ve zihinlerde m\u00fckemmel bir prototipini resmetmi\u015ftir.Bilimi ve edebiyat\u0131 s\u00fcr\u00fckleyici bir ser\u00fcvende bulu\u015fturan Denizler Alt\u0131nda Yirmi Bin Fersah&#8217;\u0131n bu yeniden anlat\u0131m\u0131, Kaptan Nemo ve efsane gemi Nautilus&#8217;la ilk kez tan\u0131\u015fan \u00e7ocuklar\u0131n ve pek tabii ki deniz tutkunu yeti\u015fkin okurlar\u0131n d\u00fc\u015flerini engin sularda y\u00fczd\u00fcr\u00fcyor, onlar\u0131 ke\u015fiflerle dolu nice maceraya s\u00fcr\u00fckl\u00fcyor.<\/p>\n","protected":false},"excerpt":{"rendered":"<p>Denizler Alt\u0131nda Yirmi Bin Fersah&#8217;a &#8221;SEN de OKU&#8221; dokunu\u015fu\u2026T\u00fcrk\u00e7e \u00e7evirilerinden tan\u0131d\u0131\u011f\u0131m\u0131z edit\u00f6r \u00dcmit Mutlu, bilimkurgunun babas\u0131 olarak an\u0131lan Jules Verne&#8217;in y\u00fczy\u0131llara meydan okuyan klasi\u011fi Denizler Alt\u0131nda<span class=\"excerpt-hellip\"> [\u2026]<\/span><\/p>\n","protected":false},"featured_media":0,"template":"","meta":{"_monsterinsights_skip_tracking":false,"_monsterinsights_sitenote_active":false,"_monsterinsights_sitenote_note":"","_monsterinsights_sitenote_category":0},"product_brand":[],"product_cat":[12274,12467],"product_tag":[],"class_list":{"0":"post-781692","1":"product","2":"type-product","3":"status-publish","5":"product_cat-cocuk-ve-genclik-kitaplari","6":"product_cat-dunya-klasikleri","7":"pa_cilt-ciltsiz","8":"pa_tur-kitap","9":"pa_yayinevi-tudem-yayinlari","10":"pa_yazar-umit-mutlu","12":"first","13":"instock","14":"sale","15":"shipping-taxable","16":"purchasable","17":"product-type-simple"},"_links":{"self":[{"href":"https:\/\/roveyayinevi.com.tr\/index.php\/wp-json\/wp\/v2\/product\/781692","targetHints":{"allow":["GET"]}}],"collection":[{"href":"https:\/\/roveyayinevi.com.tr\/index.php\/wp-json\/wp\/v2\/product"}],"about":[{"href":"https:\/\/roveyayinevi.com.tr\/index.php\/wp-json\/wp\/v2\/types\/product"}],"wp:attachment":[{"href":"https:\/\/roveyayinevi.com.tr\/index.php\/wp-json\/wp\/v2\/media?parent=781692"}],"wp:term":[{"taxonomy":"product_brand","embeddable":true,"href":"https:\/\/roveyayinevi.com.tr\/index.php\/wp-json\/wp\/v2\/product_brand?post=781692"},{"taxonomy":"product_cat","embeddable":true,"href":"https:\/\/roveyayinevi.com.tr\/index.php\/wp-json\/wp\/v2\/product_cat?post=781692"},{"taxonomy":"product_tag","embeddable":true,"href":"https:\/\/roveyayinevi.com.tr\/index.php\/wp-json\/wp\/v2\/product_tag?post=781692"}],"curies":[{"name":"wp","href":"https:\/\/api.w.org\/{rel}","templated":true}]}}