{"id":781688,"date":"2026-01-28T02:59:54","date_gmt":"2026-01-27T23:59:54","guid":{"rendered":"https:\/\/roveyayinevi.com.tr\/index.php\/urun\/gulliverin-gezileri-12\/"},"modified":"2026-04-16T02:33:32","modified_gmt":"2026-04-15T23:33:32","slug":"gulliverin-gezileri-12","status":"publish","type":"product","link":"https:\/\/roveyayinevi.com.tr\/index.php\/urun\/gulliverin-gezileri-12\/","title":{"rendered":"Gulliver&#8217;in Gezileri"},"content":{"rendered":"<p>GULL\u0130VER&#8217;\u0130N GEZ\u0130LER\u0130SEN de OKU KLAS\u0130KLERGulliver&#8217;in Gezileri&#8217;ne &#8221;SEN de OKU&#8221; dokunu\u015fu\u2026 \u0130rlandal\u0131 yazar ve hiciv erbab\u0131 Jonathan Swift&#8217;in \u00f6l\u00fcms\u00fcz klasi\u011fi Gulliver&#8217;in Gezileri, \u00f6d\u00fcll\u00fc edebiyat\u00e7\u0131 Mehmet Atilla&#8217;n\u0131n duru anlat\u0131m\u0131yla, herkes okuyabilsin diye yeniden kitapseverlerle bulu\u015fuyor.Uzun ve titiz bir \u00e7al\u0131\u015fman\u0131n meyvesi olarak, usta bir yazar\u0131n ellerinde tekrar hayat bulan bu e\u015fsiz eser, orijinal metne sad\u0131k kal\u0131narak; d\u00f6rt ayr\u0131 b\u00f6l\u00fcmde d\u00f6rt ayr\u0131 yolculu\u011fu bir arada sunuyor ve bu \u00f6nemli \u00f6zelli\u011fiyle h\u00e2lihaz\u0131rda raflarda yer alan pek \u00e7ok uyarlamadan farkl\u0131la\u015f\u0131yor.Asla t\u00fckenmeyen, \u00e7ok katmanl\u0131 anlat\u0131m\u0131yla y\u00fczy\u0131llara meydan okuyan Gulliver&#8217;in Gezileri, ge\u00e7mi\u015fle gelecek aras\u0131nda edebiyat k\u00f6pr\u00fcleri kuran &#8221;SEN de OKU Klasikler&#8221; koleksiyonundaki yerini alarak g\u00fcn\u00fcm\u00fcz \u00e7ocuklar\u0131n\u0131 benzersiz bir okuma maceras\u0131na \u00e7\u0131kar\u0131yor.<\/p>\n","protected":false},"excerpt":{"rendered":"<p>GULL\u0130VER&#8217;\u0130N GEZ\u0130LER\u0130SEN de OKU KLAS\u0130KLERGulliver&#8217;in Gezileri&#8217;ne &#8221;SEN de OKU&#8221; dokunu\u015fu\u2026 \u0130rlandal\u0131 yazar ve hiciv erbab\u0131 Jonathan Swift&#8217;in \u00f6l\u00fcms\u00fcz klasi\u011fi Gulliver&#8217;in Gezileri, \u00f6d\u00fcll\u00fc edebiyat\u00e7\u0131 Mehmet Atilla&#8217;n\u0131n duru<span class=\"excerpt-hellip\"> [\u2026]<\/span><\/p>\n","protected":false},"featured_media":0,"template":"","meta":{"_monsterinsights_skip_tracking":false,"_monsterinsights_sitenote_active":false,"_monsterinsights_sitenote_note":"","_monsterinsights_sitenote_category":0},"product_brand":[],"product_cat":[12274,12284],"product_tag":[],"class_list":{"0":"post-781688","1":"product","2":"type-product","3":"status-publish","5":"product_cat-cocuk-ve-genclik-kitaplari","6":"product_cat-hikayeler","7":"pa_cilt-ciltsiz","8":"pa_tur-kitap","9":"pa_yayinevi-tudem-yayinlari","10":"pa_yazar-mehmet-atilla","12":"first","13":"instock","14":"sale","15":"shipping-taxable","16":"purchasable","17":"product-type-simple"},"_links":{"self":[{"href":"https:\/\/roveyayinevi.com.tr\/index.php\/wp-json\/wp\/v2\/product\/781688","targetHints":{"allow":["GET"]}}],"collection":[{"href":"https:\/\/roveyayinevi.com.tr\/index.php\/wp-json\/wp\/v2\/product"}],"about":[{"href":"https:\/\/roveyayinevi.com.tr\/index.php\/wp-json\/wp\/v2\/types\/product"}],"wp:attachment":[{"href":"https:\/\/roveyayinevi.com.tr\/index.php\/wp-json\/wp\/v2\/media?parent=781688"}],"wp:term":[{"taxonomy":"product_brand","embeddable":true,"href":"https:\/\/roveyayinevi.com.tr\/index.php\/wp-json\/wp\/v2\/product_brand?post=781688"},{"taxonomy":"product_cat","embeddable":true,"href":"https:\/\/roveyayinevi.com.tr\/index.php\/wp-json\/wp\/v2\/product_cat?post=781688"},{"taxonomy":"product_tag","embeddable":true,"href":"https:\/\/roveyayinevi.com.tr\/index.php\/wp-json\/wp\/v2\/product_tag?post=781688"}],"curies":[{"name":"wp","href":"https:\/\/api.w.org\/{rel}","templated":true}]}}