{"id":781682,"date":"2026-01-28T02:32:41","date_gmt":"2026-01-27T23:32:41","guid":{"rendered":"https:\/\/roveyayinevi.com.tr\/index.php\/urun\/annemin-karninda\/"},"modified":"2026-02-27T02:20:05","modified_gmt":"2026-02-26T23:20:05","slug":"annemin-karninda","status":"publish","type":"product","link":"https:\/\/roveyayinevi.com.tr\/index.php\/urun\/annemin-karninda\/","title":{"rendered":"Annemin Karn\u0131nda"},"content":{"rendered":"<p>\u201cAcaba annem nas\u0131l biri?Beni \u00e7ok, \u00e7ok ama \u00e7ok sevecek mi?\u201d\u00c7ocuklar\u0131n, \u201cBen nas\u0131l d\u00fcnyaya geldim?\u201d, \u201cBen nas\u0131l do\u011fdum?\u201d sorular\u0131n\u0131 yan\u0131tlar\u0131z ama daha \u00f6ncesinde, anne karn\u0131ndayken neler oldu\u011funu anlatmay\u0131 unuturuz.Laurie Cohen\u2019in kaleminden Annemin Karn\u0131nda, Elen Lescoat\u2019un sevimli resimleriyle hem miniklere hem b\u00fcy\u00fcklere bebe\u011fin anne karn\u0131ndaki maceras\u0131n\u0131 tatl\u0131l\u0131kla anlatan mini mini bir kitap. <\/p>\n","protected":false},"excerpt":{"rendered":"<p>\u201cAcaba annem nas\u0131l biri?Beni \u00e7ok, \u00e7ok ama \u00e7ok sevecek mi?\u201d\u00c7ocuklar\u0131n, \u201cBen nas\u0131l d\u00fcnyaya geldim?\u201d, \u201cBen nas\u0131l do\u011fdum?\u201d sorular\u0131n\u0131 yan\u0131tlar\u0131z ama daha \u00f6ncesinde, anne karn\u0131ndayken neler oldu\u011funu<span class=\"excerpt-hellip\"> [\u2026]<\/span><\/p>\n","protected":false},"featured_media":0,"template":"","meta":{"_monsterinsights_skip_tracking":false,"_monsterinsights_sitenote_active":false,"_monsterinsights_sitenote_note":"","_monsterinsights_sitenote_category":0},"product_brand":[],"product_cat":[12913,12274],"product_tag":[],"class_list":{"0":"post-781682","1":"product","2":"type-product","3":"status-publish","5":"product_cat-3-6-yas-kitaplari","6":"product_cat-cocuk-ve-genclik-kitaplari","7":"pa_cilt-ciltsiz","8":"pa_tur-kitap","9":"pa_yayinevi-yapi-kredi-yayinlari","10":"pa_yazar-laurie-cohen","12":"first","13":"instock","14":"sale","15":"shipping-taxable","16":"purchasable","17":"product-type-simple"},"_links":{"self":[{"href":"https:\/\/roveyayinevi.com.tr\/index.php\/wp-json\/wp\/v2\/product\/781682","targetHints":{"allow":["GET"]}}],"collection":[{"href":"https:\/\/roveyayinevi.com.tr\/index.php\/wp-json\/wp\/v2\/product"}],"about":[{"href":"https:\/\/roveyayinevi.com.tr\/index.php\/wp-json\/wp\/v2\/types\/product"}],"wp:attachment":[{"href":"https:\/\/roveyayinevi.com.tr\/index.php\/wp-json\/wp\/v2\/media?parent=781682"}],"wp:term":[{"taxonomy":"product_brand","embeddable":true,"href":"https:\/\/roveyayinevi.com.tr\/index.php\/wp-json\/wp\/v2\/product_brand?post=781682"},{"taxonomy":"product_cat","embeddable":true,"href":"https:\/\/roveyayinevi.com.tr\/index.php\/wp-json\/wp\/v2\/product_cat?post=781682"},{"taxonomy":"product_tag","embeddable":true,"href":"https:\/\/roveyayinevi.com.tr\/index.php\/wp-json\/wp\/v2\/product_tag?post=781682"}],"curies":[{"name":"wp","href":"https:\/\/api.w.org\/{rel}","templated":true}]}}