{"id":781659,"date":"2026-01-28T02:06:42","date_gmt":"2026-01-27T23:06:42","guid":{"rendered":"https:\/\/roveyayinevi.com.tr\/index.php\/urun\/aysegul-03-amerikaya-vapurla-yolculuk\/"},"modified":"2026-01-30T02:06:38","modified_gmt":"2026-01-29T23:06:38","slug":"aysegul-03-amerikaya-vapurla-yolculuk","status":"publish","type":"product","link":"https:\/\/roveyayinevi.com.tr\/index.php\/urun\/aysegul-03-amerikaya-vapurla-yolculuk\/","title":{"rendered":"Ay\u015feg\u00fcl 03 &#8211; Amerika\u2019ya Vapurla Yolculuk"},"content":{"rendered":"<p>D\u00fcnya \u00e7ap\u0131nda b\u00fcy\u00fck bir okur kitlesine sahip olan Ay\u015feg\u00fcl\u2019\u00fcn b\u00fct\u00fcn maceralar\u0131 Yap\u0131 Kredi Yay\u0131nlar\u0131 kalitesiyle yay\u0131mlanmaya ba\u015flad\u0131. Ay\u015feg\u00fcl\u2019\u00fcn b\u00fct\u00fcn k\u00fclliyat\u0131n\u0131 iki y\u0131l i\u00e7inde tamamlamay\u0131 planlayan Yap\u0131 Kredi Yay\u0131nlar\u0131, 2011 y\u0131l\u0131nda 24 alb\u00fcm yay\u0131mlanacak.Onun ad\u0131 \u201cAy\u015feg\u00fcl\u201c&#8230; \u0130lk olarak 1954\u2019te, Bel\u00e7ika\u2019da \u201cMartine\u201c ad\u0131yla yay\u0131mland\u0131, \u00e7ok ge\u00e7meden de \u201cAy\u015feg\u00fcl\u201c ad\u0131yla T\u00fcrkiye\u2019ye geldi. Elli y\u0131ll\u0131k T\u00fcrkiye ser\u00fcveni boyunca, pek \u00e7ok ku\u015fak, o ve arkada\u015flar\u0131yla b\u00fcy\u00fcd\u00fc; ebeveynlerle \u00e7ocuklar\u0131n ortak arkada\u015f\u0131 oldu <\/p>\n","protected":false},"excerpt":{"rendered":"<p>D\u00fcnya \u00e7ap\u0131nda b\u00fcy\u00fck bir okur kitlesine sahip olan Ay\u015feg\u00fcl\u2019\u00fcn b\u00fct\u00fcn maceralar\u0131 Yap\u0131 Kredi Yay\u0131nlar\u0131 kalitesiyle yay\u0131mlanmaya ba\u015flad\u0131. Ay\u015feg\u00fcl\u2019\u00fcn b\u00fct\u00fcn k\u00fclliyat\u0131n\u0131 iki y\u0131l i\u00e7inde tamamlamay\u0131 planlayan Yap\u0131<span class=\"excerpt-hellip\"> [\u2026]<\/span><\/p>\n","protected":false},"featured_media":0,"template":"","meta":{"_monsterinsights_skip_tracking":false,"_monsterinsights_sitenote_active":false,"_monsterinsights_sitenote_note":"","_monsterinsights_sitenote_category":0},"product_brand":[],"product_cat":[12274,12284],"product_tag":[],"class_list":{"0":"post-781659","1":"product","2":"type-product","3":"status-publish","5":"product_cat-cocuk-ve-genclik-kitaplari","6":"product_cat-hikayeler","7":"pa_cilt-ciltsiz","8":"pa_tur-kitap","9":"pa_yayinevi-yapi-kredi-yayinlari","10":"pa_yazar-gilbert-delahaye","12":"first","13":"instock","14":"sale","15":"shipping-taxable","16":"purchasable","17":"product-type-simple"},"_links":{"self":[{"href":"https:\/\/roveyayinevi.com.tr\/index.php\/wp-json\/wp\/v2\/product\/781659","targetHints":{"allow":["GET"]}}],"collection":[{"href":"https:\/\/roveyayinevi.com.tr\/index.php\/wp-json\/wp\/v2\/product"}],"about":[{"href":"https:\/\/roveyayinevi.com.tr\/index.php\/wp-json\/wp\/v2\/types\/product"}],"wp:attachment":[{"href":"https:\/\/roveyayinevi.com.tr\/index.php\/wp-json\/wp\/v2\/media?parent=781659"}],"wp:term":[{"taxonomy":"product_brand","embeddable":true,"href":"https:\/\/roveyayinevi.com.tr\/index.php\/wp-json\/wp\/v2\/product_brand?post=781659"},{"taxonomy":"product_cat","embeddable":true,"href":"https:\/\/roveyayinevi.com.tr\/index.php\/wp-json\/wp\/v2\/product_cat?post=781659"},{"taxonomy":"product_tag","embeddable":true,"href":"https:\/\/roveyayinevi.com.tr\/index.php\/wp-json\/wp\/v2\/product_tag?post=781659"}],"curies":[{"name":"wp","href":"https:\/\/api.w.org\/{rel}","templated":true}]}}