{"id":781640,"date":"2026-01-27T04:17:22","date_gmt":"2026-01-27T01:17:22","guid":{"rendered":"https:\/\/roveyayinevi.com.tr\/index.php\/urun\/4-el-piyano-icin-12-prelud\/"},"modified":"2026-04-15T03:46:02","modified_gmt":"2026-04-15T00:46:02","slug":"4-el-piyano-icin-12-prelud","status":"publish","type":"product","link":"https:\/\/roveyayinevi.com.tr\/index.php\/urun\/4-el-piyano-icin-12-prelud\/","title":{"rendered":"4 El Piyano i\u00e7in 12 Prel\u00fcd"},"content":{"rendered":"<p>9-16 ya\u015f aral\u0131\u011f\u0131ndaki \u00f6\u011frenciler i\u00e7in tasarlanm\u0131\u015f olan bu kitap, 12 k\u0131sa par\u00e7adan olu\u015fmaktad\u0131r. Eserler, piyano tekni\u011fi a\u00e7\u0131s\u0131ndan kolaydan zora do\u011fru bir s\u0131ralama g\u00f6z edilerek yaz\u0131lm\u0131\u015ft\u0131r. Her par\u00e7ada piyano tekni\u011fi a\u00e7\u0131s\u0131ndan yeni kazan\u0131mlar edinmek ama\u00e7lan\u0131rken, m\u00fczikal a\u00e7\u0131dan da basit uygulamalardan daha bile\u015fik becerilere uzanan bir yelpazeye yer verilmi\u015ftir. Bu kitab\u0131n amac\u0131na ula\u015fabilmesi i\u00e7in \u00f6\u011frencinin iki el birlikte \u00e7al\u0131\u015fabilecek d\u00fczeyde olmas\u0131 beklenmektedir. \u00dclkemizde, (orta seviye) piyano e\u011fitiminde kullan\u0131lan 4 el piyano metotlar\u0131n\u0131n say\u0131ca az olmas\u0131 bu \u00e7al\u0131\u015fman\u0131n ortaya \u00e7\u0131kmas\u0131na vesile olmu\u015ftur. \u00c7ocuklar k\u0131sa hik\u00e2yelerden olu\u015fan bu eserleri keyifle \u00e7al\u0131\u015facak, e\u011flenerek \u00f6\u011freneceklerdir. Yan yana \u00e7alan her iki \u00e7al\u0131c\u0131n\u0131n partisyonu da hem \u00f6\u011fretmen-\u00f6\u011frenci hem de iki akran \u00f6\u011frencinin icras\u0131na uygundur. Bu sayede \u00f6\u011frencinin hem tiz (primo), hem pes (secondo) alanda \u00e7alabilmesi de ama\u00e7lanm\u0131\u015ft\u0131r.Her seviyeden \u00e7al\u0131c\u0131ya \u0131\u015f\u0131k tutmas\u0131 a\u00e7\u0131s\u0131ndan kitaptaki t\u00fcm eserlerin Youtube kayd\u0131 kitab\u0131m\u0131za eklenmi\u015ftir. Kitab\u0131n 2.sayfas\u0131ndaki karekod arac\u0131l\u0131\u011f\u0131yla bu kay\u0131tlara eri\u015fmek m\u00fcmk\u00fcnd\u00fcr.  Arkada\u015f, karde\u015f, \u00f6\u011frenci ve \u00f6\u011fretmen ba\u011flar\u0131n\u0131n bu m\u00fczikal birliktelik ile daha da g\u00fc\u00e7lenmesi, g\u00fczel an\u0131lar biriktirerek b\u00fcy\u00fcmesi dile\u011fiyle\u2026<\/p>\n","protected":false},"excerpt":{"rendered":"<p>9-16 ya\u015f aral\u0131\u011f\u0131ndaki \u00f6\u011frenciler i\u00e7in tasarlanm\u0131\u015f olan bu kitap, 12 k\u0131sa par\u00e7adan olu\u015fmaktad\u0131r. Eserler, piyano tekni\u011fi a\u00e7\u0131s\u0131ndan kolaydan zora do\u011fru bir s\u0131ralama g\u00f6z edilerek yaz\u0131lm\u0131\u015ft\u0131r. Her<span class=\"excerpt-hellip\"> [\u2026]<\/span><\/p>\n","protected":false},"featured_media":0,"template":"","meta":{"_monsterinsights_skip_tracking":false,"_monsterinsights_sitenote_active":false,"_monsterinsights_sitenote_note":"","_monsterinsights_sitenote_category":0},"product_brand":[],"product_cat":[141304],"product_tag":[],"class_list":{"0":"post-781640","1":"product","2":"type-product","3":"status-publish","5":"product_cat-yeni-cikanlar","6":"pa_cilt-ciltsiz","7":"pa_tur-kitap","8":"pa_yayinevi-muzik-egitimi-yayinlari","9":"pa_yazar-emine-bilir-eyupoglu","11":"first","12":"instock","13":"sale","14":"shipping-taxable","15":"purchasable","16":"product-type-simple"},"_links":{"self":[{"href":"https:\/\/roveyayinevi.com.tr\/index.php\/wp-json\/wp\/v2\/product\/781640","targetHints":{"allow":["GET"]}}],"collection":[{"href":"https:\/\/roveyayinevi.com.tr\/index.php\/wp-json\/wp\/v2\/product"}],"about":[{"href":"https:\/\/roveyayinevi.com.tr\/index.php\/wp-json\/wp\/v2\/types\/product"}],"wp:attachment":[{"href":"https:\/\/roveyayinevi.com.tr\/index.php\/wp-json\/wp\/v2\/media?parent=781640"}],"wp:term":[{"taxonomy":"product_brand","embeddable":true,"href":"https:\/\/roveyayinevi.com.tr\/index.php\/wp-json\/wp\/v2\/product_brand?post=781640"},{"taxonomy":"product_cat","embeddable":true,"href":"https:\/\/roveyayinevi.com.tr\/index.php\/wp-json\/wp\/v2\/product_cat?post=781640"},{"taxonomy":"product_tag","embeddable":true,"href":"https:\/\/roveyayinevi.com.tr\/index.php\/wp-json\/wp\/v2\/product_tag?post=781640"}],"curies":[{"name":"wp","href":"https:\/\/api.w.org\/{rel}","templated":true}]}}