{"id":781639,"date":"2026-01-27T04:17:19","date_gmt":"2026-01-27T01:17:19","guid":{"rendered":"https:\/\/roveyayinevi.com.tr\/index.php\/urun\/ev-robotlari-akillandi\/"},"modified":"2026-04-15T03:46:02","modified_gmt":"2026-04-15T00:46:02","slug":"ev-robotlari-akillandi","status":"publish","type":"product","link":"https:\/\/roveyayinevi.com.tr\/index.php\/urun\/ev-robotlari-akillandi\/","title":{"rendered":"Ev Robotlar\u0131 Ak\u0131lland\u0131"},"content":{"rendered":"<p>Yapay zek\u00e2 m\u00fchendisi \u00e7\u0131lg\u0131n bir baba, d\u00fcnyay\u0131 ele ge\u00e7irmeye niyetli, gere\u011finden fazla ak\u0131ll\u0131 ev robotlar\u0131 ve ekran ba\u011f\u0131ml\u0131s\u0131 \u00fc\u00e7 karde\u015f&#8230;Zeki, Sibel ve Gizem&#8217;in, evlerini robot istilas\u0131ndan kurtarmak i\u00e7in birlik olmaktan ba\u015fka \u00e7areleri yoktur. Peki, birbiriyle hi\u00e7 anla\u015famayan karde\u015fler \u00f6fkeli robotlara kar\u015f\u0131 bir ekip olmay\u0131 ba\u015farabilecekler mi, yoksa tam da robotlar\u0131n umdu\u011fu gibi insani zay\u0131 \u0131klar\u0131na yenik mi d\u00fc\u015fecekler?Ev Robotlar\u0131 Ak\u0131lland\u0131, teknolojinin hayatlar\u0131m\u0131zdaki yerini ve s\u0131n\u0131rlar\u0131n\u0131 sorgulayan; karde\u015fli\u011fi, dayan\u0131\u015fmay\u0131 ve cesareti \u00f6ne \u00e7\u0131karan bol kahkahal\u0131 bir robot isyan\u0131 hik\u00e2yesi.<\/p>\n","protected":false},"excerpt":{"rendered":"<p>Yapay zek\u00e2 m\u00fchendisi \u00e7\u0131lg\u0131n bir baba, d\u00fcnyay\u0131 ele ge\u00e7irmeye niyetli, gere\u011finden fazla ak\u0131ll\u0131 ev robotlar\u0131 ve ekran ba\u011f\u0131ml\u0131s\u0131 \u00fc\u00e7 karde\u015f&#8230;Zeki, Sibel ve Gizem&#8217;in, evlerini robot istilas\u0131ndan<span class=\"excerpt-hellip\"> [\u2026]<\/span><\/p>\n","protected":false},"featured_media":0,"template":"","meta":{"_monsterinsights_skip_tracking":false,"_monsterinsights_sitenote_active":false,"_monsterinsights_sitenote_note":"","_monsterinsights_sitenote_category":0},"product_brand":[],"product_cat":[12274,12284],"product_tag":[],"class_list":{"0":"post-781639","1":"product","2":"type-product","3":"status-publish","5":"product_cat-cocuk-ve-genclik-kitaplari","6":"product_cat-hikayeler","7":"pa_cilt-ciltsiz","8":"pa_tur-kitap","9":"pa_yayinevi-altin-kitaplar","10":"pa_yazar-gamze-pat","12":"first","13":"instock","14":"sale","15":"shipping-taxable","16":"purchasable","17":"product-type-simple"},"_links":{"self":[{"href":"https:\/\/roveyayinevi.com.tr\/index.php\/wp-json\/wp\/v2\/product\/781639","targetHints":{"allow":["GET"]}}],"collection":[{"href":"https:\/\/roveyayinevi.com.tr\/index.php\/wp-json\/wp\/v2\/product"}],"about":[{"href":"https:\/\/roveyayinevi.com.tr\/index.php\/wp-json\/wp\/v2\/types\/product"}],"wp:attachment":[{"href":"https:\/\/roveyayinevi.com.tr\/index.php\/wp-json\/wp\/v2\/media?parent=781639"}],"wp:term":[{"taxonomy":"product_brand","embeddable":true,"href":"https:\/\/roveyayinevi.com.tr\/index.php\/wp-json\/wp\/v2\/product_brand?post=781639"},{"taxonomy":"product_cat","embeddable":true,"href":"https:\/\/roveyayinevi.com.tr\/index.php\/wp-json\/wp\/v2\/product_cat?post=781639"},{"taxonomy":"product_tag","embeddable":true,"href":"https:\/\/roveyayinevi.com.tr\/index.php\/wp-json\/wp\/v2\/product_tag?post=781639"}],"curies":[{"name":"wp","href":"https:\/\/api.w.org\/{rel}","templated":true}]}}