{"id":781637,"date":"2026-01-27T04:17:12","date_gmt":"2026-01-27T01:17:12","guid":{"rendered":"https:\/\/roveyayinevi.com.tr\/index.php\/urun\/kayda-gecen-kayiplar\/"},"modified":"2026-04-15T03:46:02","modified_gmt":"2026-04-15T00:46:02","slug":"kayda-gecen-kayiplar","status":"publish","type":"product","link":"https:\/\/roveyayinevi.com.tr\/index.php\/urun\/kayda-gecen-kayiplar\/","title":{"rendered":"Kayda Ge\u00e7en Kay\u0131plar"},"content":{"rendered":"<p>Pasifik\u2019te okyanusa batan bir ada Tuanaki.  Nesli t\u00fckenen Hazar kaplan\u0131.  Tek boynuzlu atlar\u0131n ger\u00e7ekten ya\u015fad\u0131\u011f\u0131n\u0131 \u00f6ne s\u00fcren bir fizik\u00e7i.  17. y\u00fczy\u0131lda Roma\u2019da in\u015fa edilen malik\u00e2ne, Villa Sacchetti.  Art\u0131k kay\u0131p film olarak kabul edilen Mavili \u00c7ocuk.  Sappho\u2019nun kay\u0131p a\u015fk \u015fark\u0131lar\u0131.  Tamamen yanan ve duvar par\u00e7alar\u0131 yeni k\u00f6y evlerinin yap\u0131m\u0131nda kullan\u0131lan Von Behr Saray\u0131.  Kay\u0131p kutsal kitaplardan: Mani\u2019nin Yedi Kitab\u0131.  Caspar David Friedrich\u2019in bir yang\u0131nda yok olan tablosu Griefswald Liman\u0131.  \u0130svi\u00e7reli bir memurun binden fazla levha dikerek bir t\u00fcr ansiklopediye \u00e7evirdi\u011fi kestane korusu Ormandaki Ansiklopedi.   Demokratik Alman Cumhuriyeti\u2019nin Berlin\u2019de in\u015fa etti\u011fi, 2000\u2019lerin ba\u015f\u0131nda y\u0131k\u0131lan Cumhuriyet Saray\u0131.  Papaz Adolf Kinau\u2019nun selenografileri.    Judith Schalansky kaybolan \u015feylerden geriye kalanlara odaklanarak bir edebiyat\u00e7\u0131n\u0131n her \u015feyi hik\u00e2yele\u015ftirme co\u015fkusuyla kaleme ald\u0131\u011f\u0131 Kayda Ge\u00e7en Kay\u0131plar&#8217;da bellek ve unutu\u015fun birbirine z\u0131t oldu\u011fu kadar i\u00e7 i\u00e7e ge\u00e7ti\u011fini \u00f6zg\u00fcn bir \u015fekilde g\u00f6steriyor.   Judith Schalansky 2018\u2019de Wilhelm Raabe Edebiyat \u00d6d\u00fcl\u00fc\u2019n\u00fcn de sahibi oldu.<\/p>\n","protected":false},"excerpt":{"rendered":"<p>Pasifik\u2019te okyanusa batan bir ada Tuanaki. Nesli t\u00fckenen Hazar kaplan\u0131. Tek boynuzlu atlar\u0131n ger\u00e7ekten ya\u015fad\u0131\u011f\u0131n\u0131 \u00f6ne s\u00fcren bir fizik\u00e7i. 17. y\u00fczy\u0131lda Roma\u2019da in\u015fa edilen malik\u00e2ne, Villa<span class=\"excerpt-hellip\"> [\u2026]<\/span><\/p>\n","protected":false},"featured_media":0,"template":"","meta":{"_monsterinsights_skip_tracking":false,"_monsterinsights_sitenote_active":false,"_monsterinsights_sitenote_note":"","_monsterinsights_sitenote_category":0},"product_brand":[],"product_cat":[18545,12291],"product_tag":[],"class_list":{"0":"post-781637","1":"product","2":"type-product","3":"status-publish","5":"product_cat-anlati","6":"product_cat-edebiyat","7":"pa_cilt-ciltsiz","8":"pa_tur-kitap","9":"pa_yayinevi-can-yayinlari","10":"pa_yazar-judith-schalansky","12":"first","13":"instock","14":"sale","15":"shipping-taxable","16":"purchasable","17":"product-type-simple"},"_links":{"self":[{"href":"https:\/\/roveyayinevi.com.tr\/index.php\/wp-json\/wp\/v2\/product\/781637","targetHints":{"allow":["GET"]}}],"collection":[{"href":"https:\/\/roveyayinevi.com.tr\/index.php\/wp-json\/wp\/v2\/product"}],"about":[{"href":"https:\/\/roveyayinevi.com.tr\/index.php\/wp-json\/wp\/v2\/types\/product"}],"wp:attachment":[{"href":"https:\/\/roveyayinevi.com.tr\/index.php\/wp-json\/wp\/v2\/media?parent=781637"}],"wp:term":[{"taxonomy":"product_brand","embeddable":true,"href":"https:\/\/roveyayinevi.com.tr\/index.php\/wp-json\/wp\/v2\/product_brand?post=781637"},{"taxonomy":"product_cat","embeddable":true,"href":"https:\/\/roveyayinevi.com.tr\/index.php\/wp-json\/wp\/v2\/product_cat?post=781637"},{"taxonomy":"product_tag","embeddable":true,"href":"https:\/\/roveyayinevi.com.tr\/index.php\/wp-json\/wp\/v2\/product_tag?post=781637"}],"curies":[{"name":"wp","href":"https:\/\/api.w.org\/{rel}","templated":true}]}}