{"id":781626,"date":"2026-01-27T04:16:43","date_gmt":"2026-01-27T01:16:43","guid":{"rendered":"https:\/\/roveyayinevi.com.tr\/index.php\/urun\/hanedanlar-lobisi-lobi-soygunu\/"},"modified":"2026-04-15T03:45:29","modified_gmt":"2026-04-15T00:45:29","slug":"hanedanlar-lobisi-lobi-soygunu","status":"publish","type":"product","link":"https:\/\/roveyayinevi.com.tr\/index.php\/urun\/hanedanlar-lobisi-lobi-soygunu\/","title":{"rendered":"Hanedanlar Lobisi, Lobi Soygunu"},"content":{"rendered":"<p>Usta gazeteci Y\u0131lmaz Polat, \u00f6nceki kitaplar\u0131ndan bildi\u011fimiz titiz \u00e7al\u0131\u015fma y\u00f6ntemiyle, T\u00fcrkiye siyasetinin g\u00f6lgede gizlenen bir ba\u015fka ger\u00e7ekli\u011fine \u0131\u015f\u0131k tutuyor bu kez; ABD\u2019de y\u00fcr\u00fct\u00fclen lobi faaliyetlerinin, T\u00fcrk halk\u0131ndan \u00f6zenle gizlenen hik\u00e2yesini kaleme al\u0131yor. &#8220;Washington\u2019da her \u00fclkeyle ilgilenen resm\u00ee, yar\u0131 resm\u00ee ya da farkl\u0131 ki\u015filikte binlerce ki\u015fi vard\u0131r. T\u00fcrkiye\u2019den de y\u0131llar i\u00e7inde \u00e7ok say\u0131da siyaset\u00e7i, diplomat, ekonomist ve asker\u00ee lider geldi, \u00e7ok say\u0131da gazeteci onlar\u0131 izledi. Her gezinin ard\u0131nda y\u0131llarca konu\u015fulacak izler b\u0131rak\u0131ld\u0131. Bu ziyaretlerde lobiler ve gazetecilerin b\u0131rakt\u0131\u011f\u0131 izler oldu. Bu olaylar\u0131n tarihe not d\u00fc\u015f\u00fclmesi a\u00e7\u0131s\u0131ndan yaz\u0131lmas\u0131, konu\u015fulmas\u0131 ve tart\u0131\u015f\u0131lmas\u0131 gerekir.&#8221; Y\u0131lmaz Polat<\/p>\n","protected":false},"excerpt":{"rendered":"<p>Usta gazeteci Y\u0131lmaz Polat, \u00f6nceki kitaplar\u0131ndan bildi\u011fimiz titiz \u00e7al\u0131\u015fma y\u00f6ntemiyle, T\u00fcrkiye siyasetinin g\u00f6lgede gizlenen bir ba\u015fka ger\u00e7ekli\u011fine \u0131\u015f\u0131k tutuyor bu kez; ABD\u2019de y\u00fcr\u00fct\u00fclen lobi faaliyetlerinin, T\u00fcrk<span class=\"excerpt-hellip\"> [\u2026]<\/span><\/p>\n","protected":false},"featured_media":0,"template":"","meta":{"_monsterinsights_skip_tracking":false,"_monsterinsights_sitenote_active":false,"_monsterinsights_sitenote_note":"","_monsterinsights_sitenote_category":0},"product_brand":[],"product_cat":[13590,12337],"product_tag":[],"class_list":{"0":"post-781626","1":"product","2":"type-product","3":"status-publish","5":"product_cat-arastirma-inceleme-politika-siyaset","6":"product_cat-politika-siyaset","7":"pa_cilt-ciltsiz","8":"pa_tur-kitap","9":"pa_yayinevi-telgrafhane-yayinlari","10":"pa_yazar-yilmaz-polat","12":"first","13":"instock","14":"sale","15":"shipping-taxable","16":"purchasable","17":"product-type-simple"},"_links":{"self":[{"href":"https:\/\/roveyayinevi.com.tr\/index.php\/wp-json\/wp\/v2\/product\/781626","targetHints":{"allow":["GET"]}}],"collection":[{"href":"https:\/\/roveyayinevi.com.tr\/index.php\/wp-json\/wp\/v2\/product"}],"about":[{"href":"https:\/\/roveyayinevi.com.tr\/index.php\/wp-json\/wp\/v2\/types\/product"}],"wp:attachment":[{"href":"https:\/\/roveyayinevi.com.tr\/index.php\/wp-json\/wp\/v2\/media?parent=781626"}],"wp:term":[{"taxonomy":"product_brand","embeddable":true,"href":"https:\/\/roveyayinevi.com.tr\/index.php\/wp-json\/wp\/v2\/product_brand?post=781626"},{"taxonomy":"product_cat","embeddable":true,"href":"https:\/\/roveyayinevi.com.tr\/index.php\/wp-json\/wp\/v2\/product_cat?post=781626"},{"taxonomy":"product_tag","embeddable":true,"href":"https:\/\/roveyayinevi.com.tr\/index.php\/wp-json\/wp\/v2\/product_tag?post=781626"}],"curies":[{"name":"wp","href":"https:\/\/api.w.org\/{rel}","templated":true}]}}