{"id":781606,"date":"2026-01-25T04:15:48","date_gmt":"2026-01-25T01:15:48","guid":{"rendered":"https:\/\/roveyayinevi.com.tr\/index.php\/urun\/ac-kuslar\/"},"modified":"2026-04-15T03:45:57","modified_gmt":"2026-04-15T00:45:57","slug":"ac-kuslar","status":"publish","type":"product","link":"https:\/\/roveyayinevi.com.tr\/index.php\/urun\/ac-kuslar\/","title":{"rendered":"A\u00e7 Ku\u015flar"},"content":{"rendered":"<p>BU K\u0130TAP, GER\u00c7EK K\u0130\u015e\u0130LERDEN ES\u0130NLEN\u0130LM\u0130\u015e BAS\u0130T B\u0130R KURGU DE\u011e\u0130L, PARANIN AHLAKIN YER\u0130NE GE\u00c7T\u0130\u011e\u0130, HER \u015eEY\u0130N MUBAH SAYILDI\u011eI B\u0130R D\u00dcZENLE HESAPLA\u015eMANIN ROMANIDIR.   Yenik\u00f6y\u2019\u00fcn siyah yal\u0131s\u0131nda sabaha kadar s\u00fcren partiler&#8230; Siyah tuvalet k\u00e2\u011f\u0131tlar\u0131, karanl\u0131k odalar, uyu\u015fturucu, istismar ve g\u00fcc\u00fcn her \u015feyi sat\u0131n alabildi\u011fi bir cemiyet&#8230; \u015eehir efsanelerinin g\u00f6lgesinde kalan o yal\u0131lar\u0131n kap\u0131lar\u0131, i\u00e7eriden biri sayesinde ilk kez halka a\u00e7\u0131l\u0131yor! Paran\u0131n, n\u00fcfuzun, suskunlu\u011fun ve cezas\u0131zl\u0131\u011f\u0131n nas\u0131l bir a\u011f \u00f6rd\u00fc\u011f\u00fcn\u00fc, gen\u00e7 hayatlar\u0131n o a\u011f i\u00e7inde nas\u0131l t\u00fcketildi\u011fini okumaya haz\u0131r m\u0131s\u0131n\u0131z? Deniz Akkaya, T\u00fcrkiye\u2019nin en g\u00f6rkemli ailelerinin ard\u0131ndaki g\u00f6r\u00fcnmeyen d\u00fcnyay\u0131, \u201cdokunulmaz\u201d zannedilen \u00e7evrelerin karanl\u0131k y\u00fcz\u00fcn\u00fc cesur bir dille anlat\u0131yor. Bu kitap yaln\u0131zca bir aileyi de\u011fil, bir z\u00fcmrenin ruhunu if\u015fa ediyor.<\/p>\n","protected":false},"excerpt":{"rendered":"<p>BU K\u0130TAP, GER\u00c7EK K\u0130\u015e\u0130LERDEN ES\u0130NLEN\u0130LM\u0130\u015e BAS\u0130T B\u0130R KURGU DE\u011e\u0130L, PARANIN AHLAKIN YER\u0130NE GE\u00c7T\u0130\u011e\u0130, HER \u015eEY\u0130N MUBAH SAYILDI\u011eI B\u0130R D\u00dcZENLE HESAPLA\u015eMANIN ROMANIDIR. Yenik\u00f6y\u2019\u00fcn siyah yal\u0131s\u0131nda sabaha kadar<span class=\"excerpt-hellip\"> [\u2026]<\/span><\/p>\n","protected":false},"featured_media":0,"template":"","meta":{"_monsterinsights_skip_tracking":false,"_monsterinsights_sitenote_active":false,"_monsterinsights_sitenote_note":"","_monsterinsights_sitenote_category":0},"product_brand":[],"product_cat":[141304],"product_tag":[],"class_list":{"0":"post-781606","1":"product","2":"type-product","3":"status-publish","5":"product_cat-yeni-cikanlar","6":"pa_cilt-ciltsiz","7":"pa_tur-kitap","8":"pa_yayinevi-destek-yayinlari","9":"pa_yazar-deniz-akkaya","11":"first","12":"instock","13":"sale","14":"shipping-taxable","15":"purchasable","16":"product-type-simple"},"_links":{"self":[{"href":"https:\/\/roveyayinevi.com.tr\/index.php\/wp-json\/wp\/v2\/product\/781606","targetHints":{"allow":["GET"]}}],"collection":[{"href":"https:\/\/roveyayinevi.com.tr\/index.php\/wp-json\/wp\/v2\/product"}],"about":[{"href":"https:\/\/roveyayinevi.com.tr\/index.php\/wp-json\/wp\/v2\/types\/product"}],"wp:attachment":[{"href":"https:\/\/roveyayinevi.com.tr\/index.php\/wp-json\/wp\/v2\/media?parent=781606"}],"wp:term":[{"taxonomy":"product_brand","embeddable":true,"href":"https:\/\/roveyayinevi.com.tr\/index.php\/wp-json\/wp\/v2\/product_brand?post=781606"},{"taxonomy":"product_cat","embeddable":true,"href":"https:\/\/roveyayinevi.com.tr\/index.php\/wp-json\/wp\/v2\/product_cat?post=781606"},{"taxonomy":"product_tag","embeddable":true,"href":"https:\/\/roveyayinevi.com.tr\/index.php\/wp-json\/wp\/v2\/product_tag?post=781606"}],"curies":[{"name":"wp","href":"https:\/\/api.w.org\/{rel}","templated":true}]}}