{"id":781598,"date":"2026-01-25T03:18:54","date_gmt":"2026-01-25T00:18:54","guid":{"rendered":"https:\/\/roveyayinevi.com.tr\/index.php\/urun\/ruh-hali\/"},"modified":"2026-03-16T02:54:08","modified_gmt":"2026-03-15T23:54:08","slug":"ruh-hali","status":"publish","type":"product","link":"https:\/\/roveyayinevi.com.tr\/index.php\/urun\/ruh-hali\/","title":{"rendered":"Ruh Hali"},"content":{"rendered":"<p>Hayat, hepimizin zaman zaman t\u00f6kezledi\u011fi uzun bir y\u00fcr\u00fcy\u00fc\u015f. \u0130nsani yak\u0131nl\u0131\u011f\u0131n azald\u0131\u011f\u0131 ve maddecili\u011fin \u00f6ne \u00e7\u0131kt\u0131\u011f\u0131 bir zamanda, hele de pandeminin nice can ald\u0131\u011f\u0131, sava\u015f\u0131n d\u00f6rt bir taraf\u0131 ku\u015fatt\u0131\u011f\u0131 d\u00fcnyam\u0131zda \u201cruh halimizi\u201d konu\u015fmak daha \u00f6nemli. \u0130ki b\u00f6l\u00fcmden olu\u015fan ve \u201cmutluluk, hayat\u0131n anlam\u0131, \u00f6fke, k\u0131skan\u00e7l\u0131k, a\u015fk, \u00e7ocuk-ebeveyn ili\u015fkileri\u201d gibi konular\u0131n yan\u0131 s\u0131ra \u201ctak\u0131nt\u0131lar, depresyon, panik atak, fobiler, ba\u011f\u0131ml\u0131l\u0131k, alzheimer, \u015fizofreni\u201d gibi belli ba\u015fl\u0131 psikiyatrik sorunlar\u0131 ele alan Ruh Hali, hayat yolculu\u011fumuzda daima elimizin alt\u0131nda duracak bir k\u0131lavuz kitap. \u201cOkumak zihni ve ruhu geni\u015fletir. \u0130yi kitaplar, iyi sohbetler, iyi insanlar bizi kendimizin ilerisine ta\u015f\u0131r. Dilerim bu kitap da b\u00f6yle bir vazife \u00fcstlenir ve kelimelerin atlastan kanatlar\u0131yla sizii\u00e7sel bir yolculu\u011fa \u00e7\u0131kar\u0131r.\u201d<\/p>\n","protected":false},"excerpt":{"rendered":"<p>Hayat, hepimizin zaman zaman t\u00f6kezledi\u011fi uzun bir y\u00fcr\u00fcy\u00fc\u015f. \u0130nsani yak\u0131nl\u0131\u011f\u0131n azald\u0131\u011f\u0131 ve maddecili\u011fin \u00f6ne \u00e7\u0131kt\u0131\u011f\u0131 bir zamanda, hele de pandeminin nice can ald\u0131\u011f\u0131, sava\u015f\u0131n d\u00f6rt bir<span class=\"excerpt-hellip\"> [\u2026]<\/span><\/p>\n","protected":false},"featured_media":0,"template":"","meta":{"_monsterinsights_skip_tracking":false,"_monsterinsights_sitenote_active":false,"_monsterinsights_sitenote_note":"","_monsterinsights_sitenote_category":0},"product_brand":[],"product_cat":[12358,12357],"product_tag":[],"class_list":{"0":"post-781598","1":"product","2":"type-product","3":"status-publish","5":"product_cat-genel-psikoloji","6":"product_cat-psikoloji","7":"pa_cilt-ciltsiz","8":"pa_tur-kitap","9":"pa_yayinevi-kapi-yayinlari","10":"pa_yazar-kemal-sayar","12":"first","13":"instock","14":"sale","15":"shipping-taxable","16":"purchasable","17":"product-type-simple"},"_links":{"self":[{"href":"https:\/\/roveyayinevi.com.tr\/index.php\/wp-json\/wp\/v2\/product\/781598","targetHints":{"allow":["GET"]}}],"collection":[{"href":"https:\/\/roveyayinevi.com.tr\/index.php\/wp-json\/wp\/v2\/product"}],"about":[{"href":"https:\/\/roveyayinevi.com.tr\/index.php\/wp-json\/wp\/v2\/types\/product"}],"wp:attachment":[{"href":"https:\/\/roveyayinevi.com.tr\/index.php\/wp-json\/wp\/v2\/media?parent=781598"}],"wp:term":[{"taxonomy":"product_brand","embeddable":true,"href":"https:\/\/roveyayinevi.com.tr\/index.php\/wp-json\/wp\/v2\/product_brand?post=781598"},{"taxonomy":"product_cat","embeddable":true,"href":"https:\/\/roveyayinevi.com.tr\/index.php\/wp-json\/wp\/v2\/product_cat?post=781598"},{"taxonomy":"product_tag","embeddable":true,"href":"https:\/\/roveyayinevi.com.tr\/index.php\/wp-json\/wp\/v2\/product_tag?post=781598"}],"curies":[{"name":"wp","href":"https:\/\/api.w.org\/{rel}","templated":true}]}}