{"id":781596,"date":"2026-01-25T03:10:08","date_gmt":"2026-01-25T00:10:08","guid":{"rendered":"https:\/\/roveyayinevi.com.tr\/index.php\/urun\/bir-rus-gazetecinin-gozunden-jon-turkler-ve-istanbul\/"},"modified":"2026-04-16T02:42:51","modified_gmt":"2026-04-15T23:42:51","slug":"bir-rus-gazetecinin-gozunden-jon-turkler-ve-istanbul","status":"publish","type":"product","link":"https:\/\/roveyayinevi.com.tr\/index.php\/urun\/bir-rus-gazetecinin-gozunden-jon-turkler-ve-istanbul\/","title":{"rendered":"Bir Rus Gazetecinin G\u00f6z\u00fcnden J\u00f6n T\u00fcrkler ve \u0130stanbul"},"content":{"rendered":"<p>Rusya \u00c7arl\u0131\u011f\u0131\u2019n\u0131n olduk\u00e7a \u00e7alkant\u0131l\u0131 ve karma\u015f\u0131k son d\u00f6neminde gazeteci, yazar ve siyaset\u00e7i olarak yo\u011fun faaliyet g\u00f6stermi\u015f olan Ariadna V. Tyrkova, 20. y\u00fczy\u0131l ba\u015f\u0131 Rus entelejensiyas\u0131n\u0131n benzersiz \u015fahsiyetlerinden biridir. Onu \u00f6zel k\u0131lan sadece sava\u015flar, isyanlar, i\u00e7 \u00e7at\u0131\u015fmalar, darbelerle dolu bir d\u00f6nemde bir kad\u0131n olarak \u00f6n saflarda yer almas\u0131 de\u011fil, inand\u0131\u011f\u0131 de\u011ferlere olan ba\u011fl\u0131l\u0131\u011f\u0131d\u0131r. D\u00fc\u015f\u00fcnceleri u\u011fruna hapse girmeyi, kovu\u015fturmaya u\u011framay\u0131 g\u00f6ze alan Tyrkova, 1905 Devrimi\u2019nden 1917 senesine, \u00c7arl\u0131k rejiminin y\u0131k\u0131l\u0131\u015f\u0131na de\u011fin pek \u00e7ok liberal ve me\u015frutiyet yanl\u0131s\u0131 gazetede yaz\u0131lar yazm\u0131\u015f, Anayasal Demokrasi (Kadet) Partisi\u2019nin tek kad\u0131n \u00fcyesi olarak siyasette aktif faaliyet g\u00f6stermi\u015ftir.\u00c7arl\u0131k rejiminin kovu\u015fturmalar\u0131 nedeniyle s\u0131k s\u0131k yurtd\u0131\u015f\u0131na \u00e7\u0131kmak zorunda kalan Tyrkova, 1911-12 y\u0131llar\u0131 aras\u0131nda \u0130ngiliz Morning Post gazetesinin muhabiri olarak aral\u0131klarla Osmanl\u0131 topraklar\u0131nda bulunmu\u015ftur. T\u0131pk\u0131 Rusya gibi son derece \u00e7alkant\u0131l\u0131 bir s\u00fcre\u00e7ten ge\u00e7en Devlet-i \u2018Aliyye\u2019nin durumunu \u0130stanbul\u2019dan, i\u00e7ten g\u00f6zlemleme f\u0131rsat\u0131 yakalayan Tyrkova, gerek \u00fcst d\u00fczey devlet adamlar\u0131 ve siyaset\u00e7ilerle, gerek T\u00fcrk yazarlarla, gerekse halktan kimselerle yapt\u0131\u011f\u0131 g\u00f6r\u00fc\u015fmelerle, yerinden aktard\u0131\u011f\u0131 izlenimlerle gazetecilik becerisini g\u00f6stermi\u015ftir.II. Me\u015frutiyet Devri\u2019nde iktidar-muhalefet ili\u015fkilerindeki gerginli\u011fe, Trablusgarp Sava\u015f\u0131\u2019n\u0131n ba\u015fkentteki yans\u0131malar\u0131na, 1912 Meclis-i Mebusan se\u00e7imlerine birinci elden \u015fahit olan ve ayr\u0131nt\u0131l\u0131 g\u00f6zlemlerini k\u00e2\u011f\u0131da d\u00f6ken yazar, ayr\u0131ca d\u00f6nemin \u00f6nemli \u0130ttihat\u00e7\u0131 liderleri ve T\u00fcrk ayd\u0131nlar\u0131 olan H\u00fcseyin Cahit Yal\u00e7\u0131n, Halide Edip Ad\u0131var ile de g\u00f6r\u00fc\u015fmeler, sohbetler yapm\u0131\u015f, onlar\u0131 canl\u0131 bir \u015fekilde tasvir etmi\u015ftir.Tyrkova, T\u00fcrkiye\u2019ye dair t\u00fcm g\u00f6zlem ve notlar\u0131 Rusya\u2019daki \u00e7e\u015fitli yay\u0131n organlar\u0131nda bas\u0131ld\u0131ktan sonra, 1916 senesinde, I. D\u00fcnya Sava\u015f\u0131 s\u0131ras\u0131nda tek bir kitap halinde birle\u015ftirmi\u015ftir. II. Me\u015frutiyet Devri\u2019ne dair birinci elden bir kaynak olan J\u00f6n T\u00fcrkler ve \u0130stanbul, okuyucuya d\u0131\u015far\u0131dan, bir Rus liberalinin g\u00f6z\u00fcnden T\u00fcrk tarihinin bu kritik d\u00f6nemini zengin, canl\u0131 bir anlat\u0131mla kavrama f\u0131rsat\u0131 verecektir.<\/p>\n","protected":false},"excerpt":{"rendered":"<p>Rusya \u00c7arl\u0131\u011f\u0131\u2019n\u0131n olduk\u00e7a \u00e7alkant\u0131l\u0131 ve karma\u015f\u0131k son d\u00f6neminde gazeteci, yazar ve siyaset\u00e7i olarak yo\u011fun faaliyet g\u00f6stermi\u015f olan Ariadna V. Tyrkova, 20. y\u00fczy\u0131l ba\u015f\u0131 Rus entelejensiyas\u0131n\u0131n benzersiz<span class=\"excerpt-hellip\"> [\u2026]<\/span><\/p>\n","protected":false},"featured_media":0,"template":"","meta":{"_monsterinsights_skip_tracking":false,"_monsterinsights_sitenote_active":false,"_monsterinsights_sitenote_note":"","_monsterinsights_sitenote_category":0},"product_brand":[],"product_cat":[12370,12304],"product_tag":[],"class_list":{"0":"post-781596","1":"product","2":"type-product","3":"status-publish","5":"product_cat-arastirma-inceleme","6":"product_cat-tarih","7":"pa_cilt-ciltsiz","8":"pa_tur-kitap","9":"pa_yayinevi-kronik-kitap","10":"pa_yazar-ariadna-vladimirovna-tyrkova","12":"first","13":"instock","14":"sale","15":"shipping-taxable","16":"purchasable","17":"product-type-simple"},"_links":{"self":[{"href":"https:\/\/roveyayinevi.com.tr\/index.php\/wp-json\/wp\/v2\/product\/781596","targetHints":{"allow":["GET"]}}],"collection":[{"href":"https:\/\/roveyayinevi.com.tr\/index.php\/wp-json\/wp\/v2\/product"}],"about":[{"href":"https:\/\/roveyayinevi.com.tr\/index.php\/wp-json\/wp\/v2\/types\/product"}],"wp:attachment":[{"href":"https:\/\/roveyayinevi.com.tr\/index.php\/wp-json\/wp\/v2\/media?parent=781596"}],"wp:term":[{"taxonomy":"product_brand","embeddable":true,"href":"https:\/\/roveyayinevi.com.tr\/index.php\/wp-json\/wp\/v2\/product_brand?post=781596"},{"taxonomy":"product_cat","embeddable":true,"href":"https:\/\/roveyayinevi.com.tr\/index.php\/wp-json\/wp\/v2\/product_cat?post=781596"},{"taxonomy":"product_tag","embeddable":true,"href":"https:\/\/roveyayinevi.com.tr\/index.php\/wp-json\/wp\/v2\/product_tag?post=781596"}],"curies":[{"name":"wp","href":"https:\/\/api.w.org\/{rel}","templated":true}]}}