{"id":781586,"date":"2026-01-25T02:56:40","date_gmt":"2026-01-24T23:56:40","guid":{"rendered":"https:\/\/roveyayinevi.com.tr\/index.php\/urun\/4-sinif-tatil-kitabim-2\/"},"modified":"2026-04-16T02:33:31","modified_gmt":"2026-04-15T23:33:31","slug":"4-sinif-tatil-kitabim-2","status":"publish","type":"product","link":"https:\/\/roveyayinevi.com.tr\/index.php\/urun\/4-sinif-tatil-kitabim-2\/","title":{"rendered":"4. S\u0131n\u0131f Tatil Kitab\u0131m"},"content":{"rendered":"<p>\u00d6yk\u00fcler ve k\u0131sa metinlerle okudu\u011funu anlamaG\u00f6rsele ve metne dayal\u0131 yarat\u0131c\u0131 yazmaDrama ve oyunlarla konu\u015fmay\u0131 geli\u015ftirmeH\u0131zl\u0131 ve etkin okumaG\u00fcnl\u00fck hayat\u0131m\u0131zdaki say\u0131lar ve \u015fekillerD\u00fc\u015f\u00fcnme yetene\u011finizi geli\u015ftirecek ak\u0131l oyunlar\u0131, zihin jimnasti\u011fiUfkunuzu geli\u015ftirecek do\u011fa, sa\u011fl\u0131k, bilim ve teknoloji, bulu\u015flarTarihsel empati ve farkl\u0131 yerleri tan\u0131man\u0131z\u0131 sa\u011flayacak gezelim g\u00f6relimE\u011flendirici bulmacalar, al\u0131\u015ft\u0131rmalarKeyif alaca\u011f\u0131n\u0131z, yarat\u0131c\u0131 el becerileri, yemek yapal\u0131m ve \u00e7iziktir\u0130ngilizceyi unutmaman\u0131z i\u00e7in \u201cLet\u2019s Revise English\u201d\u00d6\u011frenim y\u0131l\u0131 boyunca \u00f6\u011frendiklerinizi peki\u015ftirici \u201cTekrar Testleri&#8221;<\/p>\n","protected":false},"excerpt":{"rendered":"<p>\u00d6yk\u00fcler ve k\u0131sa metinlerle okudu\u011funu anlamaG\u00f6rsele ve metne dayal\u0131 yarat\u0131c\u0131 yazmaDrama ve oyunlarla konu\u015fmay\u0131 geli\u015ftirmeH\u0131zl\u0131 ve etkin okumaG\u00fcnl\u00fck hayat\u0131m\u0131zdaki say\u0131lar ve \u015fekillerD\u00fc\u015f\u00fcnme yetene\u011finizi geli\u015ftirecek ak\u0131l oyunlar\u0131,<span class=\"excerpt-hellip\"> [\u2026]<\/span><\/p>\n","protected":false},"featured_media":0,"template":"","meta":{"_monsterinsights_skip_tracking":false,"_monsterinsights_sitenote_active":false,"_monsterinsights_sitenote_note":"","_monsterinsights_sitenote_category":0},"product_brand":[],"product_cat":[48374,12566,45576,42911,13473],"product_tag":[],"class_list":{"0":"post-781586","1":"product","2":"type-product","3":"status-publish","5":"product_cat-4-sinif-tatil-kitaplari","6":"product_cat-egitim","7":"product_cat-ilkogretim-4-sinif","8":"product_cat-ilkogretim-yardimci-kitaplar","9":"product_cat-sinavlara-hazirlik-okula-yardimci-kaynaklar","10":"pa_cilt-ciltsiz","11":"pa_tur-kitap","12":"pa_yayinevi-tudem-egitim-yayinlari","13":"pa_yazar-tudem-kolektif","15":"first","16":"instock","17":"sale","18":"shipping-taxable","19":"purchasable","20":"product-type-simple"},"_links":{"self":[{"href":"https:\/\/roveyayinevi.com.tr\/index.php\/wp-json\/wp\/v2\/product\/781586","targetHints":{"allow":["GET"]}}],"collection":[{"href":"https:\/\/roveyayinevi.com.tr\/index.php\/wp-json\/wp\/v2\/product"}],"about":[{"href":"https:\/\/roveyayinevi.com.tr\/index.php\/wp-json\/wp\/v2\/types\/product"}],"wp:attachment":[{"href":"https:\/\/roveyayinevi.com.tr\/index.php\/wp-json\/wp\/v2\/media?parent=781586"}],"wp:term":[{"taxonomy":"product_brand","embeddable":true,"href":"https:\/\/roveyayinevi.com.tr\/index.php\/wp-json\/wp\/v2\/product_brand?post=781586"},{"taxonomy":"product_cat","embeddable":true,"href":"https:\/\/roveyayinevi.com.tr\/index.php\/wp-json\/wp\/v2\/product_cat?post=781586"},{"taxonomy":"product_tag","embeddable":true,"href":"https:\/\/roveyayinevi.com.tr\/index.php\/wp-json\/wp\/v2\/product_tag?post=781586"}],"curies":[{"name":"wp","href":"https:\/\/api.w.org\/{rel}","templated":true}]}}