{"id":781584,"date":"2026-01-25T02:56:37","date_gmt":"2026-01-24T23:56:37","guid":{"rendered":"https:\/\/roveyayinevi.com.tr\/index.php\/urun\/1-sinif-tatil-kitabim-2\/"},"modified":"2026-02-24T02:43:18","modified_gmt":"2026-02-23T23:43:18","slug":"1-sinif-tatil-kitabim-2","status":"publish","type":"product","link":"https:\/\/roveyayinevi.com.tr\/index.php\/urun\/1-sinif-tatil-kitabim-2\/","title":{"rendered":"1.S\u0131n\u0131f Tatil Kitab\u0131m"},"content":{"rendered":"<p>\u00d6yk\u00fcler ve k\u0131sa metinlerle okudu\u011funu anlama   G\u00f6rsele ve metne dayal\u0131 yarat\u0131c\u0131 yazma   Drama ve oyunlarla konu\u015fmay\u0131 geli\u015ftirme   H\u0131zl\u0131 ve etkin okuma    G\u00fcnl\u00fck hayat\u0131m\u0131zdaki say\u0131lar ve \u015fekiller   D\u00fc\u015f\u00fcnme yetene\u011finizi geli\u015ftirecek ak\u0131l oyunlar\u0131, zihin jimnasti\u011fi   E\u011flendirici bulmacalar, al\u0131\u015ft\u0131rmalar   Ufkunuzu geli\u015ftirecek do\u011fa, sa\u011fl\u0131k, bilim ve teknoloji, bulu\u015flar   Sanat\u00e7\u0131lar\u0131n ya\u015fam\u0131 ve farkl\u0131 yerleri tan\u0131man\u0131z\u0131 sa\u011flayacak gezelim g\u00f6relim   Keyif alaca\u011f\u0131n\u0131z, yarat\u0131c\u0131 el becerileri, yemek yapal\u0131m ve \u00e7iziktir   \u00d6\u011frenim y\u0131l\u0131 boyunca \u00f6\u011frendiklerinizi peki\u015ftirici \u201cTekrar Testleri\u201d<\/p>\n","protected":false},"excerpt":{"rendered":"<p>\u00d6yk\u00fcler ve k\u0131sa metinlerle okudu\u011funu anlama G\u00f6rsele ve metne dayal\u0131 yarat\u0131c\u0131 yazma Drama ve oyunlarla konu\u015fmay\u0131 geli\u015ftirme H\u0131zl\u0131 ve etkin okuma G\u00fcnl\u00fck hayat\u0131m\u0131zdaki say\u0131lar ve \u015fekiller<span class=\"excerpt-hellip\"> [\u2026]<\/span><\/p>\n","protected":false},"featured_media":0,"template":"","meta":{"_monsterinsights_skip_tracking":false,"_monsterinsights_sitenote_active":false,"_monsterinsights_sitenote_note":"","_monsterinsights_sitenote_category":0},"product_brand":[],"product_cat":[73786,12566,51575,42911,13473],"product_tag":[],"class_list":{"0":"post-781584","1":"product","2":"type-product","3":"status-publish","5":"product_cat-1-sinif-tatil-kitabi","6":"product_cat-egitim","7":"product_cat-ilkogretim-1-sinif","8":"product_cat-ilkogretim-yardimci-kitaplar","9":"product_cat-sinavlara-hazirlik-okula-yardimci-kaynaklar","10":"pa_cilt-ciltsiz","11":"pa_tur-kitap","12":"pa_yayinevi-tudem-egitim-yayinlari","13":"pa_yazar-tudem-kolektif","15":"first","16":"instock","17":"sale","18":"shipping-taxable","19":"purchasable","20":"product-type-simple"},"_links":{"self":[{"href":"https:\/\/roveyayinevi.com.tr\/index.php\/wp-json\/wp\/v2\/product\/781584","targetHints":{"allow":["GET"]}}],"collection":[{"href":"https:\/\/roveyayinevi.com.tr\/index.php\/wp-json\/wp\/v2\/product"}],"about":[{"href":"https:\/\/roveyayinevi.com.tr\/index.php\/wp-json\/wp\/v2\/types\/product"}],"wp:attachment":[{"href":"https:\/\/roveyayinevi.com.tr\/index.php\/wp-json\/wp\/v2\/media?parent=781584"}],"wp:term":[{"taxonomy":"product_brand","embeddable":true,"href":"https:\/\/roveyayinevi.com.tr\/index.php\/wp-json\/wp\/v2\/product_brand?post=781584"},{"taxonomy":"product_cat","embeddable":true,"href":"https:\/\/roveyayinevi.com.tr\/index.php\/wp-json\/wp\/v2\/product_cat?post=781584"},{"taxonomy":"product_tag","embeddable":true,"href":"https:\/\/roveyayinevi.com.tr\/index.php\/wp-json\/wp\/v2\/product_tag?post=781584"}],"curies":[{"name":"wp","href":"https:\/\/api.w.org\/{rel}","templated":true}]}}