{"id":781577,"date":"2026-01-25T02:37:44","date_gmt":"2026-01-24T23:37:44","guid":{"rendered":"https:\/\/roveyayinevi.com.tr\/index.php\/urun\/hazine-pesinde-2\/"},"modified":"2026-04-16T02:22:16","modified_gmt":"2026-04-15T23:22:16","slug":"hazine-pesinde-2","status":"publish","type":"product","link":"https:\/\/roveyayinevi.com.tr\/index.php\/urun\/hazine-pesinde-2\/","title":{"rendered":"Hazine Pe\u015finde"},"content":{"rendered":"<p>D\u00f6rt y\u00fcz y\u0131ld\u0131r kay\u0131p bir hazine, b\u00fcy\u00fck bir zenginlikten yoksullu\u011fa d\u00fc\u015fen k\u00f6kl\u00fc bir aile, \u015fifreli mesajlar ve zaman kar\u015f\u0131 yar\u0131\u015f!.. Sular y\u00fckselince birdenbire ortaya \u00e7\u0131km\u0131\u015ft\u0131. \u0130\u015fte tam orada, evlerinin \u00f6n\u00fcndeki iskelede bir kano duruyordu. David g\u00f6zlerine inanamamam\u0131\u015ft\u0131. Bu harika bir olayd\u0131, tabii kanonun sahibi ortaya \u00e7\u0131kmazsa!.. Asl\u0131nda sadece bu g\u00fczel kanoyla nehirde dola\u015fmak isteyen David bir anda kendisini heyecanl\u0131 bir hazine av\u0131n\u0131n i\u00e7inde buldu. O g\u00fczel kanonun evinin \u00f6n\u00fcne gelmesiyle ba\u015flayan olaylar dizisi David\u2019e bir arkada\u015f kazand\u0131racak ve iki \u00e7ocu\u011fu ola\u011fan\u00fcst\u00fc bir maceraya s\u00fcr\u00fckleyecekti. <\/p>\n","protected":false},"excerpt":{"rendered":"<p>D\u00f6rt y\u00fcz y\u0131ld\u0131r kay\u0131p bir hazine, b\u00fcy\u00fck bir zenginlikten yoksullu\u011fa d\u00fc\u015fen k\u00f6kl\u00fc bir aile, \u015fifreli mesajlar ve zaman kar\u015f\u0131 yar\u0131\u015f!.. Sular y\u00fckselince birdenbire ortaya \u00e7\u0131km\u0131\u015ft\u0131. \u0130\u015fte<span class=\"excerpt-hellip\"> [\u2026]<\/span><\/p>\n","protected":false},"featured_media":0,"template":"","meta":{"_monsterinsights_skip_tracking":false,"_monsterinsights_sitenote_active":false,"_monsterinsights_sitenote_note":"","_monsterinsights_sitenote_category":0},"product_brand":[],"product_cat":[12275,12274],"product_tag":[],"class_list":{"0":"post-781577","1":"product","2":"type-product","3":"status-publish","5":"product_cat-6-12-yas-kitaplari","6":"product_cat-cocuk-ve-genclik-kitaplari","7":"pa_cilt-ciltsiz","8":"pa_tur-kitap","9":"pa_yayinevi-is-bankasi-kultur-yayinlari","10":"pa_yazar-philippa-pearce","12":"first","13":"instock","14":"sale","15":"shipping-taxable","16":"purchasable","17":"product-type-simple"},"_links":{"self":[{"href":"https:\/\/roveyayinevi.com.tr\/index.php\/wp-json\/wp\/v2\/product\/781577","targetHints":{"allow":["GET"]}}],"collection":[{"href":"https:\/\/roveyayinevi.com.tr\/index.php\/wp-json\/wp\/v2\/product"}],"about":[{"href":"https:\/\/roveyayinevi.com.tr\/index.php\/wp-json\/wp\/v2\/types\/product"}],"wp:attachment":[{"href":"https:\/\/roveyayinevi.com.tr\/index.php\/wp-json\/wp\/v2\/media?parent=781577"}],"wp:term":[{"taxonomy":"product_brand","embeddable":true,"href":"https:\/\/roveyayinevi.com.tr\/index.php\/wp-json\/wp\/v2\/product_brand?post=781577"},{"taxonomy":"product_cat","embeddable":true,"href":"https:\/\/roveyayinevi.com.tr\/index.php\/wp-json\/wp\/v2\/product_cat?post=781577"},{"taxonomy":"product_tag","embeddable":true,"href":"https:\/\/roveyayinevi.com.tr\/index.php\/wp-json\/wp\/v2\/product_tag?post=781577"}],"curies":[{"name":"wp","href":"https:\/\/api.w.org\/{rel}","templated":true}]}}