{"id":781563,"date":"2026-01-25T02:00:41","date_gmt":"2026-01-24T23:00:41","guid":{"rendered":"https:\/\/roveyayinevi.com.tr\/index.php\/urun\/beni-kimse-anlamiyor\/"},"modified":"2026-04-16T01:59:49","modified_gmt":"2026-04-15T22:59:49","slug":"beni-kimse-anlamiyor","status":"publish","type":"product","link":"https:\/\/roveyayinevi.com.tr\/index.php\/urun\/beni-kimse-anlamiyor\/","title":{"rendered":"Beni Kimse Anlam\u0131yor"},"content":{"rendered":"<p>Haris, ailesiyle beraber Bel\u00e7ika\u2019da ya\u015fayan binlerce gurbet\u00e7i \u00e7ocuktan biridir. Hayat\u0131ndaki olumsuzluklar\u0131 \u00e7ocuklu\u011funun vurdumduymazl\u0131\u011f\u0131yla unutmak, yolunda gitmeyen her \u015feyden b\u00f6ylece s\u0131yr\u0131lmak istemektedir. Hem \u00fclkesine hemde kendisine yabanc\u0131d\u0131r. Tekba\u015f\u0131na, korunaks\u0131z, h\u0131r\u00e7\u0131n&#8230; En \u00e7ok yak\u0131nd\u0131\u011f\u0131ysa  anla\u015f\u0131lamamak t\u0131r. T\u00fcm k\u0131zg\u0131nl\u0131klar\u0131n\u0131n, sergilemek isteyip de bir t\u00fcrl\u00fc beceremedi\u011fi  iyi \u00e7ocuk davran\u0131\u015flar\u0131n\u0131n  ve yapamad\u0131\u011f\u0131 her \u015feyin h\u0131nc\u0131n\u0131 \u00e7evresindekilerden, kendisini sevenlerden almaktad\u0131r. Beni Kimse Anlam\u0131yor, belli bir s\u00fcre\u00e7 i\u00e7inde anla\u015f\u0131lan, sevginin hayat\u0131n i\u00e7indeki yerini ve de\u011ferini zamanla anlayan Haris\u2019in \u00f6yk\u00fcs\u00fcn\u00fc anlat\u0131yor. &#8230; ve hayata anlam kazand\u0131ran en g\u00fczel duygunun sevgi oldu\u011funu&#8230; <\/p>\n","protected":false},"excerpt":{"rendered":"<p>Haris, ailesiyle beraber Bel\u00e7ika\u2019da ya\u015fayan binlerce gurbet\u00e7i \u00e7ocuktan biridir. Hayat\u0131ndaki olumsuzluklar\u0131 \u00e7ocuklu\u011funun vurdumduymazl\u0131\u011f\u0131yla unutmak, yolunda gitmeyen her \u015feyden b\u00f6ylece s\u0131yr\u0131lmak istemektedir. Hem \u00fclkesine hemde kendisine yabanc\u0131d\u0131r.<span class=\"excerpt-hellip\"> [\u2026]<\/span><\/p>\n","protected":false},"featured_media":0,"template":"","meta":{"_monsterinsights_skip_tracking":false,"_monsterinsights_sitenote_active":false,"_monsterinsights_sitenote_note":"","_monsterinsights_sitenote_category":0},"product_brand":[],"product_cat":[12274,12284],"product_tag":[],"class_list":{"0":"post-781563","1":"product","2":"type-product","3":"status-publish","5":"product_cat-cocuk-ve-genclik-kitaplari","6":"product_cat-hikayeler","7":"pa_cilt-ciltsiz","8":"pa_tur-kitap","9":"pa_yayinevi-altin-kitaplar-cocuk-kitaplari","10":"pa_yazar-aysel-korkut","12":"first","13":"instock","14":"sale","15":"shipping-taxable","16":"purchasable","17":"product-type-simple"},"_links":{"self":[{"href":"https:\/\/roveyayinevi.com.tr\/index.php\/wp-json\/wp\/v2\/product\/781563","targetHints":{"allow":["GET"]}}],"collection":[{"href":"https:\/\/roveyayinevi.com.tr\/index.php\/wp-json\/wp\/v2\/product"}],"about":[{"href":"https:\/\/roveyayinevi.com.tr\/index.php\/wp-json\/wp\/v2\/types\/product"}],"wp:attachment":[{"href":"https:\/\/roveyayinevi.com.tr\/index.php\/wp-json\/wp\/v2\/media?parent=781563"}],"wp:term":[{"taxonomy":"product_brand","embeddable":true,"href":"https:\/\/roveyayinevi.com.tr\/index.php\/wp-json\/wp\/v2\/product_brand?post=781563"},{"taxonomy":"product_cat","embeddable":true,"href":"https:\/\/roveyayinevi.com.tr\/index.php\/wp-json\/wp\/v2\/product_cat?post=781563"},{"taxonomy":"product_tag","embeddable":true,"href":"https:\/\/roveyayinevi.com.tr\/index.php\/wp-json\/wp\/v2\/product_tag?post=781563"}],"curies":[{"name":"wp","href":"https:\/\/api.w.org\/{rel}","templated":true}]}}