{"id":781547,"date":"2026-01-24T03:57:53","date_gmt":"2026-01-24T00:57:53","guid":{"rendered":"https:\/\/roveyayinevi.com.tr\/index.php\/urun\/faili-malum-rejim\/"},"modified":"2026-04-15T03:46:05","modified_gmt":"2026-04-15T00:46:05","slug":"faili-malum-rejim","status":"publish","type":"product","link":"https:\/\/roveyayinevi.com.tr\/index.php\/urun\/faili-malum-rejim\/","title":{"rendered":"Faili Malum Rejim"},"content":{"rendered":"<p>Sokakta adalet isteyenlerin barikatlarla kar\u015f\u0131land\u0131\u011f\u0131 bir d\u00f6nemde G\u00fclizar Bi\u00e7er Karaca, bu ilk kitab\u0131nda bir tan\u0131k, bir \u00f6zne olarak \u201cFaili Malum Rejim\u201di g\u00f6zler \u00f6n\u00fcne seriyor. \u201cFaili Malum Rejim\u201d bir rejim ele\u015ftirisi oldu\u011fu kadar halk\u0131n siyasal varl\u0131\u011f\u0131n\u0131n nas\u0131l tasfiye edildi\u011fini, yurtta\u015f\u0131n hak \u00f6znesinden sadakat nesnesine d\u00f6n\u00fc\u015ft\u00fcr\u00fcld\u00fc\u011f\u00fc bir \u00e7\u00f6k\u00fc\u015f \u00e7a\u011f\u0131n\u0131 if\u015fa ediyor.  Can Atalay karar\u0131n\u0131n TBMM k\u00fcrs\u00fcs\u00fcnde okutulmas\u0131yla g\u00f6r\u00fcn\u00fcrle\u015fen anayasal direni\u015ften \u00e7ocuk i\u015f\u00e7ilerin yok say\u0131lan eme\u011fine; kad\u0131nlar\u0131n susturulmak istenen isyan\u0131ndan gen\u00e7li\u011fin sokaklarda kurdu\u011fu yeni siyasal dile kadar her bir ba\u015fl\u0131k, T\u00fcrkiye\u2019de rejimin me\u015fruluk kriziyle halk\u0131n siyasal seferberli\u011fi aras\u0131ndaki m\u00fccadeleyi anlat\u0131yor. Bu kitap, yaln\u0131zca \u00e7\u00fcr\u00fcm\u00fc\u015f bir sistemin foto\u011fraf\u0131n\u0131 \u00e7ekmekle kalm\u0131yor; \u201cbir ki\u015fi devleti\u201dne d\u00f6n\u00fc\u015fen yap\u0131n\u0131n anatomisini, anayasal tarihimize, s\u0131n\u0131fsal adalete, toplumsal haf\u0131zaya ve yurtta\u015fl\u0131k kavray\u0131\u015f\u0131na yaslanarak sorguluyor. Ve yazar\u0131n\u0131n ki\u015fisel hik\u00e2yesi, bu politik \u00e7er\u00e7eveyi tamamlayan bir vicdani kay\u0131t olarak sat\u0131rlara yans\u0131yor. \u00c7ocuklu\u011fu pamuk tarlalar\u0131nda ge\u00e7mi\u015f, \u00e7ocuk ya\u015fta ailesine destek olmak i\u00e7in \u00e7al\u0131\u015fan bir emek\u00e7inin, y\u0131llar sonra T\u00fcrkiye B\u00fcy\u00fck Millet Meclisi Ba\u015fkan Vekili olarak halk\u0131n iradesini savunmas\u0131\u2026  G\u00fclizar Bi\u00e7er Karaca\u2019n\u0131n y\u00fcr\u00fcd\u00fc\u011f\u00fc bu yol, s\u0131n\u0131fsal bir direni\u015fin, inan\u00e7 ve adalet aray\u0131\u015f\u0131n\u0131n bir simgesi haline geliyor. \u201cFaili Malum Rejim\u201dde, 23 y\u0131ll\u0131k AKP iktidar\u0131nda adalete susam\u0131\u015f bir halk\u0131n yeniden \u00f6znele\u015fme \u00e7a\u011fr\u0131s\u0131, m\u00fccadeleyle kurulan cumhuriyet tahayy\u00fcl\u00fc ve \u201cRejimler de\u011fi\u015fse de m\u00fccadele s\u00fcrer\u201d diyen bir inanc\u0131n izini s\u00fcr\u00fcyorsunuz. Bu kitap, ge\u00e7mi\u015fi y\u0131k\u0131mla yaz\u0131lm\u0131\u015f bir \u00fclkenin gelece\u011fini adaletle kurmak isteyenler i\u00e7in bir \u00e7a\u011fr\u0131d\u0131r.<\/p>\n","protected":false},"excerpt":{"rendered":"<p>Sokakta adalet isteyenlerin barikatlarla kar\u015f\u0131land\u0131\u011f\u0131 bir d\u00f6nemde G\u00fclizar Bi\u00e7er Karaca, bu ilk kitab\u0131nda bir tan\u0131k, bir \u00f6zne olarak \u201cFaili Malum Rejim\u201di g\u00f6zler \u00f6n\u00fcne seriyor. \u201cFaili Malum<span class=\"excerpt-hellip\"> [\u2026]<\/span><\/p>\n","protected":false},"featured_media":0,"template":"","meta":{"_monsterinsights_skip_tracking":false,"_monsterinsights_sitenote_active":false,"_monsterinsights_sitenote_note":"","_monsterinsights_sitenote_category":0},"product_brand":[],"product_cat":[13590,12337],"product_tag":[],"class_list":{"0":"post-781547","1":"product","2":"type-product","3":"status-publish","5":"product_cat-arastirma-inceleme-politika-siyaset","6":"product_cat-politika-siyaset","7":"pa_cilt-ciltsiz","8":"pa_tur-kitap","9":"pa_yayinevi-tekin-yayinevi","10":"pa_yazar-gulizar-bicer-karaca","12":"first","13":"instock","14":"sale","15":"shipping-taxable","16":"purchasable","17":"product-type-simple"},"_links":{"self":[{"href":"https:\/\/roveyayinevi.com.tr\/index.php\/wp-json\/wp\/v2\/product\/781547","targetHints":{"allow":["GET"]}}],"collection":[{"href":"https:\/\/roveyayinevi.com.tr\/index.php\/wp-json\/wp\/v2\/product"}],"about":[{"href":"https:\/\/roveyayinevi.com.tr\/index.php\/wp-json\/wp\/v2\/types\/product"}],"wp:attachment":[{"href":"https:\/\/roveyayinevi.com.tr\/index.php\/wp-json\/wp\/v2\/media?parent=781547"}],"wp:term":[{"taxonomy":"product_brand","embeddable":true,"href":"https:\/\/roveyayinevi.com.tr\/index.php\/wp-json\/wp\/v2\/product_brand?post=781547"},{"taxonomy":"product_cat","embeddable":true,"href":"https:\/\/roveyayinevi.com.tr\/index.php\/wp-json\/wp\/v2\/product_cat?post=781547"},{"taxonomy":"product_tag","embeddable":true,"href":"https:\/\/roveyayinevi.com.tr\/index.php\/wp-json\/wp\/v2\/product_tag?post=781547"}],"curies":[{"name":"wp","href":"https:\/\/api.w.org\/{rel}","templated":true}]}}