{"id":781530,"date":"2026-01-24T03:56:48","date_gmt":"2026-01-24T00:56:48","guid":{"rendered":"https:\/\/roveyayinevi.com.tr\/index.php\/urun\/bortu-bocek\/"},"modified":"2026-04-07T03:39:11","modified_gmt":"2026-04-07T00:39:11","slug":"bortu-bocek","status":"publish","type":"product","link":"https:\/\/roveyayinevi.com.tr\/index.php\/urun\/bortu-bocek\/","title":{"rendered":"B\u00f6rt\u00fc B\u00f6cek"},"content":{"rendered":"<p>Kitab\u0131m\u0131z B\u00f6rt\u00fc B\u00f6cek, Okuyun hep \u00e7oluk \u00e7ocuk. \u0130\u00e7inizden baz\u0131lar\u0131 \u201cB\u00f6cekleri anlad\u0131k da, B\u00f6rt\u00fc ne?\u201d diye soracak.   \u00c7\u00fcnk\u00fc b\u00f6cek say\u0131lmayan Baz\u0131 minik canl\u0131lar var. Yalvard\u0131lar, k\u0131ramad\u0131m, Onlar\u0131 da a\u011f\u0131rlad\u0131m, B\u00f6rt\u00fc dediklerim onlar.   D\u00f6n\u00fc\u015ft\u00fcren, dengeleyen, \u00f6\u011freten, do\u011fan\u0131n ve ya\u015fam\u0131n ayr\u0131lmaz birer par\u00e7as\u0131 olan b\u00f6cekler\u2026   Nazmi A\u011f\u0131l\u2019\u0131n yazd\u0131\u011f\u0131 bu zevkli, ne\u015feli, d\u00fc\u015f\u00fcnd\u00fcren ve merak uyand\u0131ran \u015fiirler Gizem G\u00f6zde U\u00e7ar\u2019\u0131n resimleriyle canlan\u0131yor.<\/p>\n","protected":false},"excerpt":{"rendered":"<p>Kitab\u0131m\u0131z B\u00f6rt\u00fc B\u00f6cek, Okuyun hep \u00e7oluk \u00e7ocuk. \u0130\u00e7inizden baz\u0131lar\u0131 \u201cB\u00f6cekleri anlad\u0131k da, B\u00f6rt\u00fc ne?\u201d diye soracak. \u00c7\u00fcnk\u00fc b\u00f6cek say\u0131lmayan Baz\u0131 minik canl\u0131lar var. Yalvard\u0131lar, k\u0131ramad\u0131m, Onlar\u0131<span class=\"excerpt-hellip\"> [\u2026]<\/span><\/p>\n","protected":false},"featured_media":0,"template":"","meta":{"_monsterinsights_skip_tracking":false,"_monsterinsights_sitenote_active":false,"_monsterinsights_sitenote_note":"","_monsterinsights_sitenote_category":0},"product_brand":[],"product_cat":[12274,12284],"product_tag":[],"class_list":{"0":"post-781530","1":"product","2":"type-product","3":"status-publish","5":"product_cat-cocuk-ve-genclik-kitaplari","6":"product_cat-hikayeler","7":"pa_cilt-ciltsiz","8":"pa_tur-kitap","9":"pa_yayinevi-yapi-kredi-yayinlari","10":"pa_yazar-nazmi-agil","12":"first","13":"instock","14":"sale","15":"shipping-taxable","16":"purchasable","17":"product-type-simple"},"_links":{"self":[{"href":"https:\/\/roveyayinevi.com.tr\/index.php\/wp-json\/wp\/v2\/product\/781530","targetHints":{"allow":["GET"]}}],"collection":[{"href":"https:\/\/roveyayinevi.com.tr\/index.php\/wp-json\/wp\/v2\/product"}],"about":[{"href":"https:\/\/roveyayinevi.com.tr\/index.php\/wp-json\/wp\/v2\/types\/product"}],"wp:attachment":[{"href":"https:\/\/roveyayinevi.com.tr\/index.php\/wp-json\/wp\/v2\/media?parent=781530"}],"wp:term":[{"taxonomy":"product_brand","embeddable":true,"href":"https:\/\/roveyayinevi.com.tr\/index.php\/wp-json\/wp\/v2\/product_brand?post=781530"},{"taxonomy":"product_cat","embeddable":true,"href":"https:\/\/roveyayinevi.com.tr\/index.php\/wp-json\/wp\/v2\/product_cat?post=781530"},{"taxonomy":"product_tag","embeddable":true,"href":"https:\/\/roveyayinevi.com.tr\/index.php\/wp-json\/wp\/v2\/product_tag?post=781530"}],"curies":[{"name":"wp","href":"https:\/\/api.w.org\/{rel}","templated":true}]}}