{"id":781504,"date":"2026-01-24T03:02:46","date_gmt":"2026-01-24T00:02:46","guid":{"rendered":"https:\/\/roveyayinevi.com.tr\/index.php\/urun\/kabul-ve-kararlilik-terapisi\/"},"modified":"2026-01-27T03:10:30","modified_gmt":"2026-01-27T00:10:30","slug":"kabul-ve-kararlilik-terapisi","status":"publish","type":"product","link":"https:\/\/roveyayinevi.com.tr\/index.php\/urun\/kabul-ve-kararlilik-terapisi\/","title":{"rendered":"Kabul Ve Kararl\u0131l\u0131k Terapisi"},"content":{"rendered":"<p>Kabul ve Kararl\u0131l\u0131k Terapisi, psikolojik esneklik \u00fcretmek i\u00e7in kabul ve fark\u0131ndal\u0131k s\u00fcre\u00e7lerini ve ba\u011fl\u0131l\u0131k ve davran\u0131\u015f de\u011fi\u015fikli\u011fi s\u00fcre\u00e7lerini kullanan benzersiz bir ampirik temelli psikolojik m\u00fcdahaledir. Geli\u015ftirilmesine yard\u0131mc\u0131 olan Steven C. Hayes ve yard\u0131mc\u0131 yazar Jason Lillis, Kabul ve Kararl\u0131l\u0131k Terapisi\u2019nin ana etkilerine ve temel ilkelerine genel bir bak\u0131\u015f sunuyor.   Bu k\u0131sa ve anla\u015f\u0131l\u0131r kitapta yazarlar, dan\u0131\u015fanlar\u0131n \u00f6zel deneyimlerini kabul etmelerine, d\u00fc\u015f\u00fcnceler konusunda daha dikkatli olmalar\u0131na, ki\u015fisel de\u011ferler hakk\u0131nda daha fazla netlik geli\u015ftirmelerine yard\u0131mc\u0131 olmak i\u00e7in Kabul ve Kararl\u0131l\u0131k Terapisi\u2019nin nas\u0131l kullan\u0131laca\u011f\u0131n\u0131 g\u00f6steriyorlar.   Kabul ve Kararl\u0131l\u0131k Terapisi, Psikoterapi Kuramlar\u0131 Dizisi\u2019nin dokuzuncu kitab\u0131d\u0131r. APA bu diziyi, psikoterapistlerin g\u00fcn\u00fcm\u00fczde kulland\u0131\u011f\u0131 temel kuramsal modelleri anlamaya y\u00f6nelik bir kaynak olarak sunmaktad\u0131r. Dizinin kitaplar\u0131, farkl\u0131 dan\u0131\u015fan profillerini i\u00e7eren zengin vaka \u00f6rnekleriyle birlikte somut kuram ve bulgu-temelli uygulamalar\u0131 anlatmaktad\u0131r. \u00d6yle ki, uygulamac\u0131lar ve \u00f6\u011frenciler bu kitaplar\u0131 bilginin ve esinin m\u00fccevherleri olarak g\u00f6recektir. Okuyan Us, bu dizide T\u00fcrk uzmanlar\u0131n \u00e7al\u0131\u015fmalar\u0131na da yer vermektedir. *** Bu dizi, \u00e7\u0131\u011f\u0131r a\u00e7ma potansiyeli ta\u015f\u0131yor. Psikoterapiler aras\u0131ndaki ortak noktalar ve farkl\u0131l\u0131klar\u0131 ortaya koyarak, bu farkl\u0131l\u0131klarla dolu alanda birle\u015fme, basitle\u015fme ve b\u00fct\u00fcnle\u015fme i\u00e7in temel malzemeleri sunuyor. Prof. Dr. Arthur Staats, Hawaii \u00dcniversitesi, Honolulu   Sa\u011flam kuramsal d\u00fc\u015f\u00fcnce ve zengin klinik malzeme \u00fczerinden temellendirilen bu dizi, psikoterapiye ilgi duyan herkes taraf\u0131ndan okunmal\u0131. Gerek deneyimsiz gerekse deneyimli klinisyenler i\u00e7in ise bir hazine niteli\u011finde. -Prof. Dr. Lillian Comas-Diaz, George Washington \u00dcniversitesi, Washington, Dc <\/p>\n","protected":false},"excerpt":{"rendered":"<p>Kabul ve Kararl\u0131l\u0131k Terapisi, psikolojik esneklik \u00fcretmek i\u00e7in kabul ve fark\u0131ndal\u0131k s\u00fcre\u00e7lerini ve ba\u011fl\u0131l\u0131k ve davran\u0131\u015f de\u011fi\u015fikli\u011fi s\u00fcre\u00e7lerini kullanan benzersiz bir ampirik temelli psikolojik m\u00fcdahaledir. Geli\u015ftirilmesine<span class=\"excerpt-hellip\"> [\u2026]<\/span><\/p>\n","protected":false},"featured_media":0,"template":"","meta":{"_monsterinsights_skip_tracking":false,"_monsterinsights_sitenote_active":false,"_monsterinsights_sitenote_note":"","_monsterinsights_sitenote_category":0},"product_brand":[],"product_cat":[20502,12357],"product_tag":[],"class_list":{"0":"post-781504","1":"product","2":"type-product","3":"status-publish","5":"product_cat-basvuru-kitaplari-psikoloji","6":"product_cat-psikoloji","7":"pa_cilt-ciltsiz","8":"pa_tur-kitap","9":"pa_yayinevi-okuyan-us-yayin","10":"pa_yazar-steven-c-hayes-jason-lillis","12":"first","13":"instock","14":"sale","15":"shipping-taxable","16":"purchasable","17":"product-type-simple"},"_links":{"self":[{"href":"https:\/\/roveyayinevi.com.tr\/index.php\/wp-json\/wp\/v2\/product\/781504","targetHints":{"allow":["GET"]}}],"collection":[{"href":"https:\/\/roveyayinevi.com.tr\/index.php\/wp-json\/wp\/v2\/product"}],"about":[{"href":"https:\/\/roveyayinevi.com.tr\/index.php\/wp-json\/wp\/v2\/types\/product"}],"wp:attachment":[{"href":"https:\/\/roveyayinevi.com.tr\/index.php\/wp-json\/wp\/v2\/media?parent=781504"}],"wp:term":[{"taxonomy":"product_brand","embeddable":true,"href":"https:\/\/roveyayinevi.com.tr\/index.php\/wp-json\/wp\/v2\/product_brand?post=781504"},{"taxonomy":"product_cat","embeddable":true,"href":"https:\/\/roveyayinevi.com.tr\/index.php\/wp-json\/wp\/v2\/product_cat?post=781504"},{"taxonomy":"product_tag","embeddable":true,"href":"https:\/\/roveyayinevi.com.tr\/index.php\/wp-json\/wp\/v2\/product_tag?post=781504"}],"curies":[{"name":"wp","href":"https:\/\/api.w.org\/{rel}","templated":true}]}}