{"id":781456,"date":"2026-01-23T02:49:56","date_gmt":"2026-01-22T23:49:56","guid":{"rendered":"https:\/\/roveyayinevi.com.tr\/index.php\/urun\/elleri-titremeden-atesi-tutabilene\/"},"modified":"2026-01-26T03:02:17","modified_gmt":"2026-01-26T00:02:17","slug":"elleri-titremeden-atesi-tutabilene","status":"publish","type":"product","link":"https:\/\/roveyayinevi.com.tr\/index.php\/urun\/elleri-titremeden-atesi-tutabilene\/","title":{"rendered":"Elleri Titremeden Ate\u015fi Tutabilene"},"content":{"rendered":"<p>TEK GER\u00c7EK SI\u011eINAK, KEND\u0130N\u0130 B\u0130LEN Z\u0130H\u0130ND\u0130R Kalbini kapt\u0131rm\u0131\u015f gen\u00e7 bir yazar, zenginli\u011fe kavu\u015fmu\u015f bir k\u00f6le ve Mavi Manast\u0131r&#8217;\u0131n avlusunda \u00f6\u011fretiye kulak verenler, hepsi ellerini ate\u015fe dald\u0131rmak ya da k\u00fcllerle oyalanmak aras\u0131ndalar. \u00dcstelik ge\u00e7mi\u015fle gelece\u011fin aras\u0131nda devinenlere Tibetli b\u00fcy\u00fcc\u00fcler, egzotik prensler ve uzun gemi yolculuklar\u0131 e\u015flik ediyor. \u00c7\u00f6lde inzivaya \u00e7ekilmi\u015f bir lama \u015f\u00f6yle diyor: \u201cBu d\u00fcnya bir r\u00fcyad\u0131r ve sen r\u00fcyan\u0131 s\u00fcslemek istiyorsun. Yaln\u0131zca bununla ilgileniyorsun. Unutma ki ne kadar s\u00fcsl\u00fc olursa olsun r\u00fcya, r\u00fcyad\u0131r. Sen ya\u015fam\u0131n\u0131 bo\u015fa ge\u00e7iriyorsun. Her \u015feyin bir bedeli vard\u0131r. S\u00f6zlerinle, bedeninle, kalbinle ve zihninle ger\u00e7ekle\u015ftirdi\u011fin en k\u00fc\u00e7\u00fcc\u00fck eylemin bile hesab\u0131 tutulur ve eninde sonunda \u00f6de\u015filir. Bunu sak\u0131n unutma:\u201d S\u0131ra d\u0131\u015f\u0131 hik\u00e2yeleri ve b\u00fcy\u00fcl\u00fc sat\u0131rlar\u0131yla okurlar\u0131n\u0131 daima i\u00e7sel bir ke\u015fif yolculu\u011funa \u00e7\u0131karan Berrak Yurdakul, bu kez de ya\u015fam\u0131m\u0131zda, ili\u015fkilerimizde, zaferlerimizde ve yenilgilerimizde hissetti\u011fimiz o ritmi, o kalp at\u0131\u015f\u0131n\u0131; var olan her \u015feyi ve b\u00fct\u00fcn zamanlar\u0131 bir dantel zarafetiyle \u00f6r\u00fcp birbirine ba\u011flayan o g\u00f6ksel kanunu apa\u00e7\u0131k \u00f6n\u00fcm\u00fcze seriyor. <\/p>\n","protected":false},"excerpt":{"rendered":"<p>TEK GER\u00c7EK SI\u011eINAK, KEND\u0130N\u0130 B\u0130LEN Z\u0130H\u0130ND\u0130R Kalbini kapt\u0131rm\u0131\u015f gen\u00e7 bir yazar, zenginli\u011fe kavu\u015fmu\u015f bir k\u00f6le ve Mavi Manast\u0131r&#8217;\u0131n avlusunda \u00f6\u011fretiye kulak verenler, hepsi ellerini ate\u015fe dald\u0131rmak<span class=\"excerpt-hellip\"> [\u2026]<\/span><\/p>\n","protected":false},"featured_media":0,"template":"","meta":{"_monsterinsights_skip_tracking":false,"_monsterinsights_sitenote_active":false,"_monsterinsights_sitenote_note":"","_monsterinsights_sitenote_category":0},"product_brand":[],"product_cat":[12291,12711],"product_tag":[],"class_list":{"0":"post-781456","1":"product","2":"type-product","3":"status-publish","5":"product_cat-edebiyat","6":"product_cat-roman-oyku","7":"pa_cilt-ciltsiz","8":"pa_tur-kitap","9":"pa_yayinevi-destek-yayinlari","10":"pa_yazar-berrak-yurdakul","12":"first","13":"instock","14":"sale","15":"shipping-taxable","16":"purchasable","17":"product-type-simple"},"_links":{"self":[{"href":"https:\/\/roveyayinevi.com.tr\/index.php\/wp-json\/wp\/v2\/product\/781456","targetHints":{"allow":["GET"]}}],"collection":[{"href":"https:\/\/roveyayinevi.com.tr\/index.php\/wp-json\/wp\/v2\/product"}],"about":[{"href":"https:\/\/roveyayinevi.com.tr\/index.php\/wp-json\/wp\/v2\/types\/product"}],"wp:attachment":[{"href":"https:\/\/roveyayinevi.com.tr\/index.php\/wp-json\/wp\/v2\/media?parent=781456"}],"wp:term":[{"taxonomy":"product_brand","embeddable":true,"href":"https:\/\/roveyayinevi.com.tr\/index.php\/wp-json\/wp\/v2\/product_brand?post=781456"},{"taxonomy":"product_cat","embeddable":true,"href":"https:\/\/roveyayinevi.com.tr\/index.php\/wp-json\/wp\/v2\/product_cat?post=781456"},{"taxonomy":"product_tag","embeddable":true,"href":"https:\/\/roveyayinevi.com.tr\/index.php\/wp-json\/wp\/v2\/product_tag?post=781456"}],"curies":[{"name":"wp","href":"https:\/\/api.w.org\/{rel}","templated":true}]}}