{"id":781446,"date":"2026-01-23T02:44:52","date_gmt":"2026-01-22T23:44:52","guid":{"rendered":"https:\/\/roveyayinevi.com.tr\/index.php\/urun\/the-secret-hayatimi-nasil-degistirdi-ciltli\/"},"modified":"2026-04-16T02:34:56","modified_gmt":"2026-04-15T23:34:56","slug":"the-secret-hayatimi-nasil-degistirdi-ciltli","status":"publish","type":"product","link":"https:\/\/roveyayinevi.com.tr\/index.php\/urun\/the-secret-hayatimi-nasil-degistirdi-ciltli\/","title":{"rendered":"The Secret Hayat\u0131m\u0131 Nas\u0131l De\u011fi\u015ftirdi (Ciltli)"},"content":{"rendered":"<p>D\u00dcNYA \u00c7APINDA M\u0130LYONLARCA HAYATI DE\u011e\u0130\u015eT\u0130REN FENOMENRhonda Byrne\u2019\u00fcn The Secret eseri, d\u00fcnya \u00e7ap\u0131nda milyonlarca okurun \u00fcst\u00fcnde ink\u00e2r edilemeyecek kadar g\u00fc\u00e7l\u00fc bir etki yaratan, \u00e7oksatar bir fenomene d\u00f6n\u00fc\u015ft\u00fc. \u015eimdi Rhonda Byrne ilk kez, t\u0131pk\u0131 sizin gibi insanlarla y\u0131llard\u0131r yapt\u0131\u011f\u0131 g\u00f6r\u00fc\u015fmeler sonras\u0131nda, The Secret\u2019\u0131n g\u00fcc\u00fcyle ilgili en ilham verici ve en etkileyici ger\u00e7ek hik\u00e2yelerden olu\u015fan bir se\u00e7kiyle geldi. The Secret Hayat\u0131m\u0131 Nas\u0131l De\u011fi\u015ftirdi, insanlar\u0131n The Secret\u2019\u0131n \u00f6\u011fretilerine ba\u015fvurarak maddi durum, sa\u011fl\u0131k, ili\u015fkiler, a\u015fk, aile ve kariyerlerini de\u011fi\u015ftirdiklerini; sizin de evrenin bu en g\u00fc\u00e7l\u00fc kanununu kullanarak t\u00fcm hayat\u0131n\u0131z\u0131 nas\u0131l yeniden kurgulayabilece\u011finizi anlat\u0131yor. Rhonda Byrne\u2019\u00fcn d\u00fcnyay\u0131 kas\u0131p kavuran The Secret efsanesi devam ediyor. Belgeseliyle milyonlarca hayata dokunan, 50\u2019den fazla dile \u00e7evrilen, 30 milyondan fazla kopya sat\u0131lan kitab\u0131yla uluslararas\u0131 bir fenomene d\u00f6n\u00fc\u015fen, Temmuz 2020\u2019de de The Secret: Dare to Dream filmiyle sinema perdesinde izleyiciyle bulu\u015fan The Secret, bu kez hayat\u0131n\u0131 de\u011fi\u015ftirdi\u011fi insanlar\u0131n sesine kulak veriyor.Yay\u0131nland\u0131\u011f\u0131 2006 y\u0131l\u0131ndan itibaren insanlara hayal bile edemeyecekleri bir hayat\u0131n kap\u0131lar\u0131n\u0131 a\u00e7an The Secret, i\u015flerini, aile ya\u015fant\u0131lar\u0131n\u0131, sa\u011fl\u0131k, a\u015fk ve para durumlar\u0131n\u0131 tamamen de\u011fi\u015ftirebilecekleri bir mucizenin anahtar\u0131n\u0131 sundu herkese. Bu s\u0131r \u0131\u015f\u0131\u011f\u0131nda hayat\u0131n\u0131 de\u011fi\u015ftiren ki\u015filerin hik\u00e2yeleri de \u015fimdi S\u0131r Hayat\u0131m\u0131 Nas\u0131l De\u011fi\u015ftirdi kitab\u0131yla okurla bulu\u015fuyor. Hepimiz gibi s\u0131radan insanlar\u0131n, S\u0131r\u2019r\u0131 kullanarak nas\u0131l bir d\u00f6n\u00fc\u015f\u00fcm ya\u015fad\u0131klar\u0131na \u015fahit olmak, bize yol g\u00f6sterip umut verecek.<\/p>\n","protected":false},"excerpt":{"rendered":"<p>D\u00dcNYA \u00c7APINDA M\u0130LYONLARCA HAYATI DE\u011e\u0130\u015eT\u0130REN FENOMENRhonda Byrne\u2019\u00fcn The Secret eseri, d\u00fcnya \u00e7ap\u0131nda milyonlarca okurun \u00fcst\u00fcnde ink\u00e2r edilemeyecek kadar g\u00fc\u00e7l\u00fc bir etki yaratan, \u00e7oksatar bir fenomene d\u00f6n\u00fc\u015ft\u00fc.<span class=\"excerpt-hellip\"> [\u2026]<\/span><\/p>\n","protected":false},"featured_media":0,"template":"","meta":{"_monsterinsights_skip_tracking":false,"_monsterinsights_sitenote_active":false,"_monsterinsights_sitenote_note":"","_monsterinsights_sitenote_category":0},"product_brand":[],"product_cat":[18545,12291],"product_tag":[],"class_list":{"0":"post-781446","1":"product","2":"type-product","3":"status-publish","5":"product_cat-anlati","6":"product_cat-edebiyat","7":"pa_cilt-ciltli","8":"pa_tur-kitap","9":"pa_yayinevi-artemis-yayinlari","10":"pa_yazar-rhonda-byrne","12":"first","13":"instock","14":"sale","15":"shipping-taxable","16":"purchasable","17":"product-type-simple"},"_links":{"self":[{"href":"https:\/\/roveyayinevi.com.tr\/index.php\/wp-json\/wp\/v2\/product\/781446","targetHints":{"allow":["GET"]}}],"collection":[{"href":"https:\/\/roveyayinevi.com.tr\/index.php\/wp-json\/wp\/v2\/product"}],"about":[{"href":"https:\/\/roveyayinevi.com.tr\/index.php\/wp-json\/wp\/v2\/types\/product"}],"wp:attachment":[{"href":"https:\/\/roveyayinevi.com.tr\/index.php\/wp-json\/wp\/v2\/media?parent=781446"}],"wp:term":[{"taxonomy":"product_brand","embeddable":true,"href":"https:\/\/roveyayinevi.com.tr\/index.php\/wp-json\/wp\/v2\/product_brand?post=781446"},{"taxonomy":"product_cat","embeddable":true,"href":"https:\/\/roveyayinevi.com.tr\/index.php\/wp-json\/wp\/v2\/product_cat?post=781446"},{"taxonomy":"product_tag","embeddable":true,"href":"https:\/\/roveyayinevi.com.tr\/index.php\/wp-json\/wp\/v2\/product_tag?post=781446"}],"curies":[{"name":"wp","href":"https:\/\/api.w.org\/{rel}","templated":true}]}}