{"id":781432,"date":"2026-01-23T02:31:05","date_gmt":"2026-01-22T23:31:05","guid":{"rendered":"https:\/\/roveyayinevi.com.tr\/index.php\/urun\/dusuncenin-gucu-4\/"},"modified":"2026-01-25T02:44:49","modified_gmt":"2026-01-24T23:44:49","slug":"dusuncenin-gucu-4","status":"publish","type":"product","link":"https:\/\/roveyayinevi.com.tr\/index.php\/urun\/dusuncenin-gucu-4\/","title":{"rendered":"D\u00fc\u015f\u00fcncenin G\u00fcc\u00fc"},"content":{"rendered":"<p>\u201cE\u011fer insan d\u00fc\u015f\u00fcncelerini k\u00f6kten de\u011fi\u015ftirirse, ya\u015fam\u0131n\u0131n de\u011fi\u015fim h\u0131z\u0131 kar\u015f\u0131s\u0131nda \u015fa\u015f\u0131racakt\u0131r.  Gelece\u011fimize \u015fekil veren g\u00fc\u00e7 kendi i\u00e7imizdedir. Kendi benli\u011fimizde\u2026 \u0130nsan ancak d\u00fc\u015f\u00fcncelerini y\u00fckseltmekle y\u00fckselir, galip gelir, ba\u015far\u0131ya ula\u015f\u0131r.\u201d \u0130nsanlar\u0131n d\u00fc\u015f\u00fcncelerinin kalitesi ayn\u0131 zamanda ya\u015famlar\u0131n\u0131n kalitesini belirler. \u0130nsanlar d\u00fc\u015f\u00fcnceleriyle iyile\u015febilir ya da hasta olabilir; huzurlu olabilir ya da mutsuz olabilir. En \u00f6nemlisi ise Allen\u2019a g\u00f6re herkesin i\u00e7inde d\u00fcnyay\u0131 de\u011fi\u015ftirebilecek kadar b\u00fcy\u00fck bir g\u00fc\u00e7 mevcut olmas\u0131d\u0131r. G\u00fcn\u00fcm\u00fczde James Allen\u2019\u0131n temellerini at\u0131p geli\u015ftirdi\u011fi d\u00fc\u015f\u00fcnme sanat\u0131; bir\u00e7ok bilimsel ara\u015ft\u0131rmalara konu olmu\u015f ve \u00e7ok \u015fa\u015f\u0131rt\u0131c\u0131 sonu\u00e7lar ortaya konulmu\u015ftur. James Allen, d\u00fcnyada onlarca dile \u00e7evrilmi\u015f ve gelmi\u015f ge\u00e7mi\u015f en etkili kitaplardan kabul edilen bu eserinde, size kontrol\u00fc elinize alman\u0131z\u0131, ba\u015far\u0131 ve mutlulu\u011fu sa\u011flayacak olduk\u00e7a etkili y\u00f6ntem ve tekniklerle yeni bir ya\u015fam tarz\u0131 sunuyor. Ayr\u0131ca James Allen\u2019\u0131n T\u00fcrk\u00e7ede ilk kez yay\u0131nlanan di\u011fer iki eseri de bu kitapta okurlarla bulu\u015fuyor. Okuduk\u00e7a hayat\u0131n\u0131za yeni bir pencereden bakt\u0131\u011f\u0131n\u0131z\u0131 ve hayat\u0131n\u0131za y\u00f6n verebilece\u011finizi g\u00f6receksiniz. <\/p>\n","protected":false},"excerpt":{"rendered":"<p>\u201cE\u011fer insan d\u00fc\u015f\u00fcncelerini k\u00f6kten de\u011fi\u015ftirirse, ya\u015fam\u0131n\u0131n de\u011fi\u015fim h\u0131z\u0131 kar\u015f\u0131s\u0131nda \u015fa\u015f\u0131racakt\u0131r. Gelece\u011fimize \u015fekil veren g\u00fc\u00e7 kendi i\u00e7imizdedir. Kendi benli\u011fimizde\u2026 \u0130nsan ancak d\u00fc\u015f\u00fcncelerini y\u00fckseltmekle y\u00fckselir, galip gelir, ba\u015far\u0131ya<span class=\"excerpt-hellip\"> [\u2026]<\/span><\/p>\n","protected":false},"featured_media":0,"template":"","meta":{"_monsterinsights_skip_tracking":false,"_monsterinsights_sitenote_active":false,"_monsterinsights_sitenote_note":"","_monsterinsights_sitenote_category":0},"product_brand":[],"product_cat":[12364,12376],"product_tag":[],"class_list":{"0":"post-781432","1":"product","2":"type-product","3":"status-publish","5":"product_cat-genel-konular","6":"product_cat-kisisel-gelisim","7":"pa_cilt-ciltsiz","8":"pa_tur-kitap","9":"pa_yayinevi-ikilem-yayinevi","10":"pa_yazar-james-allen","12":"first","13":"instock","14":"sale","15":"shipping-taxable","16":"purchasable","17":"product-type-simple"},"_links":{"self":[{"href":"https:\/\/roveyayinevi.com.tr\/index.php\/wp-json\/wp\/v2\/product\/781432","targetHints":{"allow":["GET"]}}],"collection":[{"href":"https:\/\/roveyayinevi.com.tr\/index.php\/wp-json\/wp\/v2\/product"}],"about":[{"href":"https:\/\/roveyayinevi.com.tr\/index.php\/wp-json\/wp\/v2\/types\/product"}],"wp:attachment":[{"href":"https:\/\/roveyayinevi.com.tr\/index.php\/wp-json\/wp\/v2\/media?parent=781432"}],"wp:term":[{"taxonomy":"product_brand","embeddable":true,"href":"https:\/\/roveyayinevi.com.tr\/index.php\/wp-json\/wp\/v2\/product_brand?post=781432"},{"taxonomy":"product_cat","embeddable":true,"href":"https:\/\/roveyayinevi.com.tr\/index.php\/wp-json\/wp\/v2\/product_cat?post=781432"},{"taxonomy":"product_tag","embeddable":true,"href":"https:\/\/roveyayinevi.com.tr\/index.php\/wp-json\/wp\/v2\/product_tag?post=781432"}],"curies":[{"name":"wp","href":"https:\/\/api.w.org\/{rel}","templated":true}]}}