{"id":781427,"date":"2026-01-23T02:29:16","date_gmt":"2026-01-22T23:29:16","guid":{"rendered":"https:\/\/roveyayinevi.com.tr\/index.php\/urun\/unutmak-mi-affetmek-mi\/"},"modified":"2026-04-16T02:24:41","modified_gmt":"2026-04-15T23:24:41","slug":"unutmak-mi-affetmek-mi","status":"publish","type":"product","link":"https:\/\/roveyayinevi.com.tr\/index.php\/urun\/unutmak-mi-affetmek-mi\/","title":{"rendered":"Unutmak m\u0131 Affetmek mi?"},"content":{"rendered":"<p>Arkada\u015fl\u0131ktan fl\u00f6rt ve evlili\u011fe uzanan yolda t\u00fcm ili\u015fkilerin arkas\u0131nda yatan dinamikleri ele alan Unutmak m\u0131 Affetmek mi? bir ba\u015fucu kitab\u0131&#8230; Hi\u00e7 ba\u015flamadan biten fl\u00f6rtlerin yorgunu musun? Yoksa yaln\u0131zl\u0131\u011fa yenik d\u00fc\u015f\u00fcp, kaderci \u015fark\u0131larla m\u0131 teselli buluyorsun? \u0130li\u015fki ve evlilik dan\u0131\u015fman\u0131 Serhat Yabanc\u0131, \u201cKendi de\u011ferimizi art\u0131rmay\u0131 \u2018ba\u015fkas\u0131 \u00fczerinden\u2019 sa\u011flamaya \u00e7al\u0131\u015ft\u0131\u011f\u0131m\u0131z s\u00fcrece hem ili\u015fkimizi t\u00fcketecek hem de i\u00e7imizdeki derin ac\u0131ya \u00e7are bulamayaca\u011f\u0131z,\u201d diyor. Oysa ki\u015fi kendi potansiyelini bilir, hislerini ve bak\u0131\u015f a\u00e7\u0131s\u0131n\u0131 de\u011fi\u015ftirirse sorunlar\u0131n\u0131 da rahat\u00e7a \u00e7\u00f6zebilir.   A\u015fk\u0131 yanl\u0131\u015f insanlarla ya\u015famaktan b\u0131kt\u0131m! Onu nas\u0131l tan\u0131yabilirim? Ayr\u0131ld\u0131\u011f\u0131m sevgilimi Instagram\u2019dan sileyim mi? Evlenirsem t\u00fcm s\u0131k\u0131nt\u0131lar\u0131m biter mi? E\u015fimi de\u011fi\u015ftirmek m\u00fcmk\u00fcn m\u00fc? A\u015fks\u0131z evlilik olur mu? Bir insan neden aldat\u0131r? Ayr\u0131lma sonras\u0131 nas\u0131l toparlanaca\u011f\u0131m? <\/p>\n","protected":false},"excerpt":{"rendered":"<p>Arkada\u015fl\u0131ktan fl\u00f6rt ve evlili\u011fe uzanan yolda t\u00fcm ili\u015fkilerin arkas\u0131nda yatan dinamikleri ele alan Unutmak m\u0131 Affetmek mi? bir ba\u015fucu kitab\u0131&#8230; Hi\u00e7 ba\u015flamadan biten fl\u00f6rtlerin yorgunu musun?<span class=\"excerpt-hellip\"> [\u2026]<\/span><\/p>\n","protected":false},"featured_media":0,"template":"","meta":{"_monsterinsights_skip_tracking":false,"_monsterinsights_sitenote_active":false,"_monsterinsights_sitenote_note":"","_monsterinsights_sitenote_category":0},"product_brand":[],"product_cat":[12364,12376],"product_tag":[],"class_list":{"0":"post-781427","1":"product","2":"type-product","3":"status-publish","5":"product_cat-genel-konular","6":"product_cat-kisisel-gelisim","7":"pa_cilt-ciltsiz","8":"pa_tur-kitap","9":"pa_yayinevi-mona-kitap","10":"pa_yazar-serhat-yabanci","12":"first","13":"instock","14":"sale","15":"shipping-taxable","16":"purchasable","17":"product-type-simple"},"_links":{"self":[{"href":"https:\/\/roveyayinevi.com.tr\/index.php\/wp-json\/wp\/v2\/product\/781427","targetHints":{"allow":["GET"]}}],"collection":[{"href":"https:\/\/roveyayinevi.com.tr\/index.php\/wp-json\/wp\/v2\/product"}],"about":[{"href":"https:\/\/roveyayinevi.com.tr\/index.php\/wp-json\/wp\/v2\/types\/product"}],"wp:attachment":[{"href":"https:\/\/roveyayinevi.com.tr\/index.php\/wp-json\/wp\/v2\/media?parent=781427"}],"wp:term":[{"taxonomy":"product_brand","embeddable":true,"href":"https:\/\/roveyayinevi.com.tr\/index.php\/wp-json\/wp\/v2\/product_brand?post=781427"},{"taxonomy":"product_cat","embeddable":true,"href":"https:\/\/roveyayinevi.com.tr\/index.php\/wp-json\/wp\/v2\/product_cat?post=781427"},{"taxonomy":"product_tag","embeddable":true,"href":"https:\/\/roveyayinevi.com.tr\/index.php\/wp-json\/wp\/v2\/product_tag?post=781427"}],"curies":[{"name":"wp","href":"https:\/\/api.w.org\/{rel}","templated":true}]}}