{"id":781426,"date":"2026-01-23T02:29:06","date_gmt":"2026-01-22T23:29:06","guid":{"rendered":"https:\/\/roveyayinevi.com.tr\/index.php\/urun\/senin-hakkinda-yedi-sey-dusundum\/"},"modified":"2026-01-25T02:42:36","modified_gmt":"2026-01-24T23:42:36","slug":"senin-hakkinda-yedi-sey-dusundum","status":"publish","type":"product","link":"https:\/\/roveyayinevi.com.tr\/index.php\/urun\/senin-hakkinda-yedi-sey-dusundum\/","title":{"rendered":"Senin Hakk\u0131nda Yedi \u015eey D\u00fc\u015f\u00fcnd\u00fcm"},"content":{"rendered":"<p>Bu kitab\u0131n ba\u015f kahraman\u0131 daima korku ve kayg\u0131 i\u00e7inde ya\u015fayan, hata yap\u0131p durmaktan yorulmu\u015f, zihninin i\u00e7inde s\u00fcrekli konu\u015fan sesin esiri olmu\u015f, kendine tapmak ve kendinden nefret etmek aras\u0131nda gidip gelen bir insan. Bu kitab\u0131n ba\u015f kahraman\u0131 sizsiniz. Bilge b\u00fcy\u00fcc\u00fc Mama Nono, kahraman\u0131m\u0131za \u015f\u00f6yle diyor: \u201cKendini \u00e7ok bilgili, k\u00fclt\u00fcrl\u00fc, incelikli ve zarif buluyorsun. Peki b\u00fct\u00fcn bunlar anlaml\u0131 bir ya\u015fam s\u00fcrd\u00fcrmen i\u00e7in yeterli mi? Edindi\u011fin bunca fiyakal\u0131 fikir, zihnini de\u011fi\u015ftirebildi mi? E\u011fer \u00f6yleyse neden hayat\u0131n \u2013g\u00fcnl\u00fck varolu\u015fun\u2013 eziyet dolu, her an karga\u015fa ve kaos i\u00e7inde? Arada tek t\u00fck ne\u015feli, mutlu anlar\u0131n var, ama bunlar\u0131n d\u0131\u015f\u0131nda ya\u015fam\u0131na neredeyse her zaman bir karabulut h\u00e2kim.\u201d Yedi y\u0131lda bir defa ve yaln\u0131zca yedi ki\u015fi i\u00e7in kap\u0131lar\u0131n\u0131 a\u00e7an gizemli bir manast\u0131rdan bir davetiye alsayd\u0131n\u0131z ne yapard\u0131n\u0131z? Mama Nono\u2019nun pe\u015fine tak\u0131l\u0131n ve balta girmemi\u015f bir ormanda, tehlikelerle dolu bir maceraya s\u00fcr\u00fcklenin. Kendinizi hat\u0131rlamay\u0131 ve kendinizi izlemeyi \u00f6\u011frenerek zihninizi e\u011fitece\u011finiz bu yolculukta bir pigmeden: Ger\u00e7ek bir insan olman\u0131n yedi \u015fart\u0131n\u0131 Zihin g\u00fcc\u00fcn\u00fczle bedeninizi \u0131s\u0131tmay\u0131 Y\u00fcr\u00fcy\u00fc\u015f meditasyonu yapmay\u0131 ve bir prensten: Ba\u015fka T\u00fcrl\u00fcl\u00fck Kanunu\u2019nun nas\u0131l i\u015fledi\u011fini \u0130\u00e7sel ba\u015f d\u00fc\u015fman\u0131n\u0131z\u0131 ve i\u00e7sel hayvan\u0131n\u0131z\u0131 nas\u0131l bulaca\u011f\u0131n\u0131z\u0131 Zihinsel ve fiziksel ac\u0131larla ba\u015f etme y\u00f6ntemlerini R\u00fcyada uyanabilmenin yollar\u0131n\u0131 \u00f6\u011freneceksiniz. <\/p>\n","protected":false},"excerpt":{"rendered":"<p>Bu kitab\u0131n ba\u015f kahraman\u0131 daima korku ve kayg\u0131 i\u00e7inde ya\u015fayan, hata yap\u0131p durmaktan yorulmu\u015f, zihninin i\u00e7inde s\u00fcrekli konu\u015fan sesin esiri olmu\u015f, kendine tapmak ve kendinden nefret<span class=\"excerpt-hellip\"> [\u2026]<\/span><\/p>\n","protected":false},"featured_media":0,"template":"","meta":{"_monsterinsights_skip_tracking":false,"_monsterinsights_sitenote_active":false,"_monsterinsights_sitenote_note":"","_monsterinsights_sitenote_category":0},"product_brand":[],"product_cat":[12364,12376],"product_tag":[],"class_list":{"0":"post-781426","1":"product","2":"type-product","3":"status-publish","5":"product_cat-genel-konular","6":"product_cat-kisisel-gelisim","7":"pa_cilt-ciltsiz","8":"pa_tur-kitap","9":"pa_yayinevi-destek-yayinlari","10":"pa_yazar-berrak-yurdakul","12":"first","13":"instock","14":"sale","15":"shipping-taxable","16":"purchasable","17":"product-type-simple"},"_links":{"self":[{"href":"https:\/\/roveyayinevi.com.tr\/index.php\/wp-json\/wp\/v2\/product\/781426","targetHints":{"allow":["GET"]}}],"collection":[{"href":"https:\/\/roveyayinevi.com.tr\/index.php\/wp-json\/wp\/v2\/product"}],"about":[{"href":"https:\/\/roveyayinevi.com.tr\/index.php\/wp-json\/wp\/v2\/types\/product"}],"wp:attachment":[{"href":"https:\/\/roveyayinevi.com.tr\/index.php\/wp-json\/wp\/v2\/media?parent=781426"}],"wp:term":[{"taxonomy":"product_brand","embeddable":true,"href":"https:\/\/roveyayinevi.com.tr\/index.php\/wp-json\/wp\/v2\/product_brand?post=781426"},{"taxonomy":"product_cat","embeddable":true,"href":"https:\/\/roveyayinevi.com.tr\/index.php\/wp-json\/wp\/v2\/product_cat?post=781426"},{"taxonomy":"product_tag","embeddable":true,"href":"https:\/\/roveyayinevi.com.tr\/index.php\/wp-json\/wp\/v2\/product_tag?post=781426"}],"curies":[{"name":"wp","href":"https:\/\/api.w.org\/{rel}","templated":true}]}}