{"id":781421,"date":"2026-01-23T02:25:32","date_gmt":"2026-01-22T23:25:32","guid":{"rendered":"https:\/\/roveyayinevi.com.tr\/index.php\/urun\/mavi-orman-3\/"},"modified":"2026-03-11T02:36:40","modified_gmt":"2026-03-10T23:36:40","slug":"mavi-orman-3","status":"publish","type":"product","link":"https:\/\/roveyayinevi.com.tr\/index.php\/urun\/mavi-orman-3\/","title":{"rendered":"Mavi Orman"},"content":{"rendered":"<p>Mavi Orman, yazar ve yoga e\u011fitmeni Defne Suman\u2019dan kendi i\u00e7ine yolculu\u011fa \u00e7\u0131kmak ve d\u00f6n\u00fc\u015fmek i\u00e7in ilham veren bir kitap.   JoanBaez, iPod, Mevl\u00e2n\u00e2, hesaps\u0131z kitaps\u0131z yolculuklar, JohnnieWalker reklamlar\u0131, BurgerKing, kahve fal\u0131, pop \u015fark\u0131lar\u0131, TomRobbins, sevgililer, aldatma, \u00f6l\u00fcm, Orhan Pamuk ve Daihatsu otomobillerle ahenk i\u00e7inde, birbirine harman yoga asanalar\u0131&#8230; Bu kitab\u0131 \u00e7ok seveceksiniz. Yazar da \u00e7ok yak\u0131n arkada\u015f\u0131n\u0131z olacak. Teoman, sanat\u00e7\u0131 Derin derin soluk al\u0131p veren, g\u00f6\u011f\u00fcs kafesini geni\u015fleten bir anlat\u0131m. Bir iksir i\u00e7iriyor sana ve ya\u015famak, sahiden ya\u015famak nedir, onu hissettiriyor. \u00d6zcan Y\u00fcksek, yazar, Magma Dergisi Yay\u0131n Y\u00f6netmeni Birazdan \u00e7ok iyi bir yazarla tan\u0131\u015facak, g\u00fczel bir kitap okuyacaks\u0131n\u0131z. Ne mutlu size&#8230; \u015eebnem \u0130\u015fig\u00fczel, yazar Bu kitap kendinle tan\u0131\u015fman\u0131n, uzla\u015fman\u0131n, arad\u0131\u011f\u0131 uyumu kendinde bulmaya ba\u015flaman\u0131n  milad\u0131. \u0130nsan olman\u0131n g\u00fczel huzursuzlu\u011funu i\u00e7inde duyanlar\u0131n t\u00fcm\u00fcne yaz\u0131lm\u0131\u015f uzun, i\u00e7ten bir mektup. Oya Baydar, yazar Gitmek b\u00fcy\u00fck ama \u00e7ok b\u00fcy\u00fck bir cesaret\u2026 Defne Suman, gitmenin \u00f6yk\u00fcs\u00fcn\u00fc anlat\u0131yor. Sadece yoga ve Uzakdo\u011fu felsefesiyle ilgilenenlere de\u011fil, ya\u015fam \u00fcst\u00fcne d\u00fc\u015f\u00fcnmek isteyen herkese sesleniyor.  Zehra \u0130p\u015firo\u011flu, yazar <\/p>\n","protected":false},"excerpt":{"rendered":"<p>Mavi Orman, yazar ve yoga e\u011fitmeni Defne Suman\u2019dan kendi i\u00e7ine yolculu\u011fa \u00e7\u0131kmak ve d\u00f6n\u00fc\u015fmek i\u00e7in ilham veren bir kitap. JoanBaez, iPod, Mevl\u00e2n\u00e2, hesaps\u0131z kitaps\u0131z yolculuklar, JohnnieWalker<span class=\"excerpt-hellip\"> [\u2026]<\/span><\/p>\n","protected":false},"featured_media":0,"template":"","meta":{"_monsterinsights_skip_tracking":false,"_monsterinsights_sitenote_active":false,"_monsterinsights_sitenote_note":"","_monsterinsights_sitenote_category":0},"product_brand":[],"product_cat":[12364,12376],"product_tag":[],"class_list":{"0":"post-781421","1":"product","2":"type-product","3":"status-publish","5":"product_cat-genel-konular","6":"product_cat-kisisel-gelisim","7":"pa_cilt-ciltsiz","8":"pa_tur-kitap","9":"pa_yayinevi-dogan-novus","10":"pa_yazar-defne-suman","12":"first","13":"instock","14":"sale","15":"shipping-taxable","16":"purchasable","17":"product-type-simple"},"_links":{"self":[{"href":"https:\/\/roveyayinevi.com.tr\/index.php\/wp-json\/wp\/v2\/product\/781421","targetHints":{"allow":["GET"]}}],"collection":[{"href":"https:\/\/roveyayinevi.com.tr\/index.php\/wp-json\/wp\/v2\/product"}],"about":[{"href":"https:\/\/roveyayinevi.com.tr\/index.php\/wp-json\/wp\/v2\/types\/product"}],"wp:attachment":[{"href":"https:\/\/roveyayinevi.com.tr\/index.php\/wp-json\/wp\/v2\/media?parent=781421"}],"wp:term":[{"taxonomy":"product_brand","embeddable":true,"href":"https:\/\/roveyayinevi.com.tr\/index.php\/wp-json\/wp\/v2\/product_brand?post=781421"},{"taxonomy":"product_cat","embeddable":true,"href":"https:\/\/roveyayinevi.com.tr\/index.php\/wp-json\/wp\/v2\/product_cat?post=781421"},{"taxonomy":"product_tag","embeddable":true,"href":"https:\/\/roveyayinevi.com.tr\/index.php\/wp-json\/wp\/v2\/product_tag?post=781421"}],"curies":[{"name":"wp","href":"https:\/\/api.w.org\/{rel}","templated":true}]}}