{"id":781418,"date":"2026-01-23T02:18:06","date_gmt":"2026-01-22T23:18:06","guid":{"rendered":"https:\/\/roveyayinevi.com.tr\/index.php\/urun\/yasam-kitabi-2\/"},"modified":"2026-04-16T02:14:07","modified_gmt":"2026-04-15T23:14:07","slug":"yasam-kitabi-2","status":"publish","type":"product","link":"https:\/\/roveyayinevi.com.tr\/index.php\/urun\/yasam-kitabi-2\/","title":{"rendered":"Ya\u015fam Kitab\u0131"},"content":{"rendered":"<p>Hayat koca bir mizansen. Bizlerse oyuncular\u0131y\u0131z. \u00dczerine d\u00fc\u015fen rol\u00fc oynay\u0131p hayat\u0131n\u0131 ya\u015famaya bak. Her g\u00fcn ya\u015fam\u0131 deneyimleyerek prova al.Dekor olma bu sahnede, hayata kat\u0131l ve rol\u00fcn\u00fcn hakk\u0131n\u0131 ver. <\/p>\n","protected":false},"excerpt":{"rendered":"<p>Hayat koca bir mizansen. Bizlerse oyuncular\u0131y\u0131z. \u00dczerine d\u00fc\u015fen rol\u00fc oynay\u0131p hayat\u0131n\u0131 ya\u015famaya bak. Her g\u00fcn ya\u015fam\u0131 deneyimleyerek prova al.Dekor olma bu sahnede, hayata kat\u0131l ve rol\u00fcn\u00fcn<span class=\"excerpt-hellip\"> [\u2026]<\/span><\/p>\n","protected":false},"featured_media":0,"template":"","meta":{"_monsterinsights_skip_tracking":false,"_monsterinsights_sitenote_active":false,"_monsterinsights_sitenote_note":"","_monsterinsights_sitenote_category":0},"product_brand":[],"product_cat":[12364,12376],"product_tag":[],"class_list":{"0":"post-781418","1":"product","2":"type-product","3":"status-publish","5":"product_cat-genel-konular","6":"product_cat-kisisel-gelisim","7":"pa_cilt-ciltsiz","8":"pa_tur-kitap","9":"pa_yayinevi-inkilap-kitabevi","10":"pa_yazar-askim-kapismak","12":"first","13":"instock","14":"sale","15":"shipping-taxable","16":"purchasable","17":"product-type-simple"},"_links":{"self":[{"href":"https:\/\/roveyayinevi.com.tr\/index.php\/wp-json\/wp\/v2\/product\/781418","targetHints":{"allow":["GET"]}}],"collection":[{"href":"https:\/\/roveyayinevi.com.tr\/index.php\/wp-json\/wp\/v2\/product"}],"about":[{"href":"https:\/\/roveyayinevi.com.tr\/index.php\/wp-json\/wp\/v2\/types\/product"}],"wp:attachment":[{"href":"https:\/\/roveyayinevi.com.tr\/index.php\/wp-json\/wp\/v2\/media?parent=781418"}],"wp:term":[{"taxonomy":"product_brand","embeddable":true,"href":"https:\/\/roveyayinevi.com.tr\/index.php\/wp-json\/wp\/v2\/product_brand?post=781418"},{"taxonomy":"product_cat","embeddable":true,"href":"https:\/\/roveyayinevi.com.tr\/index.php\/wp-json\/wp\/v2\/product_cat?post=781418"},{"taxonomy":"product_tag","embeddable":true,"href":"https:\/\/roveyayinevi.com.tr\/index.php\/wp-json\/wp\/v2\/product_tag?post=781418"}],"curies":[{"name":"wp","href":"https:\/\/api.w.org\/{rel}","templated":true}]}}