{"id":781370,"date":"2026-01-22T03:57:51","date_gmt":"2026-01-22T00:57:51","guid":{"rendered":"https:\/\/roveyayinevi.com.tr\/index.php\/urun\/morfin-3\/"},"modified":"2026-04-15T03:45:19","modified_gmt":"2026-04-15T00:45:19","slug":"morfin-3","status":"publish","type":"product","link":"https:\/\/roveyayinevi.com.tr\/index.php\/urun\/morfin-3\/","title":{"rendered":"Morfin"},"content":{"rendered":"<p>\u201cEy, insanlar! Kimse yard\u0131m etmeyecek mi bana?\u201d Zeki insanlar \u00e7ok uzun zamanlardan beri mutlulu\u011fun sa\u011fl\u0131k gibi oldu\u011funu belirtmi\u015flerdir: \u201cOna sahipken bunun fark\u0131na bile varmazs\u0131n\u0131z.\u201d  1918 y\u0131l\u0131, k\u0131\u015f mevsimi. Doktor Bomgard, ta\u015fradaki g\u00f6revinden kente atanal\u0131 k\u0131sa bir s\u00fcre olmu\u015ftur. Ta\u015fran\u0131n zor \u015fartlar\u0131ndan kurtuldu\u011fu ve kent imk\u00e2nlar\u0131na kavu\u015ftu\u011fu i\u00e7in olduk\u00e7a mutludur. Yeni hayat\u0131na yava\u015f yava\u015f al\u0131\u015fmaya ba\u015flam\u0131\u015ft\u0131r ki ta\u015frada kendi yerine atanan, \u00fcniversiteden de yak\u0131n arkada\u015f\u0131 olan Doktor Polyakov\u2019dan bir mektup al\u0131r. Doktor Polyakov kendisinden yard\u0131m istemektedir. Bir solukta okuyaca\u011f\u0131n\u0131z Morfin, bir ba\u011f\u0131ml\u0131l\u0131\u011f\u0131n bir doktoru g\u00fcnden g\u00fcne hayattan kopar\u0131\u015f\u0131n\u0131n \u00e7arp\u0131c\u0131 bir hik\u00e2yesidir.<\/p>\n","protected":false},"excerpt":{"rendered":"<p>\u201cEy, insanlar! Kimse yard\u0131m etmeyecek mi bana?\u201d Zeki insanlar \u00e7ok uzun zamanlardan beri mutlulu\u011fun sa\u011fl\u0131k gibi oldu\u011funu belirtmi\u015flerdir: \u201cOna sahipken bunun fark\u0131na bile varmazs\u0131n\u0131z.\u201d 1918 y\u0131l\u0131,<span class=\"excerpt-hellip\"> [\u2026]<\/span><\/p>\n","protected":false},"featured_media":0,"template":"","meta":{"_monsterinsights_skip_tracking":false,"_monsterinsights_sitenote_active":false,"_monsterinsights_sitenote_note":"","_monsterinsights_sitenote_category":0},"product_brand":[],"product_cat":[12291,12711],"product_tag":[],"class_list":{"0":"post-781370","1":"product","2":"type-product","3":"status-publish","5":"product_cat-edebiyat","6":"product_cat-roman-oyku","7":"pa_cilt-ciltsiz","8":"pa_tur-kitap","9":"pa_yayinevi-dokuz-yayinlari","10":"pa_yazar-mihail-bulgakov","12":"first","13":"instock","14":"sale","15":"shipping-taxable","16":"purchasable","17":"product-type-simple"},"_links":{"self":[{"href":"https:\/\/roveyayinevi.com.tr\/index.php\/wp-json\/wp\/v2\/product\/781370","targetHints":{"allow":["GET"]}}],"collection":[{"href":"https:\/\/roveyayinevi.com.tr\/index.php\/wp-json\/wp\/v2\/product"}],"about":[{"href":"https:\/\/roveyayinevi.com.tr\/index.php\/wp-json\/wp\/v2\/types\/product"}],"wp:attachment":[{"href":"https:\/\/roveyayinevi.com.tr\/index.php\/wp-json\/wp\/v2\/media?parent=781370"}],"wp:term":[{"taxonomy":"product_brand","embeddable":true,"href":"https:\/\/roveyayinevi.com.tr\/index.php\/wp-json\/wp\/v2\/product_brand?post=781370"},{"taxonomy":"product_cat","embeddable":true,"href":"https:\/\/roveyayinevi.com.tr\/index.php\/wp-json\/wp\/v2\/product_cat?post=781370"},{"taxonomy":"product_tag","embeddable":true,"href":"https:\/\/roveyayinevi.com.tr\/index.php\/wp-json\/wp\/v2\/product_tag?post=781370"}],"curies":[{"name":"wp","href":"https:\/\/api.w.org\/{rel}","templated":true}]}}