{"id":781366,"date":"2026-01-22T03:56:48","date_gmt":"2026-01-22T00:56:48","guid":{"rendered":"https:\/\/roveyayinevi.com.tr\/index.php\/urun\/her-seyle-savasamazsin\/"},"modified":"2026-04-15T03:44:21","modified_gmt":"2026-04-15T00:44:21","slug":"her-seyle-savasamazsin","status":"publish","type":"product","link":"https:\/\/roveyayinevi.com.tr\/index.php\/urun\/her-seyle-savasamazsin\/","title":{"rendered":"Her \u015eeyle Sava\u015famazs\u0131n"},"content":{"rendered":"<p>Kendinle bar\u0131\u015f, d\u00fcnyan\u0131n g\u00fcr\u00fclt\u00fcs\u00fc susar.   Sessizlik kelimelerin yoklu\u011fu de\u011fil, s\u00f6ylemeye cesaret edemedi\u011fimiz her \u015feyin dilidir.    Bazen sava\u015fmay\u0131 b\u0131rakmak, bir yenilgi de\u011fil,ruhun en derin bilgeli\u011fidir.  Hayat\u0131n y\u00fcklerine direndik\u00e7e sertle\u015fir, sertle\u015ftik\u00e7e k\u0131r\u0131l\u0131rs\u0131n. Oysa bazen sadece akmak gerekir\u2026  F\u0131rt\u0131nan\u0131n y\u00f6n\u00fcn\u00fc de\u011fil, kendi y\u00f6n\u00fcn\u00fc bulmak i\u00e7in.   \u201cHer \u015eeyle Sava\u015famazs\u0131n\u201d, insan\u0131n kendine d\u00f6n\u00fc\u015f\u00fcn\u00fc anlatan bir i\u00e7sel yolculuk, bir davet. K\u0131r\u0131lman\u0131n i\u00e7indeki incelikli g\u00fcc\u00fc, sessizli\u011fin ortas\u0131ndaki i\u00e7ten sesi, vazge\u00e7menin getirdi\u011fi o e\u015fsiz \u00f6zg\u00fcrl\u00fc\u011f\u00fc ve geri \u00e7ekilmenin zarif melodisini kalbimize f\u0131s\u0131ld\u0131yor.   Belki de mesele hayata kar\u015f\u0131 durmak de\u011fil, onunla yeniden dans etmeyi \u00f6\u011frenmektir. Ve belki de en b\u00fcy\u00fck zafer, hi\u00e7bir sava\u015fa gerek kalmadan, sakinlikle \u201cvar olabilmektir\u201d. <\/p>\n","protected":false},"excerpt":{"rendered":"<p>Kendinle bar\u0131\u015f, d\u00fcnyan\u0131n g\u00fcr\u00fclt\u00fcs\u00fc susar. Sessizlik kelimelerin yoklu\u011fu de\u011fil, s\u00f6ylemeye cesaret edemedi\u011fimiz her \u015feyin dilidir. Bazen sava\u015fmay\u0131 b\u0131rakmak, bir yenilgi de\u011fil,ruhun en derin bilgeli\u011fidir. Hayat\u0131n y\u00fcklerine<span class=\"excerpt-hellip\"> [\u2026]<\/span><\/p>\n","protected":false},"featured_media":0,"template":"","meta":{"_monsterinsights_skip_tracking":false,"_monsterinsights_sitenote_active":false,"_monsterinsights_sitenote_note":"","_monsterinsights_sitenote_category":0},"product_brand":[],"product_cat":[12291,12711],"product_tag":[],"class_list":{"0":"post-781366","1":"product","2":"type-product","3":"status-publish","5":"product_cat-edebiyat","6":"product_cat-roman-oyku","7":"pa_cilt-ciltsiz","8":"pa_tur-kitap","9":"pa_yayinevi-indigo-kitap","10":"pa_yazar-ozgur-bacaksiz","12":"first","13":"instock","14":"sale","15":"shipping-taxable","16":"purchasable","17":"product-type-simple"},"_links":{"self":[{"href":"https:\/\/roveyayinevi.com.tr\/index.php\/wp-json\/wp\/v2\/product\/781366","targetHints":{"allow":["GET"]}}],"collection":[{"href":"https:\/\/roveyayinevi.com.tr\/index.php\/wp-json\/wp\/v2\/product"}],"about":[{"href":"https:\/\/roveyayinevi.com.tr\/index.php\/wp-json\/wp\/v2\/types\/product"}],"wp:attachment":[{"href":"https:\/\/roveyayinevi.com.tr\/index.php\/wp-json\/wp\/v2\/media?parent=781366"}],"wp:term":[{"taxonomy":"product_brand","embeddable":true,"href":"https:\/\/roveyayinevi.com.tr\/index.php\/wp-json\/wp\/v2\/product_brand?post=781366"},{"taxonomy":"product_cat","embeddable":true,"href":"https:\/\/roveyayinevi.com.tr\/index.php\/wp-json\/wp\/v2\/product_cat?post=781366"},{"taxonomy":"product_tag","embeddable":true,"href":"https:\/\/roveyayinevi.com.tr\/index.php\/wp-json\/wp\/v2\/product_tag?post=781366"}],"curies":[{"name":"wp","href":"https:\/\/api.w.org\/{rel}","templated":true}]}}