{"id":781326,"date":"2026-01-21T04:14:37","date_gmt":"2026-01-21T01:14:37","guid":{"rendered":"https:\/\/roveyayinevi.com.tr\/index.php\/urun\/saglikli-evlilik\/"},"modified":"2026-04-15T03:45:57","modified_gmt":"2026-04-15T00:45:57","slug":"saglikli-evlilik","status":"publish","type":"product","link":"https:\/\/roveyayinevi.com.tr\/index.php\/urun\/saglikli-evlilik\/","title":{"rendered":"Sa\u011fl\u0131kl\u0131 Evlilik"},"content":{"rendered":"<p>Sa\u011fl\u0131kl\u0131 Evlilik, yaln\u0131zca evlili\u011fi s\u00fcrd\u00fcrmenin de\u011fil, onu bilin\u00e7li bir \u015fekilde kurman\u0131n kitab\u0131. Bu kitap; yaln\u0131z kalma korkusuyla, al\u0131\u015fkanl\u0131klarla, bask\u0131larla ya da romantik yan\u0131lg\u0131larla verilen evlilik kararlar\u0131n\u0131n neden \u00e7o\u011fu zaman hayal k\u0131r\u0131kl\u0131\u011f\u0131yla sonu\u00e7land\u0131\u011f\u0131n\u0131 cesurca sorguluyor. E\u015f se\u00e7iminin, ileti\u015fimin, \u00e7at\u0131\u015fma y\u00f6netiminin ve ba\u011fl\u0131l\u0131\u011f\u0131n asl\u0131nda ne anlama geldi\u011fini; idealize edilmi\u015f \u00f6\u011f\u00fctler yerine ger\u00e7ek hayat \u00f6rnekleri ve sade bir dille ele al\u0131yor. Ramin Khaleghi, kendi deneyimlerinden ve g\u00f6zlemlerinden yola \u00e7\u0131karak okuru \u015fu sorularla y\u00fczle\u015ftiriyor: Kendimi ger\u00e7ekten tan\u0131yor muyum? Do\u011fru insan\u0131 m\u0131 se\u00e7iyorum, yoksa yaln\u0131zl\u0131ktan m\u0131 ka\u00e7\u0131yorum? Sorunlar\u0131 \u00e7\u00f6z\u00fcyor muyuz, yoksa sadece erteliyor muyuz? Bu kitap; evlenmeyi d\u00fc\u015f\u00fcnen gen\u00e7ler i\u00e7in g\u00fc\u00e7l\u00fc bir rehber, evli olanlar i\u00e7in ise aynaya bakma cesareti sunuyor. \u0130leti\u015fimden ruh sa\u011fl\u0131\u011f\u0131na, cinsel ya\u015famdan aile ili\u015fkilerine kadar ortak ya\u015fam\u0131n t\u00fcm y\u00f6nlerini kapsayan Sa\u011fl\u0131kl\u0131 Evlilik, daha bilin\u00e7li kararlar almak ve daha dengeli bir hayat kurmak isteyen herkes i\u00e7in yaz\u0131ld\u0131. \u00c7\u00fcnk\u00fc sa\u011fl\u0131kl\u0131 bireyler, sa\u011fl\u0131kl\u0131 evlilikler kurar. Sa\u011fl\u0131kl\u0131 evlilikler ise sa\u011fl\u0131kl\u0131 bir toplumun temelidir.<\/p>\n","protected":false},"excerpt":{"rendered":"<p>Sa\u011fl\u0131kl\u0131 Evlilik, yaln\u0131zca evlili\u011fi s\u00fcrd\u00fcrmenin de\u011fil, onu bilin\u00e7li bir \u015fekilde kurman\u0131n kitab\u0131. Bu kitap; yaln\u0131z kalma korkusuyla, al\u0131\u015fkanl\u0131klarla, bask\u0131larla ya da romantik yan\u0131lg\u0131larla verilen evlilik kararlar\u0131n\u0131n<span class=\"excerpt-hellip\"> [\u2026]<\/span><\/p>\n","protected":false},"featured_media":0,"template":"","meta":{"_monsterinsights_skip_tracking":false,"_monsterinsights_sitenote_active":false,"_monsterinsights_sitenote_note":"","_monsterinsights_sitenote_category":0},"product_brand":[],"product_cat":[12364,12376],"product_tag":[],"class_list":{"0":"post-781326","1":"product","2":"type-product","3":"status-publish","5":"product_cat-genel-konular","6":"product_cat-kisisel-gelisim","7":"pa_cilt-ciltsiz","8":"pa_tur-kitap","9":"pa_yayinevi-gulnar-yayinlari","10":"pa_yazar-ramin-khaleghi","12":"first","13":"instock","14":"sale","15":"shipping-taxable","16":"purchasable","17":"product-type-simple"},"_links":{"self":[{"href":"https:\/\/roveyayinevi.com.tr\/index.php\/wp-json\/wp\/v2\/product\/781326","targetHints":{"allow":["GET"]}}],"collection":[{"href":"https:\/\/roveyayinevi.com.tr\/index.php\/wp-json\/wp\/v2\/product"}],"about":[{"href":"https:\/\/roveyayinevi.com.tr\/index.php\/wp-json\/wp\/v2\/types\/product"}],"wp:attachment":[{"href":"https:\/\/roveyayinevi.com.tr\/index.php\/wp-json\/wp\/v2\/media?parent=781326"}],"wp:term":[{"taxonomy":"product_brand","embeddable":true,"href":"https:\/\/roveyayinevi.com.tr\/index.php\/wp-json\/wp\/v2\/product_brand?post=781326"},{"taxonomy":"product_cat","embeddable":true,"href":"https:\/\/roveyayinevi.com.tr\/index.php\/wp-json\/wp\/v2\/product_cat?post=781326"},{"taxonomy":"product_tag","embeddable":true,"href":"https:\/\/roveyayinevi.com.tr\/index.php\/wp-json\/wp\/v2\/product_tag?post=781326"}],"curies":[{"name":"wp","href":"https:\/\/api.w.org\/{rel}","templated":true}]}}