{"id":781324,"date":"2026-01-21T04:14:32","date_gmt":"2026-01-21T01:14:32","guid":{"rendered":"https:\/\/roveyayinevi.com.tr\/index.php\/urun\/kurtulus-savasinda-bolseviklerle-sekiz-ay\/"},"modified":"2026-04-15T03:45:37","modified_gmt":"2026-04-15T00:45:37","slug":"kurtulus-savasinda-bolseviklerle-sekiz-ay","status":"publish","type":"product","link":"https:\/\/roveyayinevi.com.tr\/index.php\/urun\/kurtulus-savasinda-bolseviklerle-sekiz-ay\/","title":{"rendered":"Kurtulu\u015f Sava\u015f\u0131\u2019nda Bol\u015feviklerle Sekiz Ay"},"content":{"rendered":"<p>Kurtulu\u015f Sava\u015f\u0131\u2019n\u0131n en kritik g\u00fcnlerinde, Do\u011fu Cephesi\u2019nde, birbirine y\u00fczlerce y\u0131l d\u00fc\u015fman olmu\u015f iki ulusun devrimci g\u00fc\u00e7lerinin askeri i\u015f birli\u011fi i\u00e7ine girmi\u015f olmas\u0131, tarihimizin \u00e7ok da anlat\u0131lmayan bir evresidir.Veysel \u00dcn\u00fcvar\u2019\u0131n an\u0131lar\u0131, Kurtulu\u015f Sava\u015f\u0131\u2019nda Anadolu direni\u015f\u00e7ileri ile Bol\u015fevikler aras\u0131ndaki bu askeri i\u015f birli\u011fine dair birinci elden, \u00f6zg\u00fcn bir tan\u0131kl\u0131k. \u201cNah\u00e7\u0131van&#8217;a alaca karanl\u0131kta girdik. Bo\u015f, \u00f6lg\u00fcn bir \u015fehir. Sokaklarda yerlere serilmi\u015f hasta karalt\u0131lar\u0131, iniltiler, son hayat eserleri gibi geliyordu. Bir zaman ne\u015fe ile dolup ta\u015fan canl\u0131,kalabal\u0131k \u015fehrin bug\u00fcnk\u00fc \u0131ss\u0131z ve karanl\u0131k h\u00e2li d\u00f6rt sene \u00f6nce art\u00e7\u0131 komutan olarak bir sabah Erzurum&#8217;u terk ederken duydu\u011fum ac\u0131y\u0131 tazeledi. Halk, gelenlerin y\u00fcz\u00fcn\u00fc g\u00f6rmemek i\u00e7in ya yurtlar\u0131n\u0131 terk etmi\u015f yahut bir as\u0131rdan beri her neslin i\u015fgalcilere yapt\u0131\u011f\u0131 gibi evlerine kapanm\u0131\u015f, karanl\u0131klara, matemlere b\u00fcr\u00fcnm\u00fc\u015flerdi. Bizi konak\u00e7\u0131 olarak kar\u015f\u0131layanlar Nah\u00e7\u0131van&#8217;da yerle\u015fmi\u015f eski T\u00fcrk muharipleri oldu. Bunlardan zaman\u0131nda \u015fehirde olu\u015fturulan inzibat b\u00f6l\u00fc\u011f\u00fc g\u00f6rev ba\u015f\u0131ndayd\u0131. Bu tan\u0131d\u0131klar\u0131 bulmak g\u00f6nl\u00fcm\u00fcze biraz ferahl\u0131k verdi.O ak\u015fam Halil Pa\u015fa, Bol\u015fevik subay i\u015faretlerini kullanma emri verdi. Sonra b\u00fct\u00fcn orduya kabul edildi. Birka\u00e7 g\u00fcn sonra da Cephe Komutanl\u0131\u011f\u0131\u2019ndan birli\u011fimizin yeni ad\u0131 bildirildi, m\u00fch\u00fcr g\u00f6nderildi: \u2018\u0130nk\u0131l\u00e2b-\u0131 T\u00fcrkiye \u015eark Cephesi K\u0131z\u0131l M\u00fcfrezesi\u2019.\u201d<\/p>\n","protected":false},"excerpt":{"rendered":"<p>Kurtulu\u015f Sava\u015f\u0131\u2019n\u0131n en kritik g\u00fcnlerinde, Do\u011fu Cephesi\u2019nde, birbirine y\u00fczlerce y\u0131l d\u00fc\u015fman olmu\u015f iki ulusun devrimci g\u00fc\u00e7lerinin askeri i\u015f birli\u011fi i\u00e7ine girmi\u015f olmas\u0131, tarihimizin \u00e7ok da anlat\u0131lmayan<span class=\"excerpt-hellip\"> [\u2026]<\/span><\/p>\n","protected":false},"featured_media":0,"template":"","meta":{"_monsterinsights_skip_tracking":false,"_monsterinsights_sitenote_active":false,"_monsterinsights_sitenote_note":"","_monsterinsights_sitenote_category":0},"product_brand":[],"product_cat":[12304],"product_tag":[],"class_list":{"0":"post-781324","1":"product","2":"type-product","3":"status-publish","5":"product_cat-tarih","6":"pa_cilt-ciltsiz","7":"pa_tur-kitap","8":"pa_yayinevi-telgrafhane-yayinlari","9":"pa_yazar-veysel-unuvar","11":"first","12":"instock","13":"sale","14":"shipping-taxable","15":"purchasable","16":"product-type-simple"},"_links":{"self":[{"href":"https:\/\/roveyayinevi.com.tr\/index.php\/wp-json\/wp\/v2\/product\/781324","targetHints":{"allow":["GET"]}}],"collection":[{"href":"https:\/\/roveyayinevi.com.tr\/index.php\/wp-json\/wp\/v2\/product"}],"about":[{"href":"https:\/\/roveyayinevi.com.tr\/index.php\/wp-json\/wp\/v2\/types\/product"}],"wp:attachment":[{"href":"https:\/\/roveyayinevi.com.tr\/index.php\/wp-json\/wp\/v2\/media?parent=781324"}],"wp:term":[{"taxonomy":"product_brand","embeddable":true,"href":"https:\/\/roveyayinevi.com.tr\/index.php\/wp-json\/wp\/v2\/product_brand?post=781324"},{"taxonomy":"product_cat","embeddable":true,"href":"https:\/\/roveyayinevi.com.tr\/index.php\/wp-json\/wp\/v2\/product_cat?post=781324"},{"taxonomy":"product_tag","embeddable":true,"href":"https:\/\/roveyayinevi.com.tr\/index.php\/wp-json\/wp\/v2\/product_tag?post=781324"}],"curies":[{"name":"wp","href":"https:\/\/api.w.org\/{rel}","templated":true}]}}