{"id":781307,"date":"2026-01-21T04:13:59","date_gmt":"2026-01-21T01:13:59","guid":{"rendered":"https:\/\/roveyayinevi.com.tr\/index.php\/urun\/iletisim-tarihi-3\/"},"modified":"2026-04-15T03:45:30","modified_gmt":"2026-04-15T00:45:30","slug":"iletisim-tarihi-3","status":"publish","type":"product","link":"https:\/\/roveyayinevi.com.tr\/index.php\/urun\/iletisim-tarihi-3\/","title":{"rendered":"\u0130leti\u015fim Tarihi"},"content":{"rendered":"<p>\u201c\u0130leti\u015fim, insanl\u0131k tarihinin en erken evrelerinden itibaren yaln\u0131zca s\u00f6zle de\u011fil; bedenle, imgeyle, nesneyle ve mek\u00e2nla kurulan girift bir ili\u015fki bi\u00e7imi olarak var olmu\u015ftur. Dr. Mehmet Altun bu \u00e7al\u0131\u015fmas\u0131nda ileti\u015fimi bug\u00fcn\u00fcn dar \u00e7er\u00e7evesinden \u00e7\u0131kararak, onu insan\u0131n varolu\u015f m\u00fccadelesiyle, toplumsal \u00f6rg\u00fctlenmesiyle ve k\u00fclt\u00fcrel belle\u011finin evrimiyle birlikte ele al\u0131yor. Yukar\u0131 Mezopotamya merkezli bu kapsaml\u0131 incelemede, Paleolitik\u2019ten \u00c7anak \u00c7\u00f6mleksiz Neolitik\u2019e uzanan uzun bir zaman diliminde, ileti\u015fimin nas\u0131l bir toplumsal kontrol mekanizmas\u0131na, bir haf\u0131za tekni\u011fine ve nihayetinde bir \u00f6rg\u00fctlenme a\u011f\u0131na d\u00f6n\u00fc\u015ft\u00fc\u011f\u00fc arkeolojik veriler \u0131\u015f\u0131\u011f\u0131nda tart\u0131\u015f\u0131l\u0131yor. Yazar\u0131n sundu\u011fu semboller, rit\u00fceller, mimari d\u00fczenlemeler, heykeller, hen\u00fcz tan\u0131mlayamad\u0131\u011f\u0131m\u0131z e\u015fyalar ve erken kay\u0131t teknikleri; bu co\u011frafyada ileti\u015fimin yaln\u0131zca bilgi aktar\u0131m\u0131 de\u011fil, ayn\u0131 zamanda iktidar\u0131n, hiyerar\u015finin ve k\u00fclt\u00fcrel s\u00fcreklili\u011fin temel bile\u015feni oldu\u011funu s\u00f6yl\u00fcyor. Dr. Altun, yaz\u0131n\u0131n icad\u0131n\u0131 mutlak bir ba\u015flang\u0131\u00e7 noktas\u0131 olarak kabul etmek yerine, yaz\u0131 \u00f6ncesi toplumlar\u0131n \u2018sessiz\u2019 olmad\u0131\u011f\u0131n\u0131; aksine maddi k\u00fclt\u00fcr arac\u0131l\u0131\u011f\u0131yla son derece yo\u011fun bir ileti\u015fim d\u00fcnyas\u0131 kurduklar\u0131n\u0131 savunuyor. Bu y\u00f6n\u00fcyle \u00e7al\u0131\u015fma, ileti\u015fim tarihine dair yerle\u015fik kabulleri sorgulayan, arkeoloji, antropoloji, sosyoloji ve k\u00fclt\u00fcrel tarih disiplinlerini bir araya getiren b\u00fct\u00fcnc\u00fcl bir yakla\u015f\u0131m\u0131 ortaya koyuyor. Yukar\u0131 Mezopotamya\u2019da eski\u00e7a\u011f ileti\u015fim pratiklerini referans alan bu eser; arkeologlar, ileti\u015fim tarih\u00e7ileri, sosyologlar ve antropologlar\u0131n yan\u0131 s\u0131ra insanl\u0131\u011f\u0131n en eski anlat\u0131lar\u0131n\u0131 anlamaya ilgi duyan t\u00fcm okurlar i\u00e7in kapsaml\u0131 bir rehber niteli\u011findedir.\u201d \u2014Prof. Dr. Erkan Konyar<\/p>\n","protected":false},"excerpt":{"rendered":"<p>\u201c\u0130leti\u015fim, insanl\u0131k tarihinin en erken evrelerinden itibaren yaln\u0131zca s\u00f6zle de\u011fil; bedenle, imgeyle, nesneyle ve mek\u00e2nla kurulan girift bir ili\u015fki bi\u00e7imi olarak var olmu\u015ftur. Dr. Mehmet Altun<span class=\"excerpt-hellip\"> [\u2026]<\/span><\/p>\n","protected":false},"featured_media":0,"template":"","meta":{"_monsterinsights_skip_tracking":false,"_monsterinsights_sitenote_active":false,"_monsterinsights_sitenote_note":"","_monsterinsights_sitenote_category":0},"product_brand":[],"product_cat":[12370,12304],"product_tag":[],"class_list":{"0":"post-781307","1":"product","2":"type-product","3":"status-publish","5":"product_cat-arastirma-inceleme","6":"product_cat-tarih","7":"pa_cilt-ciltsiz","8":"pa_tur-kitap","9":"pa_yayinevi-minotor-kitap","10":"pa_yazar-mehmet-altun","12":"first","13":"instock","14":"sale","15":"shipping-taxable","16":"purchasable","17":"product-type-simple"},"_links":{"self":[{"href":"https:\/\/roveyayinevi.com.tr\/index.php\/wp-json\/wp\/v2\/product\/781307","targetHints":{"allow":["GET"]}}],"collection":[{"href":"https:\/\/roveyayinevi.com.tr\/index.php\/wp-json\/wp\/v2\/product"}],"about":[{"href":"https:\/\/roveyayinevi.com.tr\/index.php\/wp-json\/wp\/v2\/types\/product"}],"wp:attachment":[{"href":"https:\/\/roveyayinevi.com.tr\/index.php\/wp-json\/wp\/v2\/media?parent=781307"}],"wp:term":[{"taxonomy":"product_brand","embeddable":true,"href":"https:\/\/roveyayinevi.com.tr\/index.php\/wp-json\/wp\/v2\/product_brand?post=781307"},{"taxonomy":"product_cat","embeddable":true,"href":"https:\/\/roveyayinevi.com.tr\/index.php\/wp-json\/wp\/v2\/product_cat?post=781307"},{"taxonomy":"product_tag","embeddable":true,"href":"https:\/\/roveyayinevi.com.tr\/index.php\/wp-json\/wp\/v2\/product_tag?post=781307"}],"curies":[{"name":"wp","href":"https:\/\/api.w.org\/{rel}","templated":true}]}}