{"id":781304,"date":"2026-01-21T04:13:50","date_gmt":"2026-01-21T01:13:50","guid":{"rendered":"https:\/\/roveyayinevi.com.tr\/index.php\/urun\/zihnin-yaratici-dogasi\/"},"modified":"2026-01-22T03:58:01","modified_gmt":"2026-01-22T00:58:01","slug":"zihnin-yaratici-dogasi","status":"publish","type":"product","link":"https:\/\/roveyayinevi.com.tr\/index.php\/urun\/zihnin-yaratici-dogasi\/","title":{"rendered":"Zihnin Yarat\u0131c\u0131 Do\u011fas\u0131"},"content":{"rendered":"<p>Zihnin s\u0131n\u0131rlar\u0131n\u0131 belirleyen \u015fey \u00e7o\u011fu zaman d\u0131\u015f d\u00fcnyan\u0131n sert ger\u00e7ekleri de\u011fil; kendi i\u00e7imizde ta\u015f\u0131d\u0131\u011f\u0131m\u0131z al\u0131\u015fkanl\u0131klar, korkular ve k\u00f6kl\u00fc inan\u00e7lard\u0131r. Zihnin Yarat\u0131c\u0131 Do\u011fas\u0131, tam da bu g\u00f6r\u00fcnmez s\u0131n\u0131rlar\u0131n \u00f6tesine ge\u00e7mek isteyen herkes i\u00e7in yaz\u0131lm\u0131\u015f, d\u00f6neminin \u00e7ok \u00f6tesinde bir eserdir.Thomas Troward, evrenin d\u00fczeniyle insan\u0131n bilincinin yarat\u0131c\u0131 kapasitesini ayn\u0131 d\u00fczlemde bulu\u015fturarak, d\u00fc\u015f\u00fcncenin nas\u0131l bir kuvvet oldu\u011funu \u015fa\u015f\u0131rt\u0131c\u0131 bir berrakl\u0131kla ortaya koyar. Bilimsel sezgi ile metafizik kavray\u0131\u015f\u0131 yan yana getiren yakla\u015f\u0131m\u0131, zihnin yaln\u0131zca pasif bir g\u00f6zlemci de\u011fil, ya\u015fam\u0131n ak\u0131\u015f\u0131na y\u00f6n verebilen etkin bir g\u00fc\u00e7 oldu\u011funu hat\u0131rlat\u0131r.   Bug\u00fcn\u00fcn h\u0131zl\u0131, da\u011f\u0131n\u0131k ve \u00e7o\u011fu zaman y\u00fczeysel ki\u015fisel geli\u015fim s\u00f6ylemleri aras\u0131nda Troward\u2019\u0131n metni modern okura sa\u011flam bir zemin sunuyor: d\u00fc\u015f\u00fcncenin yap\u0131s\u0131n\u0131, sezginin rol\u00fcn\u00fc, iradenin yarat\u0131c\u0131 etkisini ve zihnin evrensel yasalarla olan ba\u011f\u0131n\u0131 derinlikli ama eri\u015filebilir bir dille a\u00e7\u0131kl\u0131yor.   Bu kitap, okuru kendi ya\u015fam\u0131n\u0131n k\u0131y\u0131s\u0131nda tutan d\u00fc\u015f\u00fcnsel kal\u0131plar\u0131 \u00e7\u00f6zerken, ayn\u0131 zamanda zihnin nas\u0131l daha rafine, daha \u00f6zg\u00fcr ve daha yarat\u0131c\u0131 bir h\u00e2le gelebilece\u011fine dair g\u00fc\u00e7l\u00fc bir fark\u0131ndal\u0131k uyand\u0131r\u0131yor. B\u00fcy\u00fck ve \u015fa\u015faal\u0131 iddialarda bulunmak yerine, zihnin kendi \u0131\u015f\u0131\u011f\u0131yla nas\u0131l geni\u015fleyebilece\u011fini sakin ama etkili bir rehberlik sunuyor. Kendini yeniden kurmak, ya\u015fam\u0131n\u0131 bilin\u00e7li bir do\u011frultuya ta\u015f\u0131mak ve i\u00e7sel kaynaklar\u0131n\u0131 ke\u015ffetmek isteyen herkes bu sayfalarda hem derin bir d\u00fc\u015f\u00fcnsel izlek hem de ilham verici bir y\u00f6n bulacak.<\/p>\n","protected":false},"excerpt":{"rendered":"<p>Zihnin s\u0131n\u0131rlar\u0131n\u0131 belirleyen \u015fey \u00e7o\u011fu zaman d\u0131\u015f d\u00fcnyan\u0131n sert ger\u00e7ekleri de\u011fil; kendi i\u00e7imizde ta\u015f\u0131d\u0131\u011f\u0131m\u0131z al\u0131\u015fkanl\u0131klar, korkular ve k\u00f6kl\u00fc inan\u00e7lard\u0131r. Zihnin Yarat\u0131c\u0131 Do\u011fas\u0131, tam da bu g\u00f6r\u00fcnmez<span class=\"excerpt-hellip\"> [\u2026]<\/span><\/p>\n","protected":false},"featured_media":0,"template":"","meta":{"_monsterinsights_skip_tracking":false,"_monsterinsights_sitenote_active":false,"_monsterinsights_sitenote_note":"","_monsterinsights_sitenote_category":0},"product_brand":[],"product_cat":[12364,12376],"product_tag":[],"class_list":{"0":"post-781304","1":"product","2":"type-product","3":"status-publish","5":"product_cat-genel-konular","6":"product_cat-kisisel-gelisim","7":"pa_cilt-ciltsiz","8":"pa_tur-kitap","9":"pa_yayinevi-enso-kitap","10":"pa_yazar-thomas-troward","12":"first","13":"instock","14":"sale","15":"shipping-taxable","16":"purchasable","17":"product-type-simple"},"_links":{"self":[{"href":"https:\/\/roveyayinevi.com.tr\/index.php\/wp-json\/wp\/v2\/product\/781304","targetHints":{"allow":["GET"]}}],"collection":[{"href":"https:\/\/roveyayinevi.com.tr\/index.php\/wp-json\/wp\/v2\/product"}],"about":[{"href":"https:\/\/roveyayinevi.com.tr\/index.php\/wp-json\/wp\/v2\/types\/product"}],"wp:attachment":[{"href":"https:\/\/roveyayinevi.com.tr\/index.php\/wp-json\/wp\/v2\/media?parent=781304"}],"wp:term":[{"taxonomy":"product_brand","embeddable":true,"href":"https:\/\/roveyayinevi.com.tr\/index.php\/wp-json\/wp\/v2\/product_brand?post=781304"},{"taxonomy":"product_cat","embeddable":true,"href":"https:\/\/roveyayinevi.com.tr\/index.php\/wp-json\/wp\/v2\/product_cat?post=781304"},{"taxonomy":"product_tag","embeddable":true,"href":"https:\/\/roveyayinevi.com.tr\/index.php\/wp-json\/wp\/v2\/product_tag?post=781304"}],"curies":[{"name":"wp","href":"https:\/\/api.w.org\/{rel}","templated":true}]}}