{"id":781302,"date":"2026-01-21T04:13:41","date_gmt":"2026-01-21T01:13:41","guid":{"rendered":"https:\/\/roveyayinevi.com.tr\/index.php\/urun\/sehir-2\/"},"modified":"2026-04-15T03:44:54","modified_gmt":"2026-04-15T00:44:54","slug":"sehir-2","status":"publish","type":"product","link":"https:\/\/roveyayinevi.com.tr\/index.php\/urun\/sehir-2\/","title":{"rendered":"\u015eehir"},"content":{"rendered":"<p>Alman toplumbilimci Max Weber (1864-1920) mesleki geli\u015fiminin olgunluk d\u00f6neminde \u201cBir i\u00e7timai mevcudiyet ve idari vahdet olarak \u015fehir nedir?\u201d ve \u201cSiyasi ve iktisadi inki\u015faf\u0131 bak\u0131mdan tarih i\u00e7erisinde nas\u0131l bir seyir izlemi\u015ftir?\u201d sorular\u0131n\u0131n pe\u015fine d\u00fc\u015fer. Sormaya zorlayacak saikin sevk edici g\u00fcc\u00fc bak\u0131m\u0131ndan ayr\u0131 bir merak, cevab\u0131n\u0131 ararken kar\u015f\u0131la\u015f\u0131lanlar i\u00e7in ayr\u0131 bir \u015fa\u015fk\u0131nl\u0131k talep eden b\u00f6yle bir sorunun sorulmas\u0131 o g\u00fcnlerde az bir \u015fey de\u011fildi.  Ne var ki o bu soruyu insanlar\u0131n bir araya geldikleri ve tabii i\u00e7tima (koin\u00f4nia) te\u015fkili ile i\u00e7timai tarzda hareket ettikleri en temel seviyeye inip neticede ortaya \u00e7\u0131kan te\u015fekk\u00fcl veya te\u015fkilatlar\u0131 g\u00f6r\u00fcnce \u015fa\u015falayarak toptan \u015fehir i\u00e7in Greklerin sordu\u011fu: \u201cti estin: o nedir?\u201d sorusuna benzer tarzda sormaz. Zira onlar s\u0131rf ger\u00e7e\u011fin hat\u0131r\u0131na bu kadar geriye \u00e7ekilerek b\u00f6ylesine do\u011frudan sorduklar\u0131 sorunun zorlay\u0131c\u0131l\u0131\u011f\u0131na bu \u015fa\u015fk\u0131nl\u0131\u011f\u0131n haz\u0131rlad\u0131\u011f\u0131 a\u00e7\u0131kl\u0131\u011f\u0131 maruz b\u0131rakabiliyorlard\u0131. Pe\u015fine d\u00fc\u015ft\u00fckleri ger\u00e7e\u011fe o \u015fa\u015fk\u0131nl\u0131\u011f\u0131n do\u011furdu\u011fu a\u00e7\u0131kl\u0131kla maruz kal\u0131yor, ona o a\u00e7\u0131kl\u0131kla kendilerini haz\u0131rl\u0131yorlard\u0131. Yak\u0131n zamanlar\u0131n insan\u0131 i\u00e7in ne ger\u00e7e\u011fin b\u00f6yle bir hat\u0131r\u0131n\u0131n hatta ne de ger\u00e7ek diye bu derinlikte bir derdin oldu\u011funu biliyoruz. Fakat yine de onlara tarih i\u00e7erisinde takip ettikleri o seyir sayesinde ger\u00e7e\u011fin kimi cihetleri a\u00e7\u0131l\u0131yor ve bu kadar\u0131yla kendilerine k\u00e2h eskilerinin miras\u0131 k\u00e2h bakir topraklar \u00fczerinde ger\u00e7ekten bir \u015fehir te\u015fekk\u00fcl ediyordu. Ne bir \u015feyin esas\u0131na ve te\u015fekk\u00fcl\u00fcne inmeye cehdeden ne onun tarihi tekevv\u00fcn\u00fcn\u00fcn seyrini merak ve ald\u0131r\u0131\u015f eden bir millet olarak biz kurdu\u011fumuz s\u00f6zde \u015fehirlerle \u015fehir denen \u015feyin esas\u0131ndan ne kadar gafili oldu\u011fumuzu ele vermekle kalmad\u0131k meraks\u0131zl\u0131\u011f\u0131m\u0131z ve \u00e7o\u011fu zaman ona e\u015flik eden ald\u0131r\u0131\u015fs\u0131zl\u0131\u011f\u0131m\u0131z\u0131n eski \u015fehirlere yapt\u0131klar\u0131yla zihni sefaletimizi de c\u00fcmle \u00e2leme g\u00f6stermi\u015f olduk.<\/p>\n","protected":false},"excerpt":{"rendered":"<p>Alman toplumbilimci Max Weber (1864-1920) mesleki geli\u015fiminin olgunluk d\u00f6neminde \u201cBir i\u00e7timai mevcudiyet ve idari vahdet olarak \u015fehir nedir?\u201d ve \u201cSiyasi ve iktisadi inki\u015faf\u0131 bak\u0131mdan tarih i\u00e7erisinde<span class=\"excerpt-hellip\"> [\u2026]<\/span><\/p>\n","protected":false},"featured_media":0,"template":"","meta":{"_monsterinsights_skip_tracking":false,"_monsterinsights_sitenote_active":false,"_monsterinsights_sitenote_note":"","_monsterinsights_sitenote_category":0},"product_brand":[],"product_cat":[12325,12324],"product_tag":[],"class_list":{"0":"post-781302","1":"product","2":"type-product","3":"status-publish","5":"product_cat-diger-sosyoloji","6":"product_cat-sosyoloji","7":"pa_cilt-ciltsiz","8":"pa_tur-kitap","9":"pa_yayinevi-say-yayinlari","10":"pa_yazar-max-weber","12":"first","13":"instock","14":"sale","15":"shipping-taxable","16":"purchasable","17":"product-type-simple"},"_links":{"self":[{"href":"https:\/\/roveyayinevi.com.tr\/index.php\/wp-json\/wp\/v2\/product\/781302","targetHints":{"allow":["GET"]}}],"collection":[{"href":"https:\/\/roveyayinevi.com.tr\/index.php\/wp-json\/wp\/v2\/product"}],"about":[{"href":"https:\/\/roveyayinevi.com.tr\/index.php\/wp-json\/wp\/v2\/types\/product"}],"wp:attachment":[{"href":"https:\/\/roveyayinevi.com.tr\/index.php\/wp-json\/wp\/v2\/media?parent=781302"}],"wp:term":[{"taxonomy":"product_brand","embeddable":true,"href":"https:\/\/roveyayinevi.com.tr\/index.php\/wp-json\/wp\/v2\/product_brand?post=781302"},{"taxonomy":"product_cat","embeddable":true,"href":"https:\/\/roveyayinevi.com.tr\/index.php\/wp-json\/wp\/v2\/product_cat?post=781302"},{"taxonomy":"product_tag","embeddable":true,"href":"https:\/\/roveyayinevi.com.tr\/index.php\/wp-json\/wp\/v2\/product_tag?post=781302"}],"curies":[{"name":"wp","href":"https:\/\/api.w.org\/{rel}","templated":true}]}}