{"id":781293,"date":"2026-01-21T01:59:27","date_gmt":"2026-01-20T22:59:27","guid":{"rendered":"https:\/\/roveyayinevi.com.tr\/index.php\/urun\/darbe-hawaiiden-iraka-amerikanin-rejim-degisiklikleri-yuzyili\/"},"modified":"2026-04-16T01:58:46","modified_gmt":"2026-04-15T22:58:46","slug":"darbe-hawaiiden-iraka-amerikanin-rejim-degisiklikleri-yuzyili","status":"publish","type":"product","link":"https:\/\/roveyayinevi.com.tr\/index.php\/urun\/darbe-hawaiiden-iraka-amerikanin-rejim-degisiklikleri-yuzyili\/","title":{"rendered":"Darbe: Hawaii&#8217;den Irak&#8217;a Amerika&#8217;n\u0131n Rejim De\u011fi\u015fiklikleri Y\u00fczy\u0131l\u0131"},"content":{"rendered":"<p>Rejim de\u011fi\u015fikli\u011fi George W. Bush\u2019la ba\u015flamad\u0131. Y\u00fcz y\u0131l\u0131 a\u015fk\u0131n bir s\u00fcredir Amerikan d\u0131\u015f politikas\u0131n\u0131n ayr\u0131lmaz par\u00e7as\u0131 oldu. Hawaii monar\u015fisinin 1893\u2019te ala\u015fa\u011f\u0131 edilmesinin ard\u0131ndan, t\u00fcm 20. y\u00fczy\u0131l boyunca devam edip g\u00fcn\u00fcm\u00fcze kadar geldi. Amerika Birle\u015fik Devletleri, kendi politik ve ekonomik hedeflerine engel olan h\u00fck\u00fcmetleri hi\u00e7 teredd\u00fct etmeden devirdi. 2003 Irak istilas\u0131 en sonuncusu ama Amerika\u2019n\u0131n bu t\u00fcr operasyonlar\u0131n\u0131n sonu de\u011fil. Darbe\u2019de Stephen Kinzer krallar\u0131, ba\u015fkanlar\u0131, ba\u015fbakanlar\u0131 iktidardan devirmeyi kendine vazife edinen c\u00fcretk\u00e2r politikac\u0131lar\u0131n, k\u00fcstah ajanlar\u0131n, atak komutanlar\u0131n ve ars\u0131z i\u015f adamlar\u0131n\u0131n hik\u00e2yesini anlat\u0131yor. Amerika\u2019n\u0131n uzun rejim de\u011fi\u015fikli\u011fi \u00e7a\u011f\u0131 Hawaii\u2019de ba\u015flay\u0131p K\u00fcba, Porto Riko ve Filipinler\u2019in Amerikan idaresine ge\u00e7mesi ile sonu\u00e7lanan \u0130spanyol-Amerikan Sava\u015f\u0131\u2019yla h\u0131zland\u0131. Amerika, ard\u0131ndan Nikaragua ve Honduras ba\u015fkanlar\u0131n\u0131n iktidardan devrildi\u011fi darbeleri haz\u0131rlad\u0131 ve y\u00f6netti. Daha sonra ba\u015flayan So\u011fuk Sava\u015f hesapla\u015fmas\u0131, Amerika\u2019n\u0131n t\u00fcm d\u00fcnya olaylar\u0131na Sovyetler Birli\u011fi ile rekabet g\u00f6zl\u00fc\u011f\u00fcnden bakmas\u0131na sebep oldu. Bu d\u00f6nemde, G\u00fcney Vietnam ba\u015fkan\u0131n\u0131n katledilmesiyle, \u0130ran, Guatemala ve \u015eili\u2019deki demokratik y\u00f6netimlerin iktidardan d\u00fc\u015f\u00fcr\u00fclmeleriyle sonu\u00e7lanan \u00f6rt\u00fcl\u00fc operasyonlar d\u00fczenledi. Son y\u0131llarda, Grenada, Panama, Afganistan ve Irak\u2019ta oldu\u011fu gibi istila hareketleri rejim de\u011fi\u015fikliklerinin temel arac\u0131 haline geldi. Stephen Kinzer Darbe\u2019de t\u00fcm bunlar\u0131 \u00e7arp\u0131c\u0131 bir anlat\u0131mla naklediyor. <\/p>\n","protected":false},"excerpt":{"rendered":"<p>Rejim de\u011fi\u015fikli\u011fi George W. Bush\u2019la ba\u015flamad\u0131. Y\u00fcz y\u0131l\u0131 a\u015fk\u0131n bir s\u00fcredir Amerikan d\u0131\u015f politikas\u0131n\u0131n ayr\u0131lmaz par\u00e7as\u0131 oldu. Hawaii monar\u015fisinin 1893\u2019te ala\u015fa\u011f\u0131 edilmesinin ard\u0131ndan, t\u00fcm 20. y\u00fczy\u0131l<span class=\"excerpt-hellip\"> [\u2026]<\/span><\/p>\n","protected":false},"featured_media":0,"template":"","meta":{"_monsterinsights_skip_tracking":false,"_monsterinsights_sitenote_active":false,"_monsterinsights_sitenote_note":"","_monsterinsights_sitenote_category":0},"product_brand":[],"product_cat":[12337,14706],"product_tag":[],"class_list":{"0":"post-781293","1":"product","2":"type-product","3":"status-publish","5":"product_cat-politika-siyaset","6":"product_cat-siyaset-bilimi","7":"pa_cilt-ciltsiz","8":"pa_tur-kitap","9":"pa_yayinevi-iletisim-yayinlari","10":"pa_yazar-stephen-kinzer","12":"first","13":"instock","14":"sale","15":"shipping-taxable","16":"purchasable","17":"product-type-simple"},"_links":{"self":[{"href":"https:\/\/roveyayinevi.com.tr\/index.php\/wp-json\/wp\/v2\/product\/781293","targetHints":{"allow":["GET"]}}],"collection":[{"href":"https:\/\/roveyayinevi.com.tr\/index.php\/wp-json\/wp\/v2\/product"}],"about":[{"href":"https:\/\/roveyayinevi.com.tr\/index.php\/wp-json\/wp\/v2\/types\/product"}],"wp:attachment":[{"href":"https:\/\/roveyayinevi.com.tr\/index.php\/wp-json\/wp\/v2\/media?parent=781293"}],"wp:term":[{"taxonomy":"product_brand","embeddable":true,"href":"https:\/\/roveyayinevi.com.tr\/index.php\/wp-json\/wp\/v2\/product_brand?post=781293"},{"taxonomy":"product_cat","embeddable":true,"href":"https:\/\/roveyayinevi.com.tr\/index.php\/wp-json\/wp\/v2\/product_cat?post=781293"},{"taxonomy":"product_tag","embeddable":true,"href":"https:\/\/roveyayinevi.com.tr\/index.php\/wp-json\/wp\/v2\/product_tag?post=781293"}],"curies":[{"name":"wp","href":"https:\/\/api.w.org\/{rel}","templated":true}]}}