{"id":781275,"date":"2026-01-20T04:43:39","date_gmt":"2026-01-20T01:43:39","guid":{"rendered":"https:\/\/roveyayinevi.com.tr\/index.php\/urun\/ramazan-hediyem-kutusu\/"},"modified":"2026-04-15T03:45:58","modified_gmt":"2026-04-15T00:45:58","slug":"ramazan-hediyem-kutusu","status":"publish","type":"product","link":"https:\/\/roveyayinevi.com.tr\/index.php\/urun\/ramazan-hediyem-kutusu\/","title":{"rendered":"Ramazan Hediyem Kutusu"},"content":{"rendered":"<p>Var m\u0131s\u0131n\u0131z bu Ramazan\u2019\u0131 \u00e7ocuklarla ne\u015fe i\u00e7inde ya\u015famaya\u2026  Ramazan Hediyem, minik kalplere bu m\u00fcbarek ay\u0131n heyecan\u0131n\u0131 ve sevincini doyas\u0131ya ya\u015fatmak i\u00e7in tasarland\u0131!  Etkinlik kitab\u0131, Ramazan g\u00fcnl\u00fc\u011f\u00fc, renkli s\u00fcsler, e\u011flenceli oyunlar, etkinlik takvimi, tekne orucu takvimi ve daha bir\u00e7ok \u00fcr\u00fcnle dopdolu. Bu \u00f6zel kutu, \u00e7ocuklar\u0131 hem e\u011flendiriyor hem de Ramazan\u2019\u0131n manevi atmosferiyle bulu\u015fturuyor. Her g\u00fcn yeni bir ke\u015fif, her an yepyeni bir heyecan!<\/p>\n","protected":false},"excerpt":{"rendered":"<p>Var m\u0131s\u0131n\u0131z bu Ramazan\u2019\u0131 \u00e7ocuklarla ne\u015fe i\u00e7inde ya\u015famaya\u2026 Ramazan Hediyem, minik kalplere bu m\u00fcbarek ay\u0131n heyecan\u0131n\u0131 ve sevincini doyas\u0131ya ya\u015fatmak i\u00e7in tasarland\u0131! Etkinlik kitab\u0131, Ramazan g\u00fcnl\u00fc\u011f\u00fc,<span class=\"excerpt-hellip\"> [\u2026]<\/span><\/p>\n","protected":false},"featured_media":0,"template":"","meta":{"_monsterinsights_skip_tracking":false,"_monsterinsights_sitenote_active":false,"_monsterinsights_sitenote_note":"","_monsterinsights_sitenote_category":0},"product_brand":[],"product_cat":[12274,15842],"product_tag":[],"class_list":{"0":"post-781275","1":"product","2":"type-product","3":"status-publish","5":"product_cat-cocuk-ve-genclik-kitaplari","6":"product_cat-egitici-kitaplar","7":"pa_cilt-ciltsiz","8":"pa_tur-kitap","9":"pa_yayinevi-gulce-kitap","10":"pa_yazar-merve-yalcin-ufuk-yalcin","12":"first","13":"instock","14":"sale","15":"shipping-taxable","16":"purchasable","17":"product-type-simple"},"_links":{"self":[{"href":"https:\/\/roveyayinevi.com.tr\/index.php\/wp-json\/wp\/v2\/product\/781275","targetHints":{"allow":["GET"]}}],"collection":[{"href":"https:\/\/roveyayinevi.com.tr\/index.php\/wp-json\/wp\/v2\/product"}],"about":[{"href":"https:\/\/roveyayinevi.com.tr\/index.php\/wp-json\/wp\/v2\/types\/product"}],"wp:attachment":[{"href":"https:\/\/roveyayinevi.com.tr\/index.php\/wp-json\/wp\/v2\/media?parent=781275"}],"wp:term":[{"taxonomy":"product_brand","embeddable":true,"href":"https:\/\/roveyayinevi.com.tr\/index.php\/wp-json\/wp\/v2\/product_brand?post=781275"},{"taxonomy":"product_cat","embeddable":true,"href":"https:\/\/roveyayinevi.com.tr\/index.php\/wp-json\/wp\/v2\/product_cat?post=781275"},{"taxonomy":"product_tag","embeddable":true,"href":"https:\/\/roveyayinevi.com.tr\/index.php\/wp-json\/wp\/v2\/product_tag?post=781275"}],"curies":[{"name":"wp","href":"https:\/\/api.w.org\/{rel}","templated":true}]}}