{"id":781270,"date":"2026-01-20T04:43:33","date_gmt":"2026-01-20T01:43:33","guid":{"rendered":"https:\/\/roveyayinevi.com.tr\/index.php\/urun\/visconti\/"},"modified":"2026-01-22T03:59:27","modified_gmt":"2026-01-22T00:59:27","slug":"visconti","status":"publish","type":"product","link":"https:\/\/roveyayinevi.com.tr\/index.php\/urun\/visconti\/","title":{"rendered":"Visconti"},"content":{"rendered":"<p>Elinizdeki \u00e7al\u0131\u015fmada Prof. Dr. Henry Bacon, \u00fcnl\u00fc y\u00f6netmen Visconti&#8217;nin t\u00fcm filmlerini, \u00e7evrildikleri d\u00f6neme hakim olan k\u00fclt\u00fcrel, tarihsel ve biyografik ba\u011flamlar \u00e7er\u00e7evesinde incelemektedir.Visconti&#8217;nin g\u00fc\u00e7l\u00fc g\u00f6rselli\u011fi, yaz\u0131nsal bir eseri g\u00f6r\u00fcnt\u00fclerle anlatabilmedeki \u00fcst\u00fcn becerisi, ele ald\u0131\u011f\u0131 karakterleri belirli bir d\u00f6nem i\u00e7inde, do\u011fal geli\u015fimleriyle birlikte sunmas\u0131 ve daha bir\u00e7ok \u00f6zelli\u011fini \u00e7al\u0131\u015fmas\u0131n\u0131n merkezine alan bu yap\u0131t, Visconti&#8217;yi on dokuzuncu y\u00fczy\u0131l roman ve opera anlat\u0131m geleneklerinin yirminci y\u00fczy\u0131ldaki miras\u00e7\u0131s\u0131 ve bu anlat\u0131m t\u00fcrlerinin yenilik\u00e7isi olarak sunmaktad\u0131r.Y\u00f6netmenin her bir \u00e7al\u0131\u015fmas\u0131n\u0131n b\u00fcy\u00fck bir \u00f6zen ve incelikle i\u015flendi\u011fi bu inceleme, y\u00f6netmenin ya\u015fam, sanat ve g\u00fczellik i\u00e7in besledi\u011fi yo\u011fun duygularla, \u00f6l\u00fcm ve \u00e7\u00fcr\u00fcme kar\u015f\u0131s\u0131nda duydu\u011fu hayal k\u0131r\u0131kl\u0131\u011f\u0131 ve ac\u0131 verici fark\u0131ndal\u0131k aras\u0131ndaki iki oyunu g\u00f6zler \u00f6n\u00fcne sererken y\u00f6netmenle eserleri aras\u0131ndaki organik ba\u011f\u0131 da a\u00e7\u0131mlamaktad\u0131r.<\/p>\n","protected":false},"excerpt":{"rendered":"<p>Elinizdeki \u00e7al\u0131\u015fmada Prof. Dr. Henry Bacon, \u00fcnl\u00fc y\u00f6netmen Visconti&#8217;nin t\u00fcm filmlerini, \u00e7evrildikleri d\u00f6neme hakim olan k\u00fclt\u00fcrel, tarihsel ve biyografik ba\u011flamlar \u00e7er\u00e7evesinde incelemektedir.Visconti&#8217;nin g\u00fc\u00e7l\u00fc g\u00f6rselli\u011fi, yaz\u0131nsal bir<span class=\"excerpt-hellip\"> [\u2026]<\/span><\/p>\n","protected":false},"featured_media":0,"template":"","meta":{"_monsterinsights_skip_tracking":false,"_monsterinsights_sitenote_active":false,"_monsterinsights_sitenote_note":"","_monsterinsights_sitenote_category":0},"product_brand":[],"product_cat":[12408],"product_tag":[],"class_list":{"0":"post-781270","1":"product","2":"type-product","3":"status-publish","5":"product_cat-sanat","6":"pa_cilt-ciltsiz","7":"pa_tur-kitap","8":"pa_yayinevi-payel-yayinlari","9":"pa_yazar-henry-bacon","11":"first","12":"instock","13":"sale","14":"shipping-taxable","15":"purchasable","16":"product-type-simple"},"_links":{"self":[{"href":"https:\/\/roveyayinevi.com.tr\/index.php\/wp-json\/wp\/v2\/product\/781270","targetHints":{"allow":["GET"]}}],"collection":[{"href":"https:\/\/roveyayinevi.com.tr\/index.php\/wp-json\/wp\/v2\/product"}],"about":[{"href":"https:\/\/roveyayinevi.com.tr\/index.php\/wp-json\/wp\/v2\/types\/product"}],"wp:attachment":[{"href":"https:\/\/roveyayinevi.com.tr\/index.php\/wp-json\/wp\/v2\/media?parent=781270"}],"wp:term":[{"taxonomy":"product_brand","embeddable":true,"href":"https:\/\/roveyayinevi.com.tr\/index.php\/wp-json\/wp\/v2\/product_brand?post=781270"},{"taxonomy":"product_cat","embeddable":true,"href":"https:\/\/roveyayinevi.com.tr\/index.php\/wp-json\/wp\/v2\/product_cat?post=781270"},{"taxonomy":"product_tag","embeddable":true,"href":"https:\/\/roveyayinevi.com.tr\/index.php\/wp-json\/wp\/v2\/product_tag?post=781270"}],"curies":[{"name":"wp","href":"https:\/\/api.w.org\/{rel}","templated":true}]}}