{"id":781250,"date":"2026-01-20T04:42:54","date_gmt":"2026-01-20T01:42:54","guid":{"rendered":"https:\/\/roveyayinevi.com.tr\/index.php\/urun\/estetik-2-guzel-sanat-uzerine-dersler\/"},"modified":"2026-01-22T03:59:26","modified_gmt":"2026-01-22T00:59:26","slug":"estetik-2-guzel-sanat-uzerine-dersler","status":"publish","type":"product","link":"https:\/\/roveyayinevi.com.tr\/index.php\/urun\/estetik-2-guzel-sanat-uzerine-dersler\/","title":{"rendered":"Estetik &#8211; 2 : G\u00fczel Sanat \u00dczerine Dersler"},"content":{"rendered":"<p>Hegel felsefesinin temelini olu\u015fturan ana konulardan biri de estetiktir. Hegel&#8217;e g\u00f6re estetik, g\u00fczel sanatlar felsefesi ya da bilimidir ve \u00fc\u00e7 ana b\u00f6l\u00fcme ayr\u0131l\u0131r: a) sanatta ideal olan\u0131n incelenmesi, b) simgesel sanat, klasik sanat, romantik sanat, c) sanat alanlar\u0131 olarak da yontu, resim, m\u00fczik, \u015fiir ve mimarl\u0131k. Hegel&#8217;e g\u00f6re insan\u0131n bir gereksinmesi olarak ortaya \u00e7\u0131kan sanat, tinselin ve duygusal\u0131n uzla\u015fmas\u0131ndan do\u011fan uyumdur. Sanata olan bu gereksinmeyi do\u011furan da insan\u0131n d\u00fc\u015f\u00fcnen bir bilin\u00e7 olmas\u0131d\u0131r. Burada da idenin geli\u015fimi s\u00f6z konusudur, \u00e7\u00fcnk\u00fc idenin d\u0131\u015f\u0131nda bir sanat varl\u0131\u011f\u0131 d\u00fc\u015f\u00fcnme olana\u011f\u0131 yoktur. Duyusal bir tasar\u0131m olan sanat\u0131n belirleyici \u00f6zelliklerinden biri g\u00fczelliktir. G\u00fczellik ise ger\u00e7e\u011fin kendisidir. Sanat, ger\u00e7e\u011fi duygusal bir bi\u00e7im i\u00e7inde bilince g\u00f6sterir. Bu duygusal g\u00f6stermenin ya da g\u00f6r\u00fcn\u00fc\u015f\u00fcn olduk\u00e7a derin bir anlam\u0131 vard\u0131r, o da en \u00fcst\u00fcn yetkinli\u011fe ula\u015fmay\u0131 erek edinmedir.Hegel&#8217;in bu b\u00fcy\u00fck yap\u0131t\u0131 d\u00f6rt cilt olarak ve tam metin halinde yay\u0131mlanacak. Birinci cilt, Estetik&#8217;in Hegel&#8217;in genel felsef\u00ee sisteminin \u00f6teki kurucu bile\u015fenleriyle ba\u011f\u0131nt\u0131lar\u0131n\u0131 ortaya koymakta ve b\u00f6ylelikle b\u00fct\u00fcn metnin kurulu\u015f \u00e7at\u0131s\u0131n\u0131 veren teorik \u00e7er\u00e7eveyi de \u00e7izmektedir. \u0130kinci cilt, tikel sanat bi\u00e7imlerinin, yani simgesel sanat, klasik sanat ve romantik sanat bi\u00e7imlerinin irdelenmesine ayr\u0131lm\u0131\u015ft\u0131r. \u00dc\u00e7\u00fcnc\u00fc ve d\u00f6rd\u00fcnc\u00fc ciltlerde ise, tek tek sanatlar sistemi, yani yontu, resim, m\u00fczik, \u015fiir ve mimarl\u0131k ele al\u0131nmaktad\u0131r.<\/p>\n","protected":false},"excerpt":{"rendered":"<p>Hegel felsefesinin temelini olu\u015fturan ana konulardan biri de estetiktir. Hegel&#8217;e g\u00f6re estetik, g\u00fczel sanatlar felsefesi ya da bilimidir ve \u00fc\u00e7 ana b\u00f6l\u00fcme ayr\u0131l\u0131r: a) sanatta ideal<span class=\"excerpt-hellip\"> [\u2026]<\/span><\/p>\n","protected":false},"featured_media":0,"template":"","meta":{"_monsterinsights_skip_tracking":false,"_monsterinsights_sitenote_active":false,"_monsterinsights_sitenote_note":"","_monsterinsights_sitenote_category":0},"product_brand":[],"product_cat":[12388],"product_tag":[],"class_list":{"0":"post-781250","1":"product","2":"type-product","3":"status-publish","5":"product_cat-felsefe","6":"pa_cilt-ciltsiz","7":"pa_tur-kitap","8":"pa_yayinevi-payel-yayinlari","9":"pa_yazar-georg-wilhelm-friedrich-hegel","11":"first","12":"instock","13":"sale","14":"shipping-taxable","15":"purchasable","16":"product-type-simple"},"_links":{"self":[{"href":"https:\/\/roveyayinevi.com.tr\/index.php\/wp-json\/wp\/v2\/product\/781250","targetHints":{"allow":["GET"]}}],"collection":[{"href":"https:\/\/roveyayinevi.com.tr\/index.php\/wp-json\/wp\/v2\/product"}],"about":[{"href":"https:\/\/roveyayinevi.com.tr\/index.php\/wp-json\/wp\/v2\/types\/product"}],"wp:attachment":[{"href":"https:\/\/roveyayinevi.com.tr\/index.php\/wp-json\/wp\/v2\/media?parent=781250"}],"wp:term":[{"taxonomy":"product_brand","embeddable":true,"href":"https:\/\/roveyayinevi.com.tr\/index.php\/wp-json\/wp\/v2\/product_brand?post=781250"},{"taxonomy":"product_cat","embeddable":true,"href":"https:\/\/roveyayinevi.com.tr\/index.php\/wp-json\/wp\/v2\/product_cat?post=781250"},{"taxonomy":"product_tag","embeddable":true,"href":"https:\/\/roveyayinevi.com.tr\/index.php\/wp-json\/wp\/v2\/product_tag?post=781250"}],"curies":[{"name":"wp","href":"https:\/\/api.w.org\/{rel}","templated":true}]}}