{"id":781241,"date":"2026-01-20T04:42:41","date_gmt":"2026-01-20T01:42:41","guid":{"rendered":"https:\/\/roveyayinevi.com.tr\/index.php\/urun\/1871-paris-komunu\/"},"modified":"2026-01-22T03:59:26","modified_gmt":"2026-01-22T00:59:26","slug":"1871-paris-komunu","status":"publish","type":"product","link":"https:\/\/roveyayinevi.com.tr\/index.php\/urun\/1871-paris-komunu\/","title":{"rendered":"1871 Paris Kom\u00fcn\u00fc"},"content":{"rendered":"<p>Lissagaray bu yap\u0131tta Kom\u00fcn&#8217;\u00fcn toplumsal, proleter, ulusal ve uluslararas\u0131 y\u00f6nlerini a\u00e7\u0131k\u00e7a dile getiriyor. Farkl\u0131l\u0131klar\u0131n ve m\u00fccadelenin r\u00fczg\u00e2r\u0131nda \u00e7ok erken, belki vakitsiz ekilmi\u015f ama son derece anlaml\u0131 giri\u015fim tohumlar\u0131n\u0131 toplumsal bir d\u00fczleme ele al\u0131yor. G\u00fc\u00e7l\u00fc bir iradenin \u00fcr\u00fcn\u00fc olarak yeni bir demokrasi bi\u00e7iminin ortaya \u00e7\u0131k\u0131\u015f\u0131n\u0131 proleter bak\u0131\u015f a\u00e7\u0131s\u0131yla g\u00f6zler \u00f6n\u00fcne seriyor. Bir d\u00f6nemin sonu, yeni bir \u00e7a\u011f\u0131n ba\u015flang\u0131c\u0131 denebilir mi Kom\u00fcn i\u00e7in? Kom\u00fcn elbette ge\u00e7mi\u015fin izlerini ta\u015f\u0131maktad\u0131r ancak kesinlikle proleterya d\u00fcnyas\u0131nda do\u011fmakta, olu\u015fmakta olan bir geli\u015fimni sekteye u\u011fratm\u0131\u015f de\u011fildir. Yenilgiye ra\u011fmen, Karl Max&#8217;\u0131n deyimiyle &#8220;1871 y\u0131l\u0131n\u0131n, i\u015f\u00e7ilerinin Paris&#8217;i, Kom\u00fcn&#8217;\u00fcn Paris&#8217;i, her zaman i\u00e7in yeni bir toplumun \u00f6nc\u00fcs\u00fc olarak an\u0131lacakt\u0131r. &#8221; Kom\u00fcn&#8217;\u00fcn en \u00f6nemli kahramanlar\u0131ndan Louise Michel, 1898 y\u0131l\u0131nda kaleme ald\u0131\u011f\u0131 an\u0131lar\u0131nda Kom\u00fcn hakk\u0131nda \u015f\u00f6yle der: &#8220;Kom\u00fcn, toplumlar\u0131n gidi\u015fat\u0131n\u0131 de\u011fi\u015fterecek g\u00fc\u00e7te bir d\u00f6neme imza atm\u0131\u015ft\u0131r. Son saatlerini ya\u015fayan eski d\u00fcnyan\u0131n y\u0131k\u0131nt\u0131lar\u0131 \u00fczerine do\u011fan yepyeni bir d\u00fcnyad\u0131r. Kom\u00fcn son derece vah\u015fi ve kanl\u0131 bir yenilgiye sahne olmu\u015f olabilir, ancak top veya t\u00fcfek ate\u015fiyle bir fikri \u00f6ld\u00fcrmek m\u00fcmk\u00fcn de\u011fildir. Eski d\u00fcnyan\u0131n sonu, ger\u00e7ekli\u011fin g\u00f6sterdi\u011finden bile daha h\u0131zl\u0131 bir \u015fekilde yakla\u015fmaktad\u0131r. \u0130\u00e7inde ya\u015fad\u0131\u011f\u0131m\u0131z ger\u00e7eklikle toplumu ezen, kalabal\u0131klar\u0131 \u00e7i\u011fneyen bask\u0131 ne kadar g\u00fc\u00e7l\u00fc olursa, bu bask\u0131dan kurtulma azruzu da o kadar b\u00fcy\u00fck olacakt\u0131r. Kom\u00fcn&#8217;den \u00f6nce \u00f6zg\u00fcrl\u00fck i\u00e7in yap\u0131lan sava\u015flardan, m\u00fccadelelerden bahsetmeyi severdik, art\u0131k i\u00e7inde bulundu\u011fumuz d\u00f6nemde, yeni bir tohumun ye\u015fermesini beklerken, Kom\u00fcn g\u00fcnlerinden ve Kom\u00fcn m\u00fccelesinden bahsedece\u011fiz. Kahramanlar\u0131n zaman\u0131 gelmi\u015ftir; ilkbaharda topla\u015fan ar\u0131lar gibi, art\u0131k kalabal\u0131klar bir araya gelmektedir; halk ozanlar\u0131n\u0131n dilinde yeni bir efsane anlat\u0131l\u0131yor: May\u0131s hayaletinin s\u00f6z alaca\u011f\u0131 d\u00f6nem art\u0131k \u00e7ok yak\u0131n.<\/p>\n","protected":false},"excerpt":{"rendered":"<p>Lissagaray bu yap\u0131tta Kom\u00fcn&#8217;\u00fcn toplumsal, proleter, ulusal ve uluslararas\u0131 y\u00f6nlerini a\u00e7\u0131k\u00e7a dile getiriyor. Farkl\u0131l\u0131klar\u0131n ve m\u00fccadelenin r\u00fczg\u00e2r\u0131nda \u00e7ok erken, belki vakitsiz ekilmi\u015f ama son derece anlaml\u0131<span class=\"excerpt-hellip\"> [\u2026]<\/span><\/p>\n","protected":false},"featured_media":0,"template":"","meta":{"_monsterinsights_skip_tracking":false,"_monsterinsights_sitenote_active":false,"_monsterinsights_sitenote_note":"","_monsterinsights_sitenote_category":0},"product_brand":[],"product_cat":[141304],"product_tag":[],"class_list":{"0":"post-781241","1":"product","2":"type-product","3":"status-publish","5":"product_cat-yeni-cikanlar","6":"pa_cilt-ciltsiz","7":"pa_tur-kitap","8":"pa_yayinevi-payel-yayinlari","9":"pa_yazar-prosper-olivier-lissagaray","11":"first","12":"instock","13":"sale","14":"shipping-taxable","15":"purchasable","16":"product-type-simple"},"_links":{"self":[{"href":"https:\/\/roveyayinevi.com.tr\/index.php\/wp-json\/wp\/v2\/product\/781241","targetHints":{"allow":["GET"]}}],"collection":[{"href":"https:\/\/roveyayinevi.com.tr\/index.php\/wp-json\/wp\/v2\/product"}],"about":[{"href":"https:\/\/roveyayinevi.com.tr\/index.php\/wp-json\/wp\/v2\/types\/product"}],"wp:attachment":[{"href":"https:\/\/roveyayinevi.com.tr\/index.php\/wp-json\/wp\/v2\/media?parent=781241"}],"wp:term":[{"taxonomy":"product_brand","embeddable":true,"href":"https:\/\/roveyayinevi.com.tr\/index.php\/wp-json\/wp\/v2\/product_brand?post=781241"},{"taxonomy":"product_cat","embeddable":true,"href":"https:\/\/roveyayinevi.com.tr\/index.php\/wp-json\/wp\/v2\/product_cat?post=781241"},{"taxonomy":"product_tag","embeddable":true,"href":"https:\/\/roveyayinevi.com.tr\/index.php\/wp-json\/wp\/v2\/product_tag?post=781241"}],"curies":[{"name":"wp","href":"https:\/\/api.w.org\/{rel}","templated":true}]}}