{"id":781239,"date":"2026-01-20T04:42:39","date_gmt":"2026-01-20T01:42:39","guid":{"rendered":"https:\/\/roveyayinevi.com.tr\/index.php\/urun\/kontrbas-metodu\/"},"modified":"2026-04-15T03:45:37","modified_gmt":"2026-04-15T00:45:37","slug":"kontrbas-metodu","status":"publish","type":"product","link":"https:\/\/roveyayinevi.com.tr\/index.php\/urun\/kontrbas-metodu\/","title":{"rendered":"Kontrbas Metodu"},"content":{"rendered":"<p>Bu metodun haz\u0131rlanma s\u00fcrecindeki de\u011ferli katk\u0131lar\u0131 nedeniyle Bilkent Senfoni Orkestras\u0131 kontrbas sanat\u00e7\u0131s\u0131 ve de\u011ferli hocam Burak Noyan\u2019a en i\u00e7ten \u015f\u00fckranlar\u0131m\u0131 sunar\u0131m. \u00c7al\u0131\u015fman\u0131n her a\u015famas\u0131nda bilgi ve birikimiyle bana yol g\u00f6stermi\u015f, kontrbas \u00e7alg\u0131s\u0131n\u0131n evrensel ve vazge\u00e7ilmez de\u011ferini her zaman destekleyerek bu metodun geli\u015fimine \u00f6nemli \u00f6l\u00e7\u00fcde katk\u0131 sa\u011flam\u0131\u015ft\u0131r. Ayr\u0131ca, Ankara M\u00fczik ve G\u00fczel Sanatlar \u00dcniversitesi MSSF \u00f6\u011fretim \u00fcyesi Do\u00e7. Dr. Serkan Demirel hocama, haz\u0131rl\u0131k s\u00fcreci boyunca sundu\u011fu k\u0131ymetli katk\u0131lar ve akademik rehberli\u011fi i\u00e7in sonsuz te\u015fekk\u00fcrlerimi sunar\u0131m\u2026<\/p>\n","protected":false},"excerpt":{"rendered":"<p>Bu metodun haz\u0131rlanma s\u00fcrecindeki de\u011ferli katk\u0131lar\u0131 nedeniyle Bilkent Senfoni Orkestras\u0131 kontrbas sanat\u00e7\u0131s\u0131 ve de\u011ferli hocam Burak Noyan\u2019a en i\u00e7ten \u015f\u00fckranlar\u0131m\u0131 sunar\u0131m. \u00c7al\u0131\u015fman\u0131n her a\u015famas\u0131nda bilgi ve<span class=\"excerpt-hellip\"> [\u2026]<\/span><\/p>\n","protected":false},"featured_media":0,"template":"","meta":{"_monsterinsights_skip_tracking":false,"_monsterinsights_sitenote_active":false,"_monsterinsights_sitenote_note":"","_monsterinsights_sitenote_category":0},"product_brand":[],"product_cat":[14556,20810],"product_tag":[],"class_list":{"0":"post-781239","1":"product","2":"type-product","3":"status-publish","5":"product_cat-muzik","6":"product_cat-ogrenim-kitaplari","7":"pa_cilt-ciltsiz","8":"pa_tur-kitap","9":"pa_yayinevi-soncag-akademik-kitaplar","10":"pa_yazar-ersan-yurek","12":"first","13":"instock","14":"sale","15":"shipping-taxable","16":"purchasable","17":"product-type-simple"},"_links":{"self":[{"href":"https:\/\/roveyayinevi.com.tr\/index.php\/wp-json\/wp\/v2\/product\/781239","targetHints":{"allow":["GET"]}}],"collection":[{"href":"https:\/\/roveyayinevi.com.tr\/index.php\/wp-json\/wp\/v2\/product"}],"about":[{"href":"https:\/\/roveyayinevi.com.tr\/index.php\/wp-json\/wp\/v2\/types\/product"}],"wp:attachment":[{"href":"https:\/\/roveyayinevi.com.tr\/index.php\/wp-json\/wp\/v2\/media?parent=781239"}],"wp:term":[{"taxonomy":"product_brand","embeddable":true,"href":"https:\/\/roveyayinevi.com.tr\/index.php\/wp-json\/wp\/v2\/product_brand?post=781239"},{"taxonomy":"product_cat","embeddable":true,"href":"https:\/\/roveyayinevi.com.tr\/index.php\/wp-json\/wp\/v2\/product_cat?post=781239"},{"taxonomy":"product_tag","embeddable":true,"href":"https:\/\/roveyayinevi.com.tr\/index.php\/wp-json\/wp\/v2\/product_tag?post=781239"}],"curies":[{"name":"wp","href":"https:\/\/api.w.org\/{rel}","templated":true}]}}