{"id":781223,"date":"2026-01-20T04:42:11","date_gmt":"2026-01-20T01:42:11","guid":{"rendered":"https:\/\/roveyayinevi.com.tr\/index.php\/urun\/farkliliklar-imparatorlugu-osmanlilar\/"},"modified":"2026-04-15T03:45:36","modified_gmt":"2026-04-15T00:45:36","slug":"farkliliklar-imparatorlugu-osmanlilar","status":"publish","type":"product","link":"https:\/\/roveyayinevi.com.tr\/index.php\/urun\/farkliliklar-imparatorlugu-osmanlilar\/","title":{"rendered":"Farkl\u0131l\u0131klar \u0130mparatorlu\u011fu Osmanl\u0131lar"},"content":{"rendered":"<p>OSMANLI\u2019NIN BA\u015eARISI FARKLILIKLARI Y\u00d6NETME BECER\u0130S\u0130NDEYD\u0130&#8230;   \u201c\u0130mparatorluklar\u0131n nas\u0131l kuruldu\u011funu, nas\u0131l serpilip geli\u015fti\u011fini, nas\u0131l kaybolup gitti\u011fini anlamak istiyorsan\u0131z Barkey\u2019nin Farkl\u0131l\u0131klar \u0130mparatorlu\u011fu Osmanl\u0131lar\u2019\u0131n\u0131 okuyun. Etkileyici bir manzara: Barkey\u2019nin, Osmanl\u0131\u2019n\u0131n alt\u0131 y\u00fcz y\u0131ll\u0131k tarihine inan\u0131lmaz derecede h\u00e2kim oldu\u011funu; kom\u015fu imparatorluklarla yapt\u0131\u011f\u0131 k\u0131yaslamalarla analizlerini ayd\u0131nlat\u0131rken ender rastlanan bir beceri g\u00f6sterdi\u011fini g\u00f6receksiniz.\u201d \u2014 James C. Scott   \u201cOsmanl\u0131 \u0130mparatorlu\u011fu din, dil ve k\u00fclt\u00fcr a\u00e7\u0131s\u0131ndan son derece \u00e7e\u015fitli bir n\u00fcfus \u00fczerinde me\u015fru y\u00f6netimin en ba\u015far\u0131l\u0131 ve en uzun \u00f6m\u00fcrl\u00fc \u00f6rneklerinden biriydi. Karen Barkey, bu ba\u015far\u0131n\u0131n Osmanl\u0131lar\u0131n kapsay\u0131c\u0131l\u0131\u011f\u0131 ve m\u00fcsamahay\u0131 s\u00fcrd\u00fcrebilme yetene\u011finden kaynakland\u0131\u011f\u0131n\u0131 ikna edici bi\u00e7imde savunuyor. Zengin bir literat\u00fcre dayanarak g\u00fc\u00e7l\u00fc bir arg\u00fcman ortaya koyuyor. Osmanl\u0131 \u00f6rne\u011fi, imparatorluklar hakk\u0131nda s\u00fcren tart\u0131\u015fmalarda hak etti\u011fi yeri art\u0131k alacakt\u0131r. Bu kitab\u0131n imparatorlukla ilgili ak\u0131ll\u0131ca tart\u0131\u015fmalar y\u00fcr\u00fctmek i\u00e7in mutlaka okunmas\u0131 gerekiyor.\u201d \u2014 \u00c7a\u011flar Keyder   * * *   Osmanl\u0131 \u0130mparatorlu\u011fu y\u00fczy\u0131llar boyunca nas\u0131l ayakta kald\u0131? Farkl\u0131 din, dil ve k\u00fclt\u00fcre sahip halklar\u0131 tek bir \u00e7at\u0131 alt\u0131nda nas\u0131l y\u00f6netti? Devlet, toplumsal \u00e7e\u015fitlili\u011fi ve muhalefeti idare ederken hangi esnek mekanizmalar\u0131 kulland\u0131? \u0130mparatorlu\u011fun uzun \u00f6m\u00fcrl\u00fcl\u00fc\u011f\u00fcn\u00fcn s\u0131rr\u0131 asker\u00ee g\u00fcc\u00fcnde mi yoksa kurdu\u011fu ili\u015fki a\u011flar\u0131nda m\u0131 sakl\u0131yd\u0131? Merkez ile ta\u015fra aras\u0131ndaki pazarl\u0131klar, \u201cm\u00fcsamaha\u201d politikalar\u0131 ve arac\u0131 kurumlar sistemin i\u015fleyi\u015fini nas\u0131l \u015fekillendirdi? \u0130mparatorluktan ulus-devlete ge\u00e7i\u015f s\u00fcrecinde bu esnek yap\u0131 nas\u0131l bir d\u00f6n\u00fc\u015f\u00fcm ge\u00e7irdi?   * * *   Karen Barkey, bu ufuk a\u00e7\u0131c\u0131 eserinde Osmanl\u0131 \u0130mparatorlu\u011fu\u2019nu Roma, Bizans, Habsburg ve Rus imparatorluklar\u0131yla kar\u015f\u0131la\u015ft\u0131rmal\u0131 bir perspektife oturtarak, imparatorlu\u011fun organizasyon yap\u0131s\u0131n\u0131 ve uzun \u00f6m\u00fcrl\u00fcl\u00fc\u011f\u00fcn\u00fc mercek alt\u0131na al\u0131yor. Osmanl\u0131lar\u0131n \u201cfarkl\u0131l\u0131klar\u0131\u201d y\u00f6netme becerisine, devlet ile toplum aras\u0131ndaki m\u00fczakereci ili\u015fkilere ve esnek idare tarz\u0131na odaklanarak, imparatorlu\u011fun y\u00fckseli\u015finden modernle\u015fme sanc\u0131lar\u0131na kadar uzanan s\u00fcreci sosyolojik bir derinlikle inceliyor. Barkey, Osmanl\u0131 tarihini sadece bir olaylar dizisinin \u00f6tesinde, s\u00fcrekli evrilen bir a\u011flar ve ili\u015fkiler b\u00fct\u00fcn\u00fc olarak ele al\u0131yor.   Farkl\u0131l\u0131klar \u0130mparatorlu\u011fu Osmanl\u0131lar sadece Osmanl\u0131 tarihine ilgi duyanlar i\u00e7in de\u011fil kar\u015f\u0131la\u015ft\u0131rmal\u0131 tarih, tarihsel sosyoloji ve devlet, iktidar, \u00e7e\u015fitlilik ve siyasal d\u00fczen \u00fczerine d\u00fc\u015f\u00fcnen okurlar i\u00e7in vazge\u00e7ilmez bir ba\u015fvuru kayna\u011f\u0131.<\/p>\n","protected":false},"excerpt":{"rendered":"<p>OSMANLI\u2019NIN BA\u015eARISI FARKLILIKLARI Y\u00d6NETME BECER\u0130S\u0130NDEYD\u0130&#8230; \u201c\u0130mparatorluklar\u0131n nas\u0131l kuruldu\u011funu, nas\u0131l serpilip geli\u015fti\u011fini, nas\u0131l kaybolup gitti\u011fini anlamak istiyorsan\u0131z Barkey\u2019nin Farkl\u0131l\u0131klar \u0130mparatorlu\u011fu Osmanl\u0131lar\u2019\u0131n\u0131 okuyun. Etkileyici bir manzara: Barkey\u2019nin, Osmanl\u0131\u2019n\u0131n<span class=\"excerpt-hellip\"> [\u2026]<\/span><\/p>\n","protected":false},"featured_media":0,"template":"","meta":{"_monsterinsights_skip_tracking":false,"_monsterinsights_sitenote_active":false,"_monsterinsights_sitenote_note":"","_monsterinsights_sitenote_category":0},"product_brand":[],"product_cat":[13517,12304],"product_tag":[],"class_list":{"0":"post-781223","1":"product","2":"type-product","3":"status-publish","5":"product_cat-osmanli-tarihi","6":"product_cat-tarih","7":"pa_cilt-ciltsiz","8":"pa_tur-kitap","9":"pa_yayinevi-kronik-kitap","10":"pa_yazar-karen-barkey","12":"first","13":"instock","14":"sale","15":"shipping-taxable","16":"purchasable","17":"product-type-simple"},"_links":{"self":[{"href":"https:\/\/roveyayinevi.com.tr\/index.php\/wp-json\/wp\/v2\/product\/781223","targetHints":{"allow":["GET"]}}],"collection":[{"href":"https:\/\/roveyayinevi.com.tr\/index.php\/wp-json\/wp\/v2\/product"}],"about":[{"href":"https:\/\/roveyayinevi.com.tr\/index.php\/wp-json\/wp\/v2\/types\/product"}],"wp:attachment":[{"href":"https:\/\/roveyayinevi.com.tr\/index.php\/wp-json\/wp\/v2\/media?parent=781223"}],"wp:term":[{"taxonomy":"product_brand","embeddable":true,"href":"https:\/\/roveyayinevi.com.tr\/index.php\/wp-json\/wp\/v2\/product_brand?post=781223"},{"taxonomy":"product_cat","embeddable":true,"href":"https:\/\/roveyayinevi.com.tr\/index.php\/wp-json\/wp\/v2\/product_cat?post=781223"},{"taxonomy":"product_tag","embeddable":true,"href":"https:\/\/roveyayinevi.com.tr\/index.php\/wp-json\/wp\/v2\/product_tag?post=781223"}],"curies":[{"name":"wp","href":"https:\/\/api.w.org\/{rel}","templated":true}]}}